107.13.46.68 - - [01/Jul/2026:18:31:08 -0400] "GET /wp-includes/css/dist/block-library/reset.min.css?ver=7.0 HTTP/1.1" 200 808 "-" "Mozilla/5.0 (Windows NT 10.0; Win64; x64) AppleWebKit/537.36 (KHTML, like Gecko) Chrome/149.0.0.0 Safari/537.36"
107.13.46.68 - - [01/Jul/2026:18:31:08 -0400] "GET /wp-admin/css/common.min.css?ver=7.0 HTTP/1.1" 200 13762 "-" "Mozilla/5.0 (Windows NT 10.0; Win64; x64) AppleWebKit/537.36 (KHTML, like Gecko) Chrome/149.0.0.0 Safari/537.36"
107.13.46.68 - - [01/Jul/2026:18:31:08 -0400] "GET /wp-admin/css/forms.min.css?ver=7.0 HTTP/1.1" 200 7143 "-" "Mozilla/5.0 (Windows NT 10.0; Win64; x64) AppleWebKit/537.36 (KHTML, like Gecko) Chrome/149.0.0.0 Safari/537.36"
107.13.46.68 - - [01/Jul/2026:18:31:08 -0400] "GET /wp-includes/css/dist/components/style.min.css?ver=7.0 HTTP/1.1" 200 14252 "-" "Mozilla/5.0 (Windows NT 10.0; Win64; x64) AppleWebKit/537.36 (KHTML, like Gecko) Chrome/149.0.0.0 Safari/537.36"
107.13.46.68 - - [01/Jul/2026:18:31:08 -0400] "GET /wp-includes/css/dist/block-library/style.min.css?ver=7.0 HTTP/1.1" 200 17735 "-" "Mozilla/5.0 (Windows NT 10.0; Win64; x64) AppleWebKit/537.36 (KHTML, like Gecko) Chrome/149.0.0.0 Safari/537.36"
107.13.46.68 - - [01/Jul/2026:18:31:08 -0400] "GET /wp-includes/css/dist/block-editor/content.min.css?ver=7.0 HTTP/1.1" 200 4445 "-" "Mozilla/5.0 (Windows NT 10.0; Win64; x64) AppleWebKit/537.36 (KHTML, like Gecko) Chrome/149.0.0.0 Safari/537.36"
107.13.46.68 - - [01/Jul/2026:18:31:08 -0400] "GET /wp-includes/css/dist/edit-post/classic.min.css?ver=7.0 HTTP/1.1" 200 762 "-" "Mozilla/5.0 (Windows NT 10.0; Win64; x64) AppleWebKit/537.36 (KHTML, like Gecko) Chrome/149.0.0.0 Safari/537.36"
107.13.46.68 - - [01/Jul/2026:18:31:08 -0400] "GET /wp-includes/css/dist/block-library/editor.min.css?ver=7.0 HTTP/1.1" 200 10573 "-" "Mozilla/5.0 (Windows NT 10.0; Win64; x64) AppleWebKit/537.36 (KHTML, like Gecko) Chrome/149.0.0.0 Safari/537.36"
107.13.46.68 - - [01/Jul/2026:18:31:08 -0400] "GET /wp-json/wp/v2/comments?context=edit&post=1&type=note&status=all&per_page=100&_locale=user HTTP/1.1" 200 699 "http://drivebackmachine.net/wp-admin/post.php?post=1&action=edit" "Mozilla/5.0 (Windows NT 10.0; Win64; x64) AppleWebKit/537.36 (KHTML, like Gecko) Chrome/149.0.0.0 Safari/537.36"
107.13.46.68 - - [01/Jul/2026:18:31:08 -0400] "GET /wp-includes/css/classic-themes.min.css?ver=7.0 HTTP/1.1" 200 545 "-" "Mozilla/5.0 (Windows NT 10.0; Win64; x64) AppleWebKit/537.36 (KHTML, like Gecko) Chrome/149.0.0.0 Safari/537.36"
107.13.46.68 - - [01/Jul/2026:18:31:08 -0400] "GET /wp-admin/load-scripts.php?c=0&load%5Bchunk_0%5D=wp-polyfill&ver=7.0 HTTP/1.1" 200 12295 "-" "Mozilla/5.0 (Windows NT 10.0; Win64; x64) AppleWebKit/537.36 (KHTML, like Gecko) Chrome/149.0.0.0 Safari/537.36"
107.13.46.68 - - [01/Jul/2026:18:31:08 -0400] "OPTIONS /wp-json/wp/v2/posts?_locale=user HTTP/1.1" 200 18480 "http://drivebackmachine.net/wp-admin/post.php?post=1&action=edit" "Mozilla/5.0 (Windows NT 10.0; Win64; x64) AppleWebKit/537.36 (KHTML, like Gecko) Chrome/149.0.0.0 Safari/537.36"
107.13.46.68 - - [01/Jul/2026:18:31:08 -0400] "GET /wp-json/wp/v2/taxonomies?context=edit&per_page=100&_locale=user HTTP/1.1" 200 8974 "http://drivebackmachine.net/wp-admin/post.php?post=1&action=edit" "Mozilla/5.0 (Windows NT 10.0; Win64; x64) AppleWebKit/537.36 (KHTML, like Gecko) Chrome/149.0.0.0 Safari/537.36"
107.13.46.68 - - [01/Jul/2026:18:31:08 -0400] "GET /wp-json/wp/v2/users/1?context=view&_fields=id%2Cname&_locale=user HTTP/1.1" 200 706 "http://drivebackmachine.net/wp-admin/post.php?post=1&action=edit" "Mozilla/5.0 (Windows NT 10.0; Win64; x64) AppleWebKit/537.36 (KHTML, like Gecko) Chrome/149.0.0.0 Safari/537.36"
107.13.46.68 - - [01/Jul/2026:18:31:08 -0400] "GET /wp-json/wp/v2/wp_pattern_category?context=view&per_page=100&_fields=id%2Cname%2Cdescription%2Cslug&_locale=user HTTP/1.1" 200 699 "http://drivebackmachine.net/wp-admin/post.php?post=1&action=edit" "Mozilla/5.0 (Windows NT 10.0; Win64; x64) AppleWebKit/537.36 (KHTML, like Gecko) Chrome/149.0.0.0 Safari/537.36"
107.13.46.68 - - [01/Jul/2026:18:31:09 -0400] "GET /wp-json/wp/v2/templates/lookup?slug=front-page&_locale=user HTTP/1.1" 200 658 "http://drivebackmachine.net/wp-admin/post.php?post=1&action=edit" "Mozilla/5.0 (Windows NT 10.0; Win64; x64) AppleWebKit/537.36 (KHTML, like Gecko) Chrome/149.0.0.0 Safari/537.36"
107.13.46.68 - - [01/Jul/2026:18:31:10 -0400] "POST /wp-json/wp/v2/users/me?_locale=user HTTP/1.1" 200 3353 "http://drivebackmachine.net/wp-admin/post.php?post=1&action=edit" "Mozilla/5.0 (Windows NT 10.0; Win64; x64) AppleWebKit/537.36 (KHTML, like Gecko) Chrome/149.0.0.0 Safari/537.36"
107.13.46.68 - - [01/Jul/2026:18:31:11 -0400] "GET /wp-includes/js/dist/script-modules/latex-to-mathml/index.min.js?ver=e5fd3ae6d2c3b6e669da HTTP/1.1" 200 56912 "http://drivebackmachine.net/wp-includes/js/dist/format-library.min.js?ver=f89be9586f2d9ce4545a" "Mozilla/5.0 (Windows NT 10.0; Win64; x64) AppleWebKit/537.36 (KHTML, like Gecko) Chrome/149.0.0.0 Safari/537.36"
107.13.46.68 - - [01/Jul/2026:18:31:11 -0400] "OPTIONS /wp-json/wp/v2/posts/?context=edit&_locale=user HTTP/1.1" 200 18480 "http://drivebackmachine.net/wp-admin/post.php?post=1&action=edit" "Mozilla/5.0 (Windows NT 10.0; Win64; x64) AppleWebKit/537.36 (KHTML, like Gecko) Chrome/149.0.0.0 Safari/537.36"
::1 - - [01/Jul/2026:18:31:16 -0400] "OPTIONS * HTTP/1.0" 200 126 "-" "Apache/2.4.58 (Ubuntu) OpenSSL/3.0.13 (internal dummy connection)"
107.13.46.68 - - [01/Jul/2026:18:31:18 -0400] "POST /wp-admin/admin-ajax.php HTTP/1.1" 200 704 "http://drivebackmachine.net/wp-admin/post.php?post=1&action=edit" "Mozilla/5.0 (Windows NT 10.0; Win64; x64) AppleWebKit/537.36 (KHTML, like Gecko) Chrome/149.0.0.0 Safari/537.36"
::1 - - [01/Jul/2026:18:31:22 -0400] "OPTIONS * HTTP/1.0" 200 126 "-" "Apache/2.4.58 (Ubuntu) OpenSSL/3.0.13 (internal dummy connection)"
::1 - - [01/Jul/2026:18:31:25 -0400] "OPTIONS * HTTP/1.0" 200 126 "-" "Apache/2.4.58 (Ubuntu) OpenSSL/3.0.13 (internal dummy connection)"
107.13.46.68 - - [01/Jul/2026:18:31:28 -0400] "POST /wp-admin/admin-ajax.php HTTP/1.1" 200 704 "http://drivebackmachine.net/wp-admin/post.php?post=1&action=edit" "Mozilla/5.0 (Windows NT 10.0; Win64; x64) AppleWebKit/537.36 (KHTML, like Gecko) Chrome/149.0.0.0 Safari/537.36"
107.13.46.68 - - [01/Jul/2026:18:31:38 -0400] "POST /wp-admin/admin-ajax.php HTTP/1.1" 200 704 "http://drivebackmachine.net/wp-admin/post.php?post=1&action=edit" "Mozilla/5.0 (Windows NT 10.0; Win64; x64) AppleWebKit/537.36 (KHTML, like Gecko) Chrome/149.0.0.0 Safari/537.36"
107.13.46.68 - - [01/Jul/2026:18:31:39 -0400] "GET /wp-json/wp/v2/blocks?context=edit&per_page=100&page=1&_locale=user HTTP/1.1" 200 699 "http://drivebackmachine.net/wp-admin/post.php?post=1&action=edit" "Mozilla/5.0 (Windows NT 10.0; Win64; x64) AppleWebKit/537.36 (KHTML, like Gecko) Chrome/149.0.0.0 Safari/537.36"
107.13.46.68 - - [01/Jul/2026:18:31:39 -0400] "GET /wp-json/wp/v2/block-patterns/patterns?_locale=user HTTP/1.1" 200 164724 "http://drivebackmachine.net/wp-admin/post.php?post=1&action=edit" "Mozilla/5.0 (Windows NT 10.0; Win64; x64) AppleWebKit/537.36 (KHTML, like Gecko) Chrome/149.0.0.0 Safari/537.36"
107.13.46.68 - - [01/Jul/2026:18:31:43 -0400] "POST /wp-json/wp/v2/media?_embed=wp%3Afeaturedmedia&_locale=user HTTP/1.1" 201 7512 "http://drivebackmachine.net/wp-admin/post.php?post=1&action=edit" "Mozilla/5.0 (Windows NT 10.0; Win64; x64) AppleWebKit/537.36 (KHTML, like Gecko) Chrome/149.0.0.0 Safari/537.36"
107.13.46.68 - - [01/Jul/2026:18:31:47 -0400] "GET /wp-json/wp/v2/media/15?context=view&_locale=user HTTP/1.1" 200 6739 "http://drivebackmachine.net/wp-admin/post.php?post=1&action=edit" "Mozilla/5.0 (Windows NT 10.0; Win64; x64) AppleWebKit/537.36 (KHTML, like Gecko) Chrome/149.0.0.0 Safari/537.36"
107.13.46.68 - - [01/Jul/2026:18:31:47 -0400] "GET /wp-content/uploads/2026/07/Gemini_Generated_Image_zadh6ezadh6ezadh-1024x1024.png HTTP/1.1" 200 1318030 "-" "Mozilla/5.0 (Windows NT 10.0; Win64; x64) AppleWebKit/537.36 (KHTML, like Gecko) Chrome/149.0.0.0 Safari/537.36"
37.120.205.5 - - [01/Jul/2026:18:31:48 -0400] "HEAD /wp-content/uploads/2026/07/Gemini_Generated_Image_zadh6ezadh6ezadh-1024x1024.png HTTP/1.1" 200 255 "-" "WordPress/7.0; http://drivebackmachine.net"
107.13.46.68 - - [01/Jul/2026:18:31:48 -0400] "POST /wp-admin/admin-ajax.php HTTP/1.1" 200 703 "http://drivebackmachine.net/wp-admin/post.php?post=1&action=edit" "Mozilla/5.0 (Windows NT 10.0; Win64; x64) AppleWebKit/537.36 (KHTML, like Gecko) Chrome/149.0.0.0 Safari/537.36"
107.13.46.68 - - [01/Jul/2026:18:31:47 -0400] "POST /wp-json/wp/v2/posts/1?_locale=user HTTP/1.1" 200 5376 "http://drivebackmachine.net/wp-admin/post.php?post=1&action=edit" "Mozilla/5.0 (Windows NT 10.0; Win64; x64) AppleWebKit/537.36 (KHTML, like Gecko) Chrome/149.0.0.0 Safari/537.36"
37.120.205.5 - - [01/Jul/2026:18:31:48 -0400] "POST /wp-cron.php?doing_wp_cron=1782945107.8379819393157958984375 HTTP/1.1" 200 259 "-" "WordPress/7.0; http://drivebackmachine.net"
107.13.46.68 - - [01/Jul/2026:18:31:51 -0400] "GET /wp-admin/customize.php?url=http%3A%2F%2Fdrivebackmachine.net%2F HTTP/1.1" 200 84529 "http://drivebackmachine.net/" "Mozilla/5.0 (Windows NT 10.0; Win64; x64) AppleWebKit/537.36 (KHTML, like Gecko) Chrome/149.0.0.0 Safari/537.36"
107.13.46.68 - - [01/Jul/2026:18:31:51 -0400] "GET /wp-includes/js/codemirror/codemirror.min.css?ver=5.65.20 HTTP/1.1" 200 4703 "http://drivebackmachine.net/wp-admin/customize.php?url=http%3A%2F%2Fdrivebackmachine.net%2F" "Mozilla/5.0 (Windows NT 10.0; Win64; x64) AppleWebKit/537.36 (KHTML, like Gecko) Chrome/149.0.0.0 Safari/537.36"
107.13.46.68 - - [01/Jul/2026:18:31:51 -0400] "GET /wp-admin/load-styles.php?c=0&dir=ltr&load%5Bchunk_0%5D=editor-buttons&ver=7.0 HTTP/1.1" 200 6388 "http://drivebackmachine.net/wp-admin/customize.php?url=http%3A%2F%2Fdrivebackmachine.net%2F" "Mozilla/5.0 (Windows NT 10.0; Win64; x64) AppleWebKit/537.36 (KHTML, like Gecko) Chrome/149.0.0.0 Safari/537.36"
107.13.46.68 - - [01/Jul/2026:18:31:51 -0400] "GET /wp-content/themes/90s-retro/includes/persist-admin-notices-dismissal/dismiss-notice.js?ver=7.0 HTTP/1.1" 200 761 "http://drivebackmachine.net/wp-admin/customize.php?url=http%3A%2F%2Fdrivebackmachine.net%2F" "Mozilla/5.0 (Windows NT 10.0; Win64; x64) AppleWebKit/537.36 (KHTML, like Gecko) Chrome/149.0.0.0 Safari/537.36"
107.13.46.68 - - [01/Jul/2026:18:31:51 -0400] "GET /wp-admin/load-styles.php?c=0&dir=ltr&load%5Bchunk_0%5D=dashicons,common,forms,admin-menu,dashboard,list-tables,edit,revisions,media,themes,about,nav-menus,wp-pointer,widgets,site-icon&load%5Bchunk_1%5D=,l10n,wp-base-styles,buttons,customize-controls,customize-widgets,wp-block-library,classic-theme-styles,wp-components,wp-command&load%5Bchunk_2%5D=s,wp-widgets,wp-preferences,wp-block-editor,wp-reusable-blocks,wp-patterns,wp-editor,wp-reset-editor-styles,wp-block-editor-cont&load%5Bchunk_3%5D=ent,wp-editor-classic-layout-styles,wp-edit-blocks,wp-customize-widgets,wp-block-directory,wp-format-library,customize-nav-menus&load%5Bchunk_4%5D=,media-views,wp-color-picker,code-editor&ver=7.0 HTTP/1.1" 200 206869 "http://drivebackmachine.net/wp-admin/customize.php?url=http%3A%2F%2Fdrivebackmachine.net%2F" "Mozilla/5.0 (Windows NT 10.0; Win64; x64) AppleWebKit/537.36 (KHTML, like Gecko) Chrome/149.0.0.0 Safari/537.36"
107.13.46.68 - - [01/Jul/2026:18:31:51 -0400] "GET /wp-includes/js/hoverIntent.min.js?ver=1.10.2 HTTP/1.1" 200 1048 "http://drivebackmachine.net/wp-admin/customize.php?url=http%3A%2F%2Fdrivebackmachine.net%2F" "Mozilla/5.0 (Windows NT 10.0; Win64; x64) AppleWebKit/537.36 (KHTML, like Gecko) Chrome/149.0.0.0 Safari/537.36"
107.13.46.68 - - [01/Jul/2026:18:31:51 -0400] "GET /wp-includes/js/dist/customize-widgets.min.js?ver=524dc7a4326b77064831 HTTP/1.1" 200 12613 "http://drivebackmachine.net/wp-admin/customize.php?url=http%3A%2F%2Fdrivebackmachine.net%2F" "Mozilla/5.0 (Windows NT 10.0; Win64; x64) AppleWebKit/537.36 (KHTML, like Gecko) Chrome/149.0.0.0 Safari/537.36"
107.13.46.68 - - [01/Jul/2026:18:31:52 -0400] "GET /wp-admin/js/accordion.min.js?ver=7.0 HTTP/1.1" 200 704 "http://drivebackmachine.net/wp-admin/customize.php?url=http%3A%2F%2Fdrivebackmachine.net%2F" "Mozilla/5.0 (Windows NT 10.0; Win64; x64) AppleWebKit/537.36 (KHTML, like Gecko) Chrome/149.0.0.0 Safari/537.36"
107.13.46.68 - - [01/Jul/2026:18:31:52 -0400] "GET /wp-admin/js/customize-nav-menus.min.js?ver=7.0 HTTP/1.1" 200 12404 "http://drivebackmachine.net/wp-admin/customize.php?url=http%3A%2F%2Fdrivebackmachine.net%2F" "Mozilla/5.0 (Windows NT 10.0; Win64; x64) AppleWebKit/537.36 (KHTML, like Gecko) Chrome/149.0.0.0 Safari/537.36"
107.13.46.68 - - [01/Jul/2026:18:31:52 -0400] "GET /wp-includes/js/jquery/ui/slider.min.js?ver=1.13.3 HTTP/1.1" 200 3482 "http://drivebackmachine.net/wp-admin/customize.php?url=http%3A%2F%2Fdrivebackmachine.net%2F" "Mozilla/5.0 (Windows NT 10.0; Win64; x64) AppleWebKit/537.36 (KHTML, like Gecko) Chrome/149.0.0.0 Safari/537.36"
107.13.46.68 - - [01/Jul/2026:18:31:52 -0400] "GET /wp-includes/js/jquery/jquery.ui.touch-punch.js?ver=0.2.2 HTTP/1.1" 200 927 "http://drivebackmachine.net/wp-admin/customize.php?url=http%3A%2F%2Fdrivebackmachine.net%2F" "Mozilla/5.0 (Windows NT 10.0; Win64; x64) AppleWebKit/537.36 (KHTML, like Gecko) Chrome/149.0.0.0 Safari/537.36"
107.13.46.68 - - [01/Jul/2026:18:31:52 -0400] "GET /wp-admin/js/iris.min.js?ver=1.1.1 HTTP/1.1" 200 8423 "http://drivebackmachine.net/wp-admin/customize.php?url=http%3A%2F%2Fdrivebackmachine.net%2F" "Mozilla/5.0 (Windows NT 10.0; Win64; x64) AppleWebKit/537.36 (KHTML, like Gecko) Chrome/149.0.0.0 Safari/537.36"
107.13.46.68 - - [01/Jul/2026:18:31:52 -0400] "GET /wp-admin/js/color-picker.min.js?ver=7.0 HTTP/1.1" 200 1548 "http://drivebackmachine.net/wp-admin/customize.php?url=http%3A%2F%2Fdrivebackmachine.net%2F" "Mozilla/5.0 (Windows NT 10.0; Win64; x64) AppleWebKit/537.36 (KHTML, like Gecko) Chrome/149.0.0.0 Safari/537.36"
107.13.46.68 - - [01/Jul/2026:18:31:52 -0400] "GET /wp-includes/js/customize-models.js?ver=7.0 HTTP/1.1" 200 2305 "http://drivebackmachine.net/wp-admin/customize.php?url=http%3A%2F%2Fdrivebackmachine.net%2F" "Mozilla/5.0 (Windows NT 10.0; Win64; x64) AppleWebKit/537.36 (KHTML, like Gecko) Chrome/149.0.0.0 Safari/537.36"
107.13.46.68 - - [01/Jul/2026:18:31:52 -0400] "GET /wp-includes/js/customize-views.js?ver=7.0 HTTP/1.1" 200 1835 "http://drivebackmachine.net/wp-admin/customize.php?url=http%3A%2F%2Fdrivebackmachine.net%2F" "Mozilla/5.0 (Windows NT 10.0; Win64; x64) AppleWebKit/537.36 (KHTML, like Gecko) Chrome/149.0.0.0 Safari/537.36"
107.13.46.68 - - [01/Jul/2026:18:31:52 -0400] "GET /wp-content/uploads/2026/07/Driveback-machine-7-1-2026-300x58.png HTTP/1.1" 304 249 "http://drivebackmachine.net/wp-admin/customize.php?url=http%3A%2F%2Fdrivebackmachine.net%2F" "Mozilla/5.0 (Windows NT 10.0; Win64; x64) AppleWebKit/537.36 (KHTML, like Gecko) Chrome/149.0.0.0 Safari/537.36"
107.13.46.68 - - [01/Jul/2026:18:31:52 -0400] "GET /wp-includes/images/media/document.svg HTTP/1.1" 200 606 "http://drivebackmachine.net/wp-admin/customize.php?url=http%3A%2F%2Fdrivebackmachine.net%2F" "Mozilla/5.0 (Windows NT 10.0; Win64; x64) AppleWebKit/537.36 (KHTML, like Gecko) Chrome/149.0.0.0 Safari/537.36"
107.13.46.68 - - [01/Jul/2026:18:31:52 -0400] "OPTIONS /wp-json/wp/v2/settings?_locale=user HTTP/1.1" 200 6058 "http://drivebackmachine.net/wp-admin/customize.php?url=http%3A%2F%2Fdrivebackmachine.net%2F" "Mozilla/5.0 (Windows NT 10.0; Win64; x64) AppleWebKit/537.36 (KHTML, like Gecko) Chrome/149.0.0.0 Safari/537.36"
107.13.46.68 - - [01/Jul/2026:18:31:52 -0400] "GET /wp-json/wp/v2/widget-types?context=edit&per_page=100&_locale=user HTTP/1.1" 200 7045 "http://drivebackmachine.net/wp-admin/customize.php?url=http%3A%2F%2Fdrivebackmachine.net%2F" "Mozilla/5.0 (Windows NT 10.0; Win64; x64) AppleWebKit/537.36 (KHTML, like Gecko) Chrome/149.0.0.0 Safari/537.36"
107.13.46.68 - - [01/Jul/2026:18:31:52 -0400] "GET /?customize_changeset_uuid=9602a0be-3aae-4c0d-a549-261a416b69df&customize_theme=90s-retro&customize_messenger_channel=preview-0 HTTP/1.1" 200 14923 "http://drivebackmachine.net/wp-admin/customize.php?url=http%3A%2F%2Fdrivebackmachine.net%2F" "Mozilla/5.0 (Windows NT 10.0; Win64; x64) AppleWebKit/537.36 (KHTML, like Gecko) Chrome/149.0.0.0 Safari/537.36"
107.13.46.68 - - [01/Jul/2026:18:31:52 -0400] "GET /wp-content/themes/90s-retro/css/style-mobile.css?ver=1.0 HTTP/1.1" 200 2178 "http://drivebackmachine.net/?customize_changeset_uuid=9602a0be-3aae-4c0d-a549-261a416b69df&customize_theme=90s-retro&customize_messenger_channel=preview-0" "Mozilla/5.0 (Windows NT 10.0; Win64; x64) AppleWebKit/537.36 (KHTML, like Gecko) Chrome/149.0.0.0 Safari/537.36"
107.13.46.68 - - [01/Jul/2026:18:31:52 -0400] "GET /wp-content/themes/90s-retro/css/font-awesome.css?ver=1.0 HTTP/1.1" 200 6760 "http://drivebackmachine.net/?customize_changeset_uuid=9602a0be-3aae-4c0d-a549-261a416b69df&customize_theme=90s-retro&customize_messenger_channel=preview-0" "Mozilla/5.0 (Windows NT 10.0; Win64; x64) AppleWebKit/537.36 (KHTML, like Gecko) Chrome/149.0.0.0 Safari/537.36"
107.13.46.68 - - [01/Jul/2026:18:31:52 -0400] "GET /wp-content/themes/90s-retro/style.css?ver=7.0 HTTP/1.1" 200 7639 "http://drivebackmachine.net/?customize_changeset_uuid=9602a0be-3aae-4c0d-a549-261a416b69df&customize_theme=90s-retro&customize_messenger_channel=preview-0" "Mozilla/5.0 (Windows NT 10.0; Win64; x64) AppleWebKit/537.36 (KHTML, like Gecko) Chrome/149.0.0.0 Safari/537.36"
107.13.46.68 - - [01/Jul/2026:18:31:52 -0400] "GET /wp-content/themes/90s-retro/js/customizer.js?ver=7.0 HTTP/1.1" 200 659 "http://drivebackmachine.net/?customize_changeset_uuid=9602a0be-3aae-4c0d-a549-261a416b69df&customize_theme=90s-retro&customize_messenger_channel=preview-0" "Mozilla/5.0 (Windows NT 10.0; Win64; x64) AppleWebKit/537.36 (KHTML, like Gecko) Chrome/149.0.0.0 Safari/537.36"
107.13.46.68 - - [01/Jul/2026:18:31:52 -0400] "GET /wp-content/themes/90s-retro/js/jquery.fitvids.js?ver=20130729 HTTP/1.1" 200 1529 "http://drivebackmachine.net/?customize_changeset_uuid=9602a0be-3aae-4c0d-a549-261a416b69df&customize_theme=90s-retro&customize_messenger_channel=preview-0" "Mozilla/5.0 (Windows NT 10.0; Win64; x64) AppleWebKit/537.36 (KHTML, like Gecko) Chrome/149.0.0.0 Safari/537.36"
107.13.46.68 - - [01/Jul/2026:18:31:52 -0400] "GET /wp-content/themes/90s-retro/js/hoverIntent.js?ver=20130729 HTTP/1.1" 200 1957 "http://drivebackmachine.net/?customize_changeset_uuid=9602a0be-3aae-4c0d-a549-261a416b69df&customize_theme=90s-retro&customize_messenger_channel=preview-0" "Mozilla/5.0 (Windows NT 10.0; Win64; x64) AppleWebKit/537.36 (KHTML, like Gecko) Chrome/149.0.0.0 Safari/537.36"
107.13.46.68 - - [01/Jul/2026:18:31:52 -0400] "GET /wp-content/uploads/2026/07/Gemini_Generated_Image_zadh6ezadh6ezadh-1024x1024.png HTTP/1.1" 304 252 "http://drivebackmachine.net/?customize_changeset_uuid=9602a0be-3aae-4c0d-a549-261a416b69df&customize_theme=90s-retro&customize_messenger_channel=preview-0" "Mozilla/5.0 (Windows NT 10.0; Win64; x64) AppleWebKit/537.36 (KHTML, like Gecko) Chrome/149.0.0.0 Safari/537.36"
107.13.46.68 - - [01/Jul/2026:18:31:52 -0400] "GET /wp-content/themes/90s-retro/js/superfish.js?ver=20130729 HTTP/1.1" 200 2719 "http://drivebackmachine.net/?customize_changeset_uuid=9602a0be-3aae-4c0d-a549-261a416b69df&customize_theme=90s-retro&customize_messenger_channel=preview-0" "Mozilla/5.0 (Windows NT 10.0; Win64; x64) AppleWebKit/537.36 (KHTML, like Gecko) Chrome/149.0.0.0 Safari/537.36"
107.13.46.68 - - [01/Jul/2026:18:31:52 -0400] "GET /wp-content/uploads/2026/07/Driveback-machine-7-1-2026.png HTTP/1.1" 304 251 "http://drivebackmachine.net/?customize_changeset_uuid=9602a0be-3aae-4c0d-a549-261a416b69df&customize_theme=90s-retro&customize_messenger_channel=preview-0" "Mozilla/5.0 (Windows NT 10.0; Win64; x64) AppleWebKit/537.36 (KHTML, like Gecko) Chrome/149.0.0.0 Safari/537.36"
107.13.46.68 - - [01/Jul/2026:18:31:52 -0400] "GET /wp-content/themes/90s-retro/js/jquery.custom.js?ver=20130729 HTTP/1.1" 200 1142 "http://drivebackmachine.net/?customize_changeset_uuid=9602a0be-3aae-4c0d-a549-261a416b69df&customize_theme=90s-retro&customize_messenger_channel=preview-0" "Mozilla/5.0 (Windows NT 10.0; Win64; x64) AppleWebKit/537.36 (KHTML, like Gecko) Chrome/149.0.0.0 Safari/537.36"
107.13.46.68 - - [01/Jul/2026:18:31:52 -0400] "GET /wp-content/themes/90s-retro/js/navigation.js?ver=20130729 HTTP/1.1" 200 857 "http://drivebackmachine.net/?customize_changeset_uuid=9602a0be-3aae-4c0d-a549-261a416b69df&customize_theme=90s-retro&customize_messenger_channel=preview-0" "Mozilla/5.0 (Windows NT 10.0; Win64; x64) AppleWebKit/537.36 (KHTML, like Gecko) Chrome/149.0.0.0 Safari/537.36"
107.13.46.68 - - [01/Jul/2026:18:31:52 -0400] "GET /wp-content/themes/90s-retro/fonts/fontawesome-webfont.woff2?v=4.4.0 HTTP/1.1" 304 249 "http://drivebackmachine.net/wp-content/themes/90s-retro/css/font-awesome.css?ver=1.0" "Mozilla/5.0 (Windows NT 10.0; Win64; x64) AppleWebKit/537.36 (KHTML, like Gecko) Chrome/149.0.0.0 Safari/537.36"
107.13.46.68 - - [01/Jul/2026:18:31:58 -0400] "POST /wp-admin/admin-ajax.php HTTP/1.1" 200 704 "http://drivebackmachine.net/wp-admin/post.php?post=1&action=edit" "Mozilla/5.0 (Windows NT 10.0; Win64; x64) AppleWebKit/537.36 (KHTML, like Gecko) Chrome/149.0.0.0 Safari/537.36"
::1 - - [01/Jul/2026:18:31:58 -0400] "OPTIONS * HTTP/1.0" 200 126 "-" "Apache/2.4.58 (Ubuntu) OpenSSL/3.0.13 (internal dummy connection)"
::1 - - [01/Jul/2026:18:32:01 -0400] "OPTIONS * HTTP/1.0" 200 126 "-" "Apache/2.4.58 (Ubuntu) OpenSSL/3.0.13 (internal dummy connection)"
107.13.46.68 - - [01/Jul/2026:18:32:08 -0400] "POST /wp-admin/admin-ajax.php HTTP/1.1" 200 704 "http://drivebackmachine.net/wp-admin/post.php?post=1&action=edit" "Mozilla/5.0 (Windows NT 10.0; Win64; x64) AppleWebKit/537.36 (KHTML, like Gecko) Chrome/149.0.0.0 Safari/537.36"
::1 - - [01/Jul/2026:18:32:16 -0400] "OPTIONS * HTTP/1.0" 200 126 "-" "Apache/2.4.58 (Ubuntu) OpenSSL/3.0.13 (internal dummy connection)"
107.13.46.68 - - [01/Jul/2026:18:32:18 -0400] "GET / HTTP/1.1" 200 8886 "-" "Mozilla/5.0 (Linux; Android 10; K) AppleWebKit/537.36 (KHTML, like Gecko) Chrome/150.0.0.0 Mobile Safari/537.36"
107.13.46.68 - - [01/Jul/2026:18:32:18 -0400] "GET /wp-content/themes/90s-retro/style.css?ver=7.0 HTTP/1.1" 200 7639 "http://drivebackmachine.net/" "Mozilla/5.0 (Linux; Android 10; K) AppleWebKit/537.36 (KHTML, like Gecko) Chrome/150.0.0.0 Mobile Safari/537.36"
107.13.46.68 - - [01/Jul/2026:18:32:18 -0400] "GET /wp-content/themes/90s-retro/css/style-mobile.css?ver=1.0 HTTP/1.1" 200 2179 "http://drivebackmachine.net/" "Mozilla/5.0 (Linux; Android 10; K) AppleWebKit/537.36 (KHTML, like Gecko) Chrome/150.0.0.0 Mobile Safari/537.36"
107.13.46.68 - - [01/Jul/2026:18:32:18 -0400] "GET /wp-content/themes/90s-retro/css/font-awesome.css?ver=1.0 HTTP/1.1" 200 6761 "http://drivebackmachine.net/" "Mozilla/5.0 (Linux; Android 10; K) AppleWebKit/537.36 (KHTML, like Gecko) Chrome/150.0.0.0 Mobile Safari/537.36"
107.13.46.68 - - [01/Jul/2026:18:32:18 -0400] "GET /wp-content/themes/90s-retro/js/jquery.fitvids.js?ver=20130729 HTTP/1.1" 200 1530 "http://drivebackmachine.net/" "Mozilla/5.0 (Linux; Android 10; K) AppleWebKit/537.36 (KHTML, like Gecko) Chrome/150.0.0.0 Mobile Safari/537.36"
107.13.46.68 - - [01/Jul/2026:18:32:18 -0400] "GET /wp-includes/js/jquery/jquery-migrate.min.js?ver=3.4.1 HTTP/1.1" 200 5217 "http://drivebackmachine.net/" "Mozilla/5.0 (Linux; Android 10; K) AppleWebKit/537.36 (KHTML, like Gecko) Chrome/150.0.0.0 Mobile Safari/537.36"
107.13.46.68 - - [01/Jul/2026:18:32:18 -0400] "GET /wp-content/themes/90s-retro/js/hoverIntent.js?ver=20130729 HTTP/1.1" 200 1957 "http://drivebackmachine.net/" "Mozilla/5.0 (Linux; Android 10; K) AppleWebKit/537.36 (KHTML, like Gecko) Chrome/150.0.0.0 Mobile Safari/537.36"
107.13.46.68 - - [01/Jul/2026:18:32:18 -0400] "GET /wp-includes/js/jquery/jquery.min.js?ver=3.7.1 HTTP/1.1" 200 30715 "http://drivebackmachine.net/" "Mozilla/5.0 (Linux; Android 10; K) AppleWebKit/537.36 (KHTML, like Gecko) Chrome/150.0.0.0 Mobile Safari/537.36"
107.13.46.68 - - [01/Jul/2026:18:32:18 -0400] "GET /wp-content/themes/90s-retro/js/superfish.js?ver=20130729 HTTP/1.1" 200 2718 "http://drivebackmachine.net/" "Mozilla/5.0 (Linux; Android 10; K) AppleWebKit/537.36 (KHTML, like Gecko) Chrome/150.0.0.0 Mobile Safari/537.36"
107.13.46.68 - - [01/Jul/2026:18:32:18 -0400] "GET /wp-content/themes/90s-retro/js/jquery.custom.js?ver=20130729 HTTP/1.1" 200 1142 "http://drivebackmachine.net/" "Mozilla/5.0 (Linux; Android 10; K) AppleWebKit/537.36 (KHTML, like Gecko) Chrome/150.0.0.0 Mobile Safari/537.36"
107.13.46.68 - - [01/Jul/2026:18:32:18 -0400] "GET /wp-content/uploads/2026/07/Driveback-machine-7-1-2026.png HTTP/1.1" 200 167426 "http://drivebackmachine.net/" "Mozilla/5.0 (Linux; Android 10; K) AppleWebKit/537.36 (KHTML, like Gecko) Chrome/150.0.0.0 Mobile Safari/537.36"
107.13.46.68 - - [01/Jul/2026:18:32:18 -0400] "GET /wp-content/themes/90s-retro/js/navigation.js?ver=20130729 HTTP/1.1" 200 857 "http://drivebackmachine.net/" "Mozilla/5.0 (Linux; Android 10; K) AppleWebKit/537.36 (KHTML, like Gecko) Chrome/150.0.0.0 Mobile Safari/537.36"
107.13.46.68 - - [01/Jul/2026:18:32:18 -0400] "GET /wp-content/uploads/2026/07/Gemini_Generated_Image_zadh6ezadh6ezadh-1536x1536.png HTTP/1.1" 200 2661227 "http://drivebackmachine.net/" "Mozilla/5.0 (Linux; Android 10; K) AppleWebKit/537.36 (KHTML, like Gecko) Chrome/150.0.0.0 Mobile Safari/537.36"
107.13.46.68 - - [01/Jul/2026:18:32:18 -0400] "GET /wp-content/themes/90s-retro/fonts/fontawesome-webfont.woff2?v=4.4.0 HTTP/1.1" 200 64752 "http://drivebackmachine.net/wp-content/themes/90s-retro/css/font-awesome.css?ver=1.0" "Mozilla/5.0 (Linux; Android 10; K) AppleWebKit/537.36 (KHTML, like Gecko) Chrome/150.0.0.0 Mobile Safari/537.36"
107.13.46.68 - - [01/Jul/2026:18:32:18 -0400] "GET /wp-includes/js/wp-emoji-release.min.js?ver=7.0 HTTP/1.1" 200 5719 "http://drivebackmachine.net/" "Mozilla/5.0 (Linux; Android 10; K) AppleWebKit/537.36 (KHTML, like Gecko) Chrome/150.0.0.0 Mobile Safari/537.36"
66.249.83.133 - - [01/Jul/2026:18:32:19 -0400] "GET / HTTP/1.1" 200 8886 "-" "Mozilla/5.0 (Linux; Android 10; K) AppleWebKit/537.36 (KHTML, like Gecko) Chrome/138.0.0.0 Mobile Safari/537.36 (compatible; Google-Read-Aloud; +https://support.google.com/webmasters/answer/1061943)"
66.249.83.133 - - [01/Jul/2026:18:32:19 -0400] "GET / HTTP/1.1" 200 8885 "-" "Mozilla/5.0 (Linux; Android 10; K) AppleWebKit/537.36 (KHTML, like Gecko) Chrome/138.0.0.0 Mobile Safari/537.36 (compatible; Google-Read-Aloud; +https://support.google.com/webmasters/answer/1061943)"
66.249.83.133 - - [01/Jul/2026:18:32:19 -0400] "GET /wp-includes/js/jquery/jquery-migrate.min.js?ver=3.4.1 HTTP/1.1" 200 5216 "http://drivebackmachine.net/" "Mozilla/5.0 (Linux; Android 10; K) AppleWebKit/537.36 (KHTML, like Gecko) Chrome/138.0.0.0 Mobile Safari/537.36 (compatible; Google-Read-Aloud; +https://support.google.com/webmasters/answer/1061943)"
66.249.83.131 - - [01/Jul/2026:18:32:19 -0400] "GET /wp-content/themes/90s-retro/js/jquery.custom.js?ver=20130729 HTTP/1.1" 200 1143 "http://drivebackmachine.net/" "Mozilla/5.0 (Linux; Android 10; K) AppleWebKit/537.36 (KHTML, like Gecko) Chrome/138.0.0.0 Mobile Safari/537.36 (compatible; Google-Read-Aloud; +https://support.google.com/webmasters/answer/1061943)"
66.249.83.133 - - [01/Jul/2026:18:32:19 -0400] "GET /wp-content/themes/90s-retro/style.css?ver=7.0 HTTP/1.1" 200 7639 "http://drivebackmachine.net/" "Mozilla/5.0 (Linux; Android 10; K) AppleWebKit/537.36 (KHTML, like Gecko) Chrome/138.0.0.0 Mobile Safari/537.36 (compatible; Google-Read-Aloud; +https://support.google.com/webmasters/answer/1061943)"
66.249.83.132 - - [01/Jul/2026:18:32:19 -0400] "GET /wp-content/themes/90s-retro/js/jquery.fitvids.js?ver=20130729 HTTP/1.1" 200 1530 "http://drivebackmachine.net/" "Mozilla/5.0 (Linux; Android 10; K) AppleWebKit/537.36 (KHTML, like Gecko) Chrome/138.0.0.0 Mobile Safari/537.36 (compatible; Google-Read-Aloud; +https://support.google.com/webmasters/answer/1061943)"
66.249.83.133 - - [01/Jul/2026:18:32:19 -0400] "GET / HTTP/1.1" 200 8886 "-" "Mozilla/5.0 (Linux; Android 10; K) AppleWebKit/537.36 (KHTML, like Gecko) Chrome/138.0.0.0 Mobile Safari/537.36 (compatible; Google-Read-Aloud; +https://support.google.com/webmasters/answer/1061943)"
66.249.83.133 - - [01/Jul/2026:18:32:19 -0400] "GET /wp-content/themes/90s-retro/css/style-mobile.css?ver=1.0 HTTP/1.1" 200 2179 "http://drivebackmachine.net/" "Mozilla/5.0 (Linux; Android 10; K) AppleWebKit/537.36 (KHTML, like Gecko) Chrome/138.0.0.0 Mobile Safari/537.36 (compatible; Google-Read-Aloud; +https://support.google.com/webmasters/answer/1061943)"
66.249.83.133 - - [01/Jul/2026:18:32:19 -0400] "GET /wp-includes/js/jquery/jquery.min.js?ver=3.7.1 HTTP/1.1" 200 30715 "http://drivebackmachine.net/" "Mozilla/5.0 (Linux; Android 10; K) AppleWebKit/537.36 (KHTML, like Gecko) Chrome/138.0.0.0 Mobile Safari/537.36 (compatible; Google-Read-Aloud; +https://support.google.com/webmasters/answer/1061943)"
66.249.83.132 - - [01/Jul/2026:18:32:19 -0400] "GET /wp-content/themes/90s-retro/css/style-mobile.css?ver=1.0 HTTP/1.1" 200 2178 "http://drivebackmachine.net/" "Mozilla/5.0 (Linux; Android 10; K) AppleWebKit/537.36 (KHTML, like Gecko) Chrome/138.0.0.0 Mobile Safari/537.36 (compatible; Google-Read-Aloud; +https://support.google.com/webmasters/answer/1061943)"
66.249.83.133 - - [01/Jul/2026:18:32:20 -0400] "GET /wp-content/themes/90s-retro/css/font-awesome.css?ver=1.0 HTTP/1.1" 200 6760 "http://drivebackmachine.net/" "Mozilla/5.0 (Linux; Android 10; K) AppleWebKit/537.36 (KHTML, like Gecko) Chrome/138.0.0.0 Mobile Safari/537.36 (compatible; Google-Read-Aloud; +https://support.google.com/webmasters/answer/1061943)"
66.249.83.133 - - [01/Jul/2026:18:32:20 -0400] "GET /wp-content/themes/90s-retro/fonts/fontawesome-webfont.woff2?v=4.4.0 HTTP/1.1" 200 64752 "http://drivebackmachine.net/wp-content/themes/90s-retro/css/font-awesome.css?ver=1.0" "Mozilla/5.0 (Linux; Android 10; K) AppleWebKit/537.36 (KHTML, like Gecko) Chrome/138.0.0.0 Mobile Safari/537.36 (compatible; Google-Read-Aloud; +https://support.google.com/webmasters/answer/1061943)"
66.249.83.131 - - [01/Jul/2026:18:32:20 -0400] "GET /wp-content/themes/90s-retro/js/navigation.js?ver=20130729 HTTP/1.1" 200 858 "http://drivebackmachine.net/" "Mozilla/5.0 (Linux; Android 10; K) AppleWebKit/537.36 (KHTML, like Gecko) Chrome/138.0.0.0 Mobile Safari/537.36 (compatible; Google-Read-Aloud; +https://support.google.com/webmasters/answer/1061943)"
66.249.83.131 - - [01/Jul/2026:18:32:20 -0400] "GET /wp-content/themes/90s-retro/js/hoverIntent.js?ver=20130729 HTTP/1.1" 200 1958 "http://drivebackmachine.net/" "Mozilla/5.0 (Linux; Android 10; K) AppleWebKit/537.36 (KHTML, like Gecko) Chrome/138.0.0.0 Mobile Safari/537.36 (compatible; Google-Read-Aloud; +https://support.google.com/webmasters/answer/1061943)"
66.249.83.131 - - [01/Jul/2026:18:32:20 -0400] "GET /wp-content/themes/90s-retro/js/superfish.js?ver=20130729 HTTP/1.1" 200 2719 "http://drivebackmachine.net/" "Mozilla/5.0 (Linux; Android 10; K) AppleWebKit/537.36 (KHTML, like Gecko) Chrome/138.0.0.0 Mobile Safari/537.36 (compatible; Google-Read-Aloud; +https://support.google.com/webmasters/answer/1061943)"
66.249.83.133 - - [01/Jul/2026:18:32:20 -0400] "GET /wp-content/themes/90s-retro/css/font-awesome.css?ver=1.0 HTTP/1.1" 200 6761 "http://drivebackmachine.net/" "Mozilla/5.0 (Linux; Android 10; K) AppleWebKit/537.36 (KHTML, like Gecko) Chrome/138.0.0.0 Mobile Safari/537.36 (compatible; Google-Read-Aloud; +https://support.google.com/webmasters/answer/1061943)"
::1 - - [01/Jul/2026:18:32:25 -0400] "OPTIONS * HTTP/1.0" 200 126 "-" "Apache/2.4.58 (Ubuntu) OpenSSL/3.0.13 (internal dummy connection)"
::1 - - [01/Jul/2026:18:32:26 -0400] "OPTIONS * HTTP/1.0" 200 126 "-" "Apache/2.4.58 (Ubuntu) OpenSSL/3.0.13 (internal dummy connection)"
::1 - - [01/Jul/2026:18:32:27 -0400] "OPTIONS * HTTP/1.0" 200 126 "-" "Apache/2.4.58 (Ubuntu) OpenSSL/3.0.13 (internal dummy connection)"
::1 - - [01/Jul/2026:18:32:28 -0400] "OPTIONS * HTTP/1.0" 200 126 "-" "Apache/2.4.58 (Ubuntu) OpenSSL/3.0.13 (internal dummy connection)"
::1 - - [01/Jul/2026:18:32:29 -0400] "OPTIONS * HTTP/1.0" 200 126 "-" "Apache/2.4.58 (Ubuntu) OpenSSL/3.0.13 (internal dummy connection)"
::1 - - [01/Jul/2026:18:32:30 -0400] "OPTIONS * HTTP/1.0" 200 126 "-" "Apache/2.4.58 (Ubuntu) OpenSSL/3.0.13 (internal dummy connection)"
::1 - - [01/Jul/2026:18:32:31 -0400] "OPTIONS * HTTP/1.0" 200 126 "-" "Apache/2.4.58 (Ubuntu) OpenSSL/3.0.13 (internal dummy connection)"
::1 - - [01/Jul/2026:18:32:32 -0400] "OPTIONS * HTTP/1.0" 200 126 "-" "Apache/2.4.58 (Ubuntu) OpenSSL/3.0.13 (internal dummy connection)"
::1 - - [01/Jul/2026:18:32:33 -0400] "OPTIONS * HTTP/1.0" 200 126 "-" "Apache/2.4.58 (Ubuntu) OpenSSL/3.0.13 (internal dummy connection)"
::1 - - [01/Jul/2026:18:32:34 -0400] "OPTIONS * HTTP/1.0" 200 126 "-" "Apache/2.4.58 (Ubuntu) OpenSSL/3.0.13 (internal dummy connection)"
107.13.46.68 - - [01/Jul/2026:18:32:34 -0400] "GET / HTTP/1.1" 200 8886 "-" "GoogleMessages/20.2 facebookexternalhit/1.1 Facebot Twitterbot/1.0"
107.13.46.68 - - [01/Jul/2026:18:32:34 -0400] "GET /favicon.ico HTTP/1.1" 302 386 "-" "GoogleMessages/20.2 facebookexternalhit/1.1 Facebot Twitterbot/1.0"
107.13.46.68 - - [01/Jul/2026:18:32:34 -0400] "GET /wp-includes/images/w-logo-blue-white-bg.png HTTP/1.1" 200 4405 "-" "GoogleMessages/20.2 facebookexternalhit/1.1 Facebot Twitterbot/1.0"
107.13.46.68 - - [01/Jul/2026:18:32:34 -0400] "GET /favicon.ico HTTP/1.1" 302 387 "-" "Dalvik/2.1.0 (Linux; U; Android 16; Pixel 10 Pro Build/CP1A.260505.005)"
107.13.46.68 - - [01/Jul/2026:18:32:34 -0400] "GET /wp-includes/images/w-logo-blue-white-bg.png HTTP/1.1" 200 4405 "-" "Dalvik/2.1.0 (Linux; U; Android 16; Pixel 10 Pro Build/CP1A.260505.005)"
::1 - - [01/Jul/2026:18:32:35 -0400] "OPTIONS * HTTP/1.0" 200 126 "-" "Apache/2.4.58 (Ubuntu) OpenSSL/3.0.13 (internal dummy connection)"
::1 - - [01/Jul/2026:18:32:42 -0400] "OPTIONS * HTTP/1.0" 200 126 "-" "Apache/2.4.58 (Ubuntu) OpenSSL/3.0.13 (internal dummy connection)"
::1 - - [01/Jul/2026:18:32:43 -0400] "OPTIONS * HTTP/1.0" 200 126 "-" "Apache/2.4.58 (Ubuntu) OpenSSL/3.0.13 (internal dummy connection)"
::1 - - [01/Jul/2026:18:32:44 -0400] "OPTIONS * HTTP/1.0" 200 126 "-" "Apache/2.4.58 (Ubuntu) OpenSSL/3.0.13 (internal dummy connection)"
108.46.214.9 - - [01/Jul/2026:18:32:47 -0400] "GET / HTTP/1.1" 200 8886 "-" "GoogleMessages/20.2 facebookexternalhit/1.1 Facebot Twitterbot/1.0"
108.46.214.9 - - [01/Jul/2026:18:32:47 -0400] "GET /favicon.ico HTTP/1.1" 302 386 "-" "GoogleMessages/20.2 facebookexternalhit/1.1 Facebot Twitterbot/1.0"
108.46.214.9 - - [01/Jul/2026:18:32:47 -0400] "GET /wp-includes/images/w-logo-blue-white-bg.png HTTP/1.1" 200 4405 "-" "GoogleMessages/20.2 facebookexternalhit/1.1 Facebot Twitterbot/1.0"
108.46.214.9 - - [01/Jul/2026:18:32:47 -0400] "GET /favicon.ico HTTP/1.1" 302 387 "-" "Dalvik/2.1.0 (Linux; U; Android 13; SM-N986U1 Build/TP1A.220624.014)"
108.46.214.9 - - [01/Jul/2026:18:32:47 -0400] "GET /wp-includes/images/w-logo-blue-white-bg.png HTTP/1.1" 200 4405 "-" "Dalvik/2.1.0 (Linux; U; Android 13; SM-N986U1 Build/TP1A.220624.014)"
108.46.214.9 - - [01/Jul/2026:18:32:49 -0400] "GET / HTTP/1.1" 200 8886 "-" "Mozilla/5.0 (Linux; Android 10; K) AppleWebKit/537.36 (KHTML, like Gecko) Chrome/149.0.0.0 Mobile Safari/537.36"
108.46.214.9 - - [01/Jul/2026:18:32:49 -0400] "GET /wp-content/themes/90s-retro/style.css?ver=7.0 HTTP/1.1" 200 7639 "http://drivebackmachine.net/" "Mozilla/5.0 (Linux; Android 10; K) AppleWebKit/537.36 (KHTML, like Gecko) Chrome/149.0.0.0 Mobile Safari/537.36"
108.46.214.9 - - [01/Jul/2026:18:32:49 -0400] "GET /wp-content/themes/90s-retro/css/style-mobile.css?ver=1.0 HTTP/1.1" 200 2179 "http://drivebackmachine.net/" "Mozilla/5.0 (Linux; Android 10; K) AppleWebKit/537.36 (KHTML, like Gecko) Chrome/149.0.0.0 Mobile Safari/537.36"
108.46.214.9 - - [01/Jul/2026:18:32:49 -0400] "GET /wp-content/themes/90s-retro/css/font-awesome.css?ver=1.0 HTTP/1.1" 200 6761 "http://drivebackmachine.net/" "Mozilla/5.0 (Linux; Android 10; K) AppleWebKit/537.36 (KHTML, like Gecko) Chrome/149.0.0.0 Mobile Safari/537.36"
108.46.214.9 - - [01/Jul/2026:18:32:49 -0400] "GET /wp-content/themes/90s-retro/js/jquery.fitvids.js?ver=20130729 HTTP/1.1" 200 1530 "http://drivebackmachine.net/" "Mozilla/5.0 (Linux; Android 10; K) AppleWebKit/537.36 (KHTML, like Gecko) Chrome/149.0.0.0 Mobile Safari/537.36"
108.46.214.9 - - [01/Jul/2026:18:32:49 -0400] "GET /wp-includes/js/jquery/jquery-migrate.min.js?ver=3.4.1 HTTP/1.1" 200 5217 "http://drivebackmachine.net/" "Mozilla/5.0 (Linux; Android 10; K) AppleWebKit/537.36 (KHTML, like Gecko) Chrome/149.0.0.0 Mobile Safari/537.36"
108.46.214.9 - - [01/Jul/2026:18:32:49 -0400] "GET /wp-includes/js/jquery/jquery.min.js?ver=3.7.1 HTTP/1.1" 200 30715 "http://drivebackmachine.net/" "Mozilla/5.0 (Linux; Android 10; K) AppleWebKit/537.36 (KHTML, like Gecko) Chrome/149.0.0.0 Mobile Safari/537.36"
108.46.214.9 - - [01/Jul/2026:18:32:49 -0400] "GET /wp-content/themes/90s-retro/js/hoverIntent.js?ver=20130729 HTTP/1.1" 200 1957 "http://drivebackmachine.net/" "Mozilla/5.0 (Linux; Android 10; K) AppleWebKit/537.36 (KHTML, like Gecko) Chrome/149.0.0.0 Mobile Safari/537.36"
108.46.214.9 - - [01/Jul/2026:18:32:49 -0400] "GET /wp-content/themes/90s-retro/js/superfish.js?ver=20130729 HTTP/1.1" 200 2718 "http://drivebackmachine.net/" "Mozilla/5.0 (Linux; Android 10; K) AppleWebKit/537.36 (KHTML, like Gecko) Chrome/149.0.0.0 Mobile Safari/537.36"
108.46.214.9 - - [01/Jul/2026:18:32:49 -0400] "GET /wp-content/themes/90s-retro/js/jquery.custom.js?ver=20130729 HTTP/1.1" 200 1142 "http://drivebackmachine.net/" "Mozilla/5.0 (Linux; Android 10; K) AppleWebKit/537.36 (KHTML, like Gecko) Chrome/149.0.0.0 Mobile Safari/537.36"
108.46.214.9 - - [01/Jul/2026:18:32:49 -0400] "GET /wp-content/uploads/2026/07/Driveback-machine-7-1-2026.png HTTP/1.1" 200 167426 "http://drivebackmachine.net/" "Mozilla/5.0 (Linux; Android 10; K) AppleWebKit/537.36 (KHTML, like Gecko) Chrome/149.0.0.0 Mobile Safari/537.36"
108.46.214.9 - - [01/Jul/2026:18:32:49 -0400] "GET /wp-content/themes/90s-retro/js/navigation.js?ver=20130729 HTTP/1.1" 200 857 "http://drivebackmachine.net/" "Mozilla/5.0 (Linux; Android 10; K) AppleWebKit/537.36 (KHTML, like Gecko) Chrome/149.0.0.0 Mobile Safari/537.36"
108.46.214.9 - - [01/Jul/2026:18:32:49 -0400] "GET /wp-content/themes/90s-retro/fonts/fontawesome-webfont.woff2?v=4.4.0 HTTP/1.1" 200 64752 "http://drivebackmachine.net/wp-content/themes/90s-retro/css/font-awesome.css?ver=1.0" "Mozilla/5.0 (Linux; Android 10; K) AppleWebKit/537.36 (KHTML, like Gecko) Chrome/149.0.0.0 Mobile Safari/537.36"
108.46.214.9 - - [01/Jul/2026:18:32:49 -0400] "GET /wp-includes/js/wp-emoji-release.min.js?ver=7.0 HTTP/1.1" 200 5719 "http://drivebackmachine.net/" "Mozilla/5.0 (Linux; Android 10; K) AppleWebKit/537.36 (KHTML, like Gecko) Chrome/149.0.0.0 Mobile Safari/537.36"
108.46.214.9 - - [01/Jul/2026:18:32:49 -0400] "GET /wp-content/uploads/2026/07/Gemini_Generated_Image_zadh6ezadh6ezadh-1200x1200.png HTTP/1.1" 200 1676890 "http://drivebackmachine.net/" "Mozilla/5.0 (Linux; Android 10; K) AppleWebKit/537.36 (KHTML, like Gecko) Chrome/149.0.0.0 Mobile Safari/537.36"
108.46.214.9 - - [01/Jul/2026:18:32:51 -0400] "GET /favicon.ico HTTP/1.1" 302 386 "http://drivebackmachine.net/" "Mozilla/5.0 (Linux; Android 10; K) AppleWebKit/537.36 (KHTML, like Gecko) Chrome/149.0.0.0 Mobile Safari/537.36"
108.46.214.9 - - [01/Jul/2026:18:32:51 -0400] "GET /wp-includes/images/w-logo-blue-white-bg.png HTTP/1.1" 200 4405 "http://drivebackmachine.net/" "Mozilla/5.0 (Linux; Android 10; K) AppleWebKit/537.36 (KHTML, like Gecko) Chrome/149.0.0.0 Mobile Safari/537.36"
107.13.46.68 - - [01/Jul/2026:18:32:52 -0400] "POST /wp-admin/admin-ajax.php HTTP/1.1" 200 653 "http://drivebackmachine.net/wp-admin/customize.php?url=http%3A%2F%2Fdrivebackmachine.net%2F" "Mozilla/5.0 (Windows NT 10.0; Win64; x64) AppleWebKit/537.36 (KHTML, like Gecko) Chrome/149.0.0.0 Safari/537.36"
::1 - - [01/Jul/2026:18:32:55 -0400] "OPTIONS * HTTP/1.0" 200 126 "-" "Apache/2.4.58 (Ubuntu) OpenSSL/3.0.13 (internal dummy connection)"
::1 - - [01/Jul/2026:18:32:56 -0400] "OPTIONS * HTTP/1.0" 200 126 "-" "Apache/2.4.58 (Ubuntu) OpenSSL/3.0.13 (internal dummy connection)"
::1 - - [01/Jul/2026:18:32:59 -0400] "OPTIONS * HTTP/1.0" 200 126 "-" "Apache/2.4.58 (Ubuntu) OpenSSL/3.0.13 (internal dummy connection)"
::1 - - [01/Jul/2026:18:33:02 -0400] "OPTIONS * HTTP/1.0" 200 126 "-" "Apache/2.4.58 (Ubuntu) OpenSSL/3.0.13 (internal dummy connection)"
::1 - - [01/Jul/2026:18:33:05 -0400] "OPTIONS * HTTP/1.0" 200 126 "-" "Apache/2.4.58 (Ubuntu) OpenSSL/3.0.13 (internal dummy connection)"
107.13.46.68 - - [01/Jul/2026:18:33:17 -0400] "GET / HTTP/1.1" 200 8886 "-" "Mozilla/5.0 (Linux; Android 10; K) AppleWebKit/537.36 (KHTML, like Gecko) Chrome/150.0.0.0 Mobile Safari/537.36"
107.13.46.68 - - [01/Jul/2026:18:33:18 -0400] "GET /wp-content/uploads/2026/07/Driveback-machine-7-1-2026.png HTTP/1.1" 304 250 "http://drivebackmachine.net/" "Mozilla/5.0 (Linux; Android 10; K) AppleWebKit/537.36 (KHTML, like Gecko) Chrome/150.0.0.0 Mobile Safari/537.36"
107.13.46.68 - - [01/Jul/2026:18:33:18 -0400] "GET /wp-content/uploads/2026/07/Gemini_Generated_Image_zadh6ezadh6ezadh-1536x1536.png HTTP/1.1" 304 252 "http://drivebackmachine.net/" "Mozilla/5.0 (Linux; Android 10; K) AppleWebKit/537.36 (KHTML, like Gecko) Chrome/150.0.0.0 Mobile Safari/537.36"
108.46.214.9 - - [01/Jul/2026:18:33:20 -0400] "GET /2026/07/ HTTP/1.1" 200 7052 "http://drivebackmachine.net/" "Mozilla/5.0 (Linux; Android 10; K) AppleWebKit/537.36 (KHTML, like Gecko) Chrome/149.0.0.0 Mobile Safari/537.36"
108.46.214.9 - - [01/Jul/2026:18:33:20 -0400] "GET /wp-content/uploads/2026/07/Driveback-machine-7-1-2026.png HTTP/1.1" 304 250 "http://drivebackmachine.net/2026/07/" "Mozilla/5.0 (Linux; Android 10; K) AppleWebKit/537.36 (KHTML, like Gecko) Chrome/149.0.0.0 Mobile Safari/537.36"
108.46.214.9 - - [01/Jul/2026:18:33:24 -0400] "GET /author/mario/ HTTP/1.1" 200 8364 "http://drivebackmachine.net/2026/07/" "Mozilla/5.0 (Linux; Android 10; K) AppleWebKit/537.36 (KHTML, like Gecko) Chrome/149.0.0.0 Mobile Safari/537.36"
107.13.46.68 - - [01/Jul/2026:18:33:52 -0400] "POST /wp-admin/admin-ajax.php HTTP/1.1" 200 653 "http://drivebackmachine.net/wp-admin/customize.php?url=http%3A%2F%2Fdrivebackmachine.net%2F" "Mozilla/5.0 (Windows NT 10.0; Win64; x64) AppleWebKit/537.36 (KHTML, like Gecko) Chrome/149.0.0.0 Safari/537.36"
204.76.203.219 - - [01/Jul/2026:18:34:07 -0400] "GET /SDK/webLanguage HTTP/1.1" 301 366 "-" "Mozilla/5.0"
107.13.46.68 - - [01/Jul/2026:18:34:08 -0400] "POST /wp-admin/admin-ajax.php HTTP/1.1" 200 704 "http://drivebackmachine.net/wp-admin/post.php?post=1&action=edit" "Mozilla/5.0 (Windows NT 10.0; Win64; x64) AppleWebKit/537.36 (KHTML, like Gecko) Chrome/149.0.0.0 Safari/537.36"
107.13.46.68 - - [01/Jul/2026:18:34:52 -0400] "POST /wp-admin/admin-ajax.php HTTP/1.1" 200 653 "http://drivebackmachine.net/wp-admin/customize.php?url=http%3A%2F%2Fdrivebackmachine.net%2F" "Mozilla/5.0 (Windows NT 10.0; Win64; x64) AppleWebKit/537.36 (KHTML, like Gecko) Chrome/149.0.0.0 Safari/537.36"
107.13.46.68 - - [01/Jul/2026:18:35:52 -0400] "POST /wp-admin/admin-ajax.php HTTP/1.1" 200 653 "http://drivebackmachine.net/wp-admin/customize.php?url=http%3A%2F%2Fdrivebackmachine.net%2F" "Mozilla/5.0 (Windows NT 10.0; Win64; x64) AppleWebKit/537.36 (KHTML, like Gecko) Chrome/149.0.0.0 Safari/537.36"
107.13.46.68 - - [01/Jul/2026:18:36:09 -0400] "POST /wp-admin/admin-ajax.php HTTP/1.1" 200 704 "http://drivebackmachine.net/wp-admin/post.php?post=1&action=edit" "Mozilla/5.0 (Windows NT 10.0; Win64; x64) AppleWebKit/537.36 (KHTML, like Gecko) Chrome/149.0.0.0 Safari/537.36"
107.13.46.68 - - [01/Jul/2026:18:36:29 -0400] "GET / HTTP/1.1" 200 8886 "http://drivebackmachine.net/" "Mozilla/5.0 (Linux; Android 10; K) AppleWebKit/537.36 (KHTML, like Gecko) Chrome/150.0.0.0 Mobile Safari/537.36"
107.13.46.68 - - [01/Jul/2026:18:36:29 -0400] "GET /wp-content/themes/90s-retro/style.css?ver=7.0 HTTP/1.1" 200 7639 "http://drivebackmachine.net/" "Mozilla/5.0 (Linux; Android 10; K) AppleWebKit/537.36 (KHTML, like Gecko) Chrome/150.0.0.0 Mobile Safari/537.36"
107.13.46.68 - - [01/Jul/2026:18:36:29 -0400] "GET /wp-content/themes/90s-retro/css/style-mobile.css?ver=1.0 HTTP/1.1" 200 2179 "http://drivebackmachine.net/" "Mozilla/5.0 (Linux; Android 10; K) AppleWebKit/537.36 (KHTML, like Gecko) Chrome/150.0.0.0 Mobile Safari/537.36"
107.13.46.68 - - [01/Jul/2026:18:36:29 -0400] "GET /wp-content/themes/90s-retro/css/font-awesome.css?ver=1.0 HTTP/1.1" 200 6761 "http://drivebackmachine.net/" "Mozilla/5.0 (Linux; Android 10; K) AppleWebKit/537.36 (KHTML, like Gecko) Chrome/150.0.0.0 Mobile Safari/537.36"
107.13.46.68 - - [01/Jul/2026:18:36:29 -0400] "GET /wp-content/themes/90s-retro/js/jquery.fitvids.js?ver=20130729 HTTP/1.1" 200 1529 "http://drivebackmachine.net/" "Mozilla/5.0 (Linux; Android 10; K) AppleWebKit/537.36 (KHTML, like Gecko) Chrome/150.0.0.0 Mobile Safari/537.36"
107.13.46.68 - - [01/Jul/2026:18:36:29 -0400] "GET /wp-content/themes/90s-retro/js/hoverIntent.js?ver=20130729 HTTP/1.1" 200 1957 "http://drivebackmachine.net/" "Mozilla/5.0 (Linux; Android 10; K) AppleWebKit/537.36 (KHTML, like Gecko) Chrome/150.0.0.0 Mobile Safari/537.36"
107.13.46.68 - - [01/Jul/2026:18:36:29 -0400] "GET /wp-content/themes/90s-retro/js/superfish.js?ver=20130729 HTTP/1.1" 200 2718 "http://drivebackmachine.net/" "Mozilla/5.0 (Linux; Android 10; K) AppleWebKit/537.36 (KHTML, like Gecko) Chrome/150.0.0.0 Mobile Safari/537.36"
107.13.46.68 - - [01/Jul/2026:18:36:30 -0400] "GET /wp-content/uploads/2026/07/Gemini_Generated_Image_zadh6ezadh6ezadh-1536x1536.png HTTP/1.1" 304 252 "http://drivebackmachine.net/" "Mozilla/5.0 (Linux; Android 10; K) AppleWebKit/537.36 (KHTML, like Gecko) Chrome/150.0.0.0 Mobile Safari/537.36"
107.13.46.68 - - [01/Jul/2026:18:36:30 -0400] "GET /wp-content/uploads/2026/07/Driveback-machine-7-1-2026.png HTTP/1.1" 304 250 "http://drivebackmachine.net/" "Mozilla/5.0 (Linux; Android 10; K) AppleWebKit/537.36 (KHTML, like Gecko) Chrome/150.0.0.0 Mobile Safari/537.36"
107.13.46.68 - - [01/Jul/2026:18:36:30 -0400] "GET /wp-content/themes/90s-retro/js/jquery.custom.js?ver=20130729 HTTP/1.1" 200 1142 "http://drivebackmachine.net/" "Mozilla/5.0 (Linux; Android 10; K) AppleWebKit/537.36 (KHTML, like Gecko) Chrome/150.0.0.0 Mobile Safari/537.36"
107.13.46.68 - - [01/Jul/2026:18:36:30 -0400] "GET /wp-content/themes/90s-retro/js/navigation.js?ver=20130729 HTTP/1.1" 200 857 "http://drivebackmachine.net/" "Mozilla/5.0 (Linux; Android 10; K) AppleWebKit/537.36 (KHTML, like Gecko) Chrome/150.0.0.0 Mobile Safari/537.36"
107.13.46.68 - - [01/Jul/2026:18:36:30 -0400] "GET /wp-content/themes/90s-retro/fonts/fontawesome-webfont.woff2?v=4.4.0 HTTP/1.1" 304 249 "http://drivebackmachine.net/wp-content/themes/90s-retro/css/font-awesome.css?ver=1.0" "Mozilla/5.0 (Linux; Android 10; K) AppleWebKit/537.36 (KHTML, like Gecko) Chrome/150.0.0.0 Mobile Safari/537.36"
::1 - - [01/Jul/2026:18:36:37 -0400] "OPTIONS * HTTP/1.0" 200 126 "-" "Apache/2.4.58 (Ubuntu) OpenSSL/3.0.13 (internal dummy connection)"
107.13.46.68 - - [01/Jul/2026:18:36:52 -0400] "POST /wp-admin/admin-ajax.php HTTP/1.1" 200 653 "http://drivebackmachine.net/wp-admin/customize.php?url=http%3A%2F%2Fdrivebackmachine.net%2F" "Mozilla/5.0 (Windows NT 10.0; Win64; x64) AppleWebKit/537.36 (KHTML, like Gecko) Chrome/149.0.0.0 Safari/537.36"
::1 - - [01/Jul/2026:18:37:02 -0400] "OPTIONS * HTTP/1.0" 200 126 "-" "Apache/2.4.58 (Ubuntu) OpenSSL/3.0.13 (internal dummy connection)"
107.13.46.68 - - [01/Jul/2026:18:37:28 -0400] "-" 408 0 "-" "-"
107.13.46.68 - - [01/Jul/2026:18:37:28 -0400] "-" 408 0 "-" "-"
107.13.46.68 - - [01/Jul/2026:18:37:52 -0400] "POST /wp-admin/admin-ajax.php HTTP/1.1" 200 653 "http://drivebackmachine.net/wp-admin/customize.php?url=http%3A%2F%2Fdrivebackmachine.net%2F" "Mozilla/5.0 (Windows NT 10.0; Win64; x64) AppleWebKit/537.36 (KHTML, like Gecko) Chrome/149.0.0.0 Safari/537.36"
107.13.46.68 - - [01/Jul/2026:18:38:09 -0400] "POST /wp-admin/admin-ajax.php HTTP/1.1" 200 704 "http://drivebackmachine.net/wp-admin/post.php?post=1&action=edit" "Mozilla/5.0 (Windows NT 10.0; Win64; x64) AppleWebKit/537.36 (KHTML, like Gecko) Chrome/149.0.0.0 Safari/537.36"
::1 - - [01/Jul/2026:18:38:19 -0400] "OPTIONS * HTTP/1.0" 200 126 "-" "Apache/2.4.58 (Ubuntu) OpenSSL/3.0.13 (internal dummy connection)"
107.13.46.68 - - [01/Jul/2026:18:38:52 -0400] "POST /wp-admin/admin-ajax.php HTTP/1.1" 200 653 "http://drivebackmachine.net/wp-admin/customize.php?url=http%3A%2F%2Fdrivebackmachine.net%2F" "Mozilla/5.0 (Windows NT 10.0; Win64; x64) AppleWebKit/537.36 (KHTML, like Gecko) Chrome/149.0.0.0 Safari/537.36"
107.13.46.68 - - [01/Jul/2026:18:39:52 -0400] "POST /wp-admin/admin-ajax.php HTTP/1.1" 200 653 "http://drivebackmachine.net/wp-admin/customize.php?url=http%3A%2F%2Fdrivebackmachine.net%2F" "Mozilla/5.0 (Windows NT 10.0; Win64; x64) AppleWebKit/537.36 (KHTML, like Gecko) Chrome/149.0.0.0 Safari/537.36"
107.13.46.68 - - [01/Jul/2026:18:40:10 -0400] "POST /wp-admin/admin-ajax.php HTTP/1.1" 200 704 "http://drivebackmachine.net/wp-admin/post.php?post=1&action=edit" "Mozilla/5.0 (Windows NT 10.0; Win64; x64) AppleWebKit/537.36 (KHTML, like Gecko) Chrome/149.0.0.0 Safari/537.36"
107.13.46.68 - - [01/Jul/2026:18:40:52 -0400] "POST /wp-admin/admin-ajax.php HTTP/1.1" 200 653 "http://drivebackmachine.net/wp-admin/customize.php?url=http%3A%2F%2Fdrivebackmachine.net%2F" "Mozilla/5.0 (Windows NT 10.0; Win64; x64) AppleWebKit/537.36 (KHTML, like Gecko) Chrome/149.0.0.0 Safari/537.36"
