::1 - - [02/Jul/2026:04:42:52 -0400] "OPTIONS * HTTP/1.0" 200 126 "-" "Apache/2.4.58 (Ubuntu) OpenSSL/3.0.13 (internal dummy connection)"
43.160.225.169 - - [02/Jul/2026:04:46:45 -0400] "GET / HTTP/1.1" 301 247 "-" "Mozilla/5.0 (iPhone; CPU iPhone OS 13_2_3 like Mac OS X) AppleWebKit/605.1.15 (KHTML, like Gecko) Version/13.0.3 Mobile/15E148 Safari/604.1"
43.160.225.169 - - [02/Jul/2026:04:46:46 -0400] "GET / HTTP/1.1" 200 8398 "http://m.drivebackmachine.net" "Mozilla/5.0 (iPhone; CPU iPhone OS 13_2_3 like Mac OS X) AppleWebKit/605.1.15 (KHTML, like Gecko) Version/13.0.3 Mobile/15E148 Safari/604.1"
::1 - - [02/Jul/2026:04:47:31 -0400] "OPTIONS * HTTP/1.0" 200 126 "-" "Apache/2.4.58 (Ubuntu) OpenSSL/3.0.13 (internal dummy connection)"
43.166.244.251 - - [02/Jul/2026:04:51:04 -0400] "GET /wp-content/plugins/ymc-smart-filter/ymc2/src/api/abstracts/?C=N;O=D HTTP/1.1" 200 727 "-" "Mozilla/5.0 (iPhone; CPU iPhone OS 13_2_3 like Mac OS X) AppleWebKit/605.1.15 (KHTML, like Gecko) Version/13.0.3 Mobile/15E148 Safari/604.1"
::1 - - [02/Jul/2026:04:57:07 -0400] "OPTIONS * HTTP/1.0" 200 126 "-" "Apache/2.4.58 (Ubuntu) OpenSSL/3.0.13 (internal dummy connection)"
::1 - - [02/Jul/2026:04:57:18 -0400] "OPTIONS * HTTP/1.0" 200 126 "-" "Apache/2.4.58 (Ubuntu) OpenSSL/3.0.13 (internal dummy connection)"
::1 - - [02/Jul/2026:04:59:17 -0400] "OPTIONS * HTTP/1.0" 200 126 "-" "Apache/2.4.58 (Ubuntu) OpenSSL/3.0.13 (internal dummy connection)"
43.153.71.12 - - [02/Jul/2026:05:00:19 -0400] "GET /wp-content/plugins/ymc-smart-filter/ymc2/src/api/abstracts/?C=D;O=A HTTP/1.1" 200 729 "-" "Mozilla/5.0 (iPhone; CPU iPhone OS 13_2_3 like Mac OS X) AppleWebKit/605.1.15 (KHTML, like Gecko) Version/13.0.3 Mobile/15E148 Safari/604.1"
::1 - - [02/Jul/2026:05:00:44 -0400] "OPTIONS * HTTP/1.0" 200 126 "-" "Apache/2.4.58 (Ubuntu) OpenSSL/3.0.13 (internal dummy connection)"
37.120.205.5 - - [02/Jul/2026:05:07:12 -0400] "POST /wp-cron.php?doing_wp_cron=1782983232.1117169857025146484375 HTTP/1.1" 200 259 "-" "WordPress/7.0; http://drivebackmachine.net"
43.165.167.72 - - [02/Jul/2026:05:07:12 -0400] "GET / HTTP/1.1" 301 247 "-" "Mozilla/5.0 (iPhone; CPU iPhone OS 13_2_3 like Mac OS X) AppleWebKit/605.1.15 (KHTML, like Gecko) Version/13.0.3 Mobile/15E148 Safari/604.1"
43.165.167.72 - - [02/Jul/2026:05:07:13 -0400] "GET / HTTP/1.1" 200 8398 "http://107.13.46.68" "Mozilla/5.0 (iPhone; CPU iPhone OS 13_2_3 like Mac OS X) AppleWebKit/605.1.15 (KHTML, like Gecko) Version/13.0.3 Mobile/15E148 Safari/604.1"
43.153.10.13 - - [02/Jul/2026:05:08:34 -0400] "GET / HTTP/1.1" 301 247 "-" "Mozilla/5.0 (iPhone; CPU iPhone OS 13_2_3 like Mac OS X) AppleWebKit/605.1.15 (KHTML, like Gecko) Version/13.0.3 Mobile/15E148 Safari/604.1"
43.153.10.13 - - [02/Jul/2026:05:08:35 -0400] "GET / HTTP/1.1" 200 8398 "http://www.vcatroverclub.com" "Mozilla/5.0 (iPhone; CPU iPhone OS 13_2_3 like Mac OS X) AppleWebKit/605.1.15 (KHTML, like Gecko) Version/13.0.3 Mobile/15E148 Safari/604.1"
43.153.85.46 - - [02/Jul/2026:05:10:53 -0400] "GET /wp-content/plugins/ymc-smart-filter/ymc2/src/api/abstracts/?C=M;O=A HTTP/1.1" 200 729 "-" "Mozilla/5.0 (iPhone; CPU iPhone OS 13_2_3 like Mac OS X) AppleWebKit/605.1.15 (KHTML, like Gecko) Version/13.0.3 Mobile/15E148 Safari/604.1"
204.76.203.206 - - [02/Jul/2026:05:14:02 -0400] "GET /SDK/webLanguage HTTP/1.1" 301 366 "-" "Mozilla/5.0"
198.235.24.88 - - [02/Jul/2026:05:18:20 -0400] "GET / HTTP/1.1" 200 8381 "-" "Hello from Palo Alto Networks, find out more about our scans in https://docs-cortex.paloaltonetworks.com/r/1/Cortex-Xpanse/Scanning-activity"
45.198.224.5 - - [02/Jul/2026:05:19:24 -0400] "GET /login HTTP/1.1" 301 356 "-" "Go-http-client/1.1"
45.198.224.5 - - [02/Jul/2026:05:19:24 -0400] "GET /login HTTP/1.1" 302 431 "http://107.13.46.68:80/login" "Go-http-client/1.1"
45.198.224.5 - - [02/Jul/2026:05:19:24 -0400] "GET /wp-login.php HTTP/1.1" 200 2423 "http://107.13.46.68/login" "Go-http-client/1.1"
104.23.221.178 - - [02/Jul/2026:05:19:29 -0400] "GET /wp-admin/install.php?step=1 HTTP/1.1" 200 901 "-" "http://vcatroverclub.com/wp-admin/install.php?step=1"
104.23.223.2 - - [02/Jul/2026:05:20:13 -0400] "GET /wp-admin/install.php?step=1 HTTP/1.1" 200 901 "-" "http://vcatroverclub.com/wp-admin/install.php?step=1"
170.106.84.136 - - [02/Jul/2026:05:21:16 -0400] "GET /wp-content/plugins/ymc-smart-filter/ymc2/src/api/abstracts/?C=S;O=A HTTP/1.1" 200 729 "-" "Mozilla/5.0 (iPhone; CPU iPhone OS 13_2_3 like Mac OS X) AppleWebKit/605.1.15 (KHTML, like Gecko) Version/13.0.3 Mobile/15E148 Safari/604.1"
194.85.235.99 - - [02/Jul/2026:05:28:15 -0400] "POST /cgi-bin/.%2e/.%2e/.%2e/.%2e/.%2e/.%2e/.%2e/.%2e/.%2e/.%2e/bin/sh HTTP/1.1" 400 486 "-" "libredtail-http"
194.85.235.99 - - [02/Jul/2026:05:28:16 -0400] "POST /cgi-bin/%%32%65%%32%65/%%32%65%%32%65/%%32%65%%32%65/%%32%65%%32%65/%%32%65%%32%65/%%32%65%%32%65/%%32%65%%32%65/bin/sh HTTP/1.1" 400 486 "-" "libredtail-http"
194.85.235.99 - - [02/Jul/2026:05:28:16 -0400] "POST /hello.world?%ADd+allow_url_include%3d1+%ADd+auto_prepend_file%3dphp://input HTTP/1.1" 404 23511 "-" "libredtail-http"
194.85.235.99 - - [02/Jul/2026:05:28:17 -0400] "POST /?%ADd+allow_url_include%3d1+%ADd+auto_prepend_file%3dphp://input HTTP/1.1" 200 33983 "-" "libredtail-http"
194.85.235.99 - - [02/Jul/2026:05:28:17 -0400] "GET /vendor/phpunit/phpunit/src/Util/PHP/eval-stdin.php HTTP/1.1" 301 437 "-" "libredtail-http"
194.85.235.99 - - [02/Jul/2026:05:28:18 -0400] "GET /vendor/phpunit/phpunit/src/Util/PHP/eval-stdin.php HTTP/1.1" 301 438 "-" "libredtail-http"
194.85.235.99 - - [02/Jul/2026:05:28:18 -0400] "GET /vendor/phpunit/phpunit/Util/PHP/eval-stdin.php HTTP/1.1" 301 433 "-" "libredtail-http"
194.85.235.99 - - [02/Jul/2026:05:28:18 -0400] "GET /vendor/phpunit/src/Util/PHP/eval-stdin.php HTTP/1.1" 301 429 "-" "libredtail-http"
194.85.235.99 - - [02/Jul/2026:05:28:19 -0400] "GET /vendor/phpunit/Util/PHP/eval-stdin.php HTTP/1.1" 301 425 "-" "libredtail-http"
194.85.235.99 - - [02/Jul/2026:05:28:19 -0400] "GET /vendor/phpunit/phpunit/LICENSE/eval-stdin.php HTTP/1.1" 301 432 "-" "libredtail-http"
194.85.235.99 - - [02/Jul/2026:05:28:19 -0400] "GET /vendor/vendor/phpunit/phpunit/src/Util/PHP/eval-stdin.php HTTP/1.1" 301 444 "-" "libredtail-http"
194.85.235.99 - - [02/Jul/2026:05:28:20 -0400] "GET /phpunit/phpunit/src/Util/PHP/eval-stdin.php HTTP/1.1" 301 430 "-" "libredtail-http"
194.85.235.99 - - [02/Jul/2026:05:28:20 -0400] "GET /phpunit/phpunit/Util/PHP/eval-stdin.php HTTP/1.1" 301 426 "-" "libredtail-http"
194.85.235.99 - - [02/Jul/2026:05:28:20 -0400] "GET /phpunit/src/Util/PHP/eval-stdin.php HTTP/1.1" 301 422 "-" "libredtail-http"
194.85.235.99 - - [02/Jul/2026:05:28:21 -0400] "GET /phpunit/Util/PHP/eval-stdin.php HTTP/1.1" 301 418 "-" "libredtail-http"
194.85.235.99 - - [02/Jul/2026:05:28:21 -0400] "GET /lib/phpunit/phpunit/src/Util/PHP/eval-stdin.php HTTP/1.1" 301 434 "-" "libredtail-http"
194.85.235.99 - - [02/Jul/2026:05:28:21 -0400] "GET /lib/phpunit/phpunit/Util/PHP/eval-stdin.php HTTP/1.1" 301 430 "-" "libredtail-http"
194.85.235.99 - - [02/Jul/2026:05:28:22 -0400] "GET /lib/phpunit/src/Util/PHP/eval-stdin.php HTTP/1.1" 301 426 "-" "libredtail-http"
194.85.235.99 - - [02/Jul/2026:05:28:22 -0400] "GET /lib/phpunit/Util/PHP/eval-stdin.php HTTP/1.1" 301 422 "-" "libredtail-http"
194.85.235.99 - - [02/Jul/2026:05:28:22 -0400] "GET /lib/vendor/phpunit/phpunit/src/Util/PHP/eval-stdin.php HTTP/1.1" 301 441 "-" "libredtail-http"
194.85.235.99 - - [02/Jul/2026:05:28:23 -0400] "GET /laravel/vendor/phpunit/phpunit/src/Util/PHP/eval-stdin.php HTTP/1.1" 301 445 "-" "libredtail-http"
194.85.235.99 - - [02/Jul/2026:05:28:23 -0400] "GET /www/vendor/phpunit/phpunit/src/Util/PHP/eval-stdin.php HTTP/1.1" 301 441 "-" "libredtail-http"
194.85.235.99 - - [02/Jul/2026:05:28:23 -0400] "GET /ws/vendor/phpunit/phpunit/src/Util/PHP/eval-stdin.php HTTP/1.1" 301 440 "-" "libredtail-http"
194.85.235.99 - - [02/Jul/2026:05:28:24 -0400] "GET /yii/vendor/phpunit/phpunit/src/Util/PHP/eval-stdin.php HTTP/1.1" 301 441 "-" "libredtail-http"
194.85.235.99 - - [02/Jul/2026:05:28:24 -0400] "GET /zend/vendor/phpunit/phpunit/src/Util/PHP/eval-stdin.php HTTP/1.1" 301 442 "-" "libredtail-http"
194.85.235.99 - - [02/Jul/2026:05:28:24 -0400] "GET /ws/ec/vendor/phpunit/phpunit/src/Util/PHP/eval-stdin.php HTTP/1.1" 301 443 "-" "libredtail-http"
194.85.235.99 - - [02/Jul/2026:05:28:25 -0400] "GET /V2/vendor/phpunit/phpunit/src/Util/PHP/eval-stdin.php HTTP/1.1" 301 440 "-" "libredtail-http"
194.85.235.99 - - [02/Jul/2026:05:28:25 -0400] "GET /tests/vendor/phpunit/phpunit/src/Util/PHP/eval-stdin.php HTTP/1.1" 301 443 "-" "libredtail-http"
194.85.235.99 - - [02/Jul/2026:05:28:25 -0400] "GET /test/vendor/phpunit/phpunit/src/Util/PHP/eval-stdin.php HTTP/1.1" 301 442 "-" "libredtail-http"
194.85.235.99 - - [02/Jul/2026:05:28:25 -0400] "GET /testing/vendor/phpunit/phpunit/src/Util/PHP/eval-stdin.php HTTP/1.1" 301 445 "-" "libredtail-http"
194.85.235.99 - - [02/Jul/2026:05:28:26 -0400] "GET /api/vendor/phpunit/phpunit/src/Util/PHP/eval-stdin.php HTTP/1.1" 301 441 "-" "libredtail-http"
194.85.235.99 - - [02/Jul/2026:05:28:26 -0400] "GET /demo/vendor/phpunit/phpunit/src/Util/PHP/eval-stdin.php HTTP/1.1" 301 442 "-" "libredtail-http"
194.85.235.99 - - [02/Jul/2026:05:28:26 -0400] "GET /cms/vendor/phpunit/phpunit/src/Util/PHP/eval-stdin.php HTTP/1.1" 301 441 "-" "libredtail-http"
194.85.235.99 - - [02/Jul/2026:05:28:27 -0400] "GET /crm/vendor/phpunit/phpunit/src/Util/PHP/eval-stdin.php HTTP/1.1" 301 441 "-" "libredtail-http"
194.85.235.99 - - [02/Jul/2026:05:28:27 -0400] "GET /admin/vendor/phpunit/phpunit/src/Util/PHP/eval-stdin.php HTTP/1.1" 301 443 "-" "libredtail-http"
194.85.235.99 - - [02/Jul/2026:05:28:27 -0400] "GET /backup/vendor/phpunit/phpunit/src/Util/PHP/eval-stdin.php HTTP/1.1" 301 444 "-" "libredtail-http"
194.85.235.99 - - [02/Jul/2026:05:28:28 -0400] "GET /blog/vendor/phpunit/phpunit/src/Util/PHP/eval-stdin.php HTTP/1.1" 301 442 "-" "libredtail-http"
194.85.235.99 - - [02/Jul/2026:05:28:28 -0400] "GET /workspace/drupal/vendor/phpunit/phpunit/src/Util/PHP/eval-stdin.php HTTP/1.1" 301 454 "-" "libredtail-http"
194.85.235.99 - - [02/Jul/2026:05:28:28 -0400] "GET /panel/vendor/phpunit/phpunit/src/Util/PHP/eval-stdin.php HTTP/1.1" 301 443 "-" "libredtail-http"
194.85.235.99 - - [02/Jul/2026:05:28:29 -0400] "GET /public/vendor/phpunit/phpunit/src/Util/PHP/eval-stdin.php HTTP/1.1" 301 444 "-" "libredtail-http"
194.85.235.99 - - [02/Jul/2026:05:28:29 -0400] "GET /apps/vendor/phpunit/phpunit/src/Util/PHP/eval-stdin.php HTTP/1.1" 301 442 "-" "libredtail-http"
194.85.235.99 - - [02/Jul/2026:05:28:29 -0400] "GET /app/vendor/phpunit/phpunit/src/Util/PHP/eval-stdin.php HTTP/1.1" 301 441 "-" "libredtail-http"
194.85.235.99 - - [02/Jul/2026:05:28:30 -0400] "GET /index.php?s=/index/\\think\\app/invokefunction&function=call_user_func_array&vars[0]=md5&vars[1][]=Hello HTTP/1.1" 200 26636 "-" "libredtail-http"
194.85.235.99 - - [02/Jul/2026:05:28:30 -0400] "GET /public/index.php?s=/index/\\think\\app/invokefunction&function=call_user_func_array&vars[0]=md5&vars[1][]=Hello HTTP/1.1" 301 485 "-" "libredtail-http"
194.85.235.99 - - [02/Jul/2026:05:28:31 -0400] "GET /index.php?lang=../../../../../../../../usr/local/lib/php/pearcmd&+config-create+/&/<?echo(md5(\"hi\"));?>+/tmp/index1.php HTTP/1.1" 200 33983 "-" "libredtail-http"
194.85.235.99 - - [02/Jul/2026:05:28:31 -0400] "GET /index.php?lang=../../../../../../../../tmp/index1 HTTP/1.1" 200 33983 "-" "libredtail-http"
194.85.235.99 - - [02/Jul/2026:05:28:31 -0400] "GET /containers/json HTTP/1.1" 301 402 "-" "libredtail-http"
43.153.49.151 - - [02/Jul/2026:05:29:32 -0400] "GET /wp-content/plugins/ymc-smart-filter/ymc2/src/api/controllers/ HTTP/1.1" 200 716 "-" "Mozilla/5.0 (iPhone; CPU iPhone OS 13_2_3 like Mac OS X) AppleWebKit/605.1.15 (KHTML, like Gecko) Version/13.0.3 Mobile/15E148 Safari/604.1"
49.51.243.156 - - [02/Jul/2026:05:38:25 -0400] "GET /wp-content/plugins/ymc-smart-filter/ymc2/assets/css/ HTTP/1.1" 200 1000 "-" "Mozilla/5.0 (iPhone; CPU iPhone OS 13_2_3 like Mac OS X) AppleWebKit/605.1.15 (KHTML, like Gecko) Version/13.0.3 Mobile/15E148 Safari/604.1"
23.178.112.103 - - [02/Jul/2026:05:43:21 -0400] "GET /.well-known/acme-challenge/7gTZ6-6tLhGXi7qrCAtMVYig18ZuABXaaU5DTUjj9qs HTTP/1.1" 404 23474 "-" "Mozilla/5.0 (compatible; Let's Encrypt validation server; +https://www.letsencrypt.org)"
::1 - - [02/Jul/2026:05:45:10 -0400] "OPTIONS * HTTP/1.0" 200 126 "-" "Apache/2.4.58 (Ubuntu) OpenSSL/3.0.13 (internal dummy connection)"
::1 - - [02/Jul/2026:05:45:11 -0400] "OPTIONS * HTTP/1.0" 200 126 "-" "Apache/2.4.58 (Ubuntu) OpenSSL/3.0.13 (internal dummy connection)"
::1 - - [02/Jul/2026:05:45:14 -0400] "OPTIONS * HTTP/1.0" 200 126 "-" "Apache/2.4.58 (Ubuntu) OpenSSL/3.0.13 (internal dummy connection)"
::1 - - [02/Jul/2026:05:45:17 -0400] "OPTIONS * HTTP/1.0" 200 126 "-" "Apache/2.4.58 (Ubuntu) OpenSSL/3.0.13 (internal dummy connection)"
::1 - - [02/Jul/2026:05:45:18 -0400] "OPTIONS * HTTP/1.0" 200 126 "-" "Apache/2.4.58 (Ubuntu) OpenSSL/3.0.13 (internal dummy connection)"
::1 - - [02/Jul/2026:05:45:19 -0400] "OPTIONS * HTTP/1.0" 200 126 "-" "Apache/2.4.58 (Ubuntu) OpenSSL/3.0.13 (internal dummy connection)"
::1 - - [02/Jul/2026:05:45:20 -0400] "OPTIONS * HTTP/1.0" 200 126 "-" "Apache/2.4.58 (Ubuntu) OpenSSL/3.0.13 (internal dummy connection)"
::1 - - [02/Jul/2026:05:45:21 -0400] "OPTIONS * HTTP/1.0" 200 126 "-" "Apache/2.4.58 (Ubuntu) OpenSSL/3.0.13 (internal dummy connection)"
::1 - - [02/Jul/2026:05:45:22 -0400] "OPTIONS * HTTP/1.0" 200 126 "-" "Apache/2.4.58 (Ubuntu) OpenSSL/3.0.13 (internal dummy connection)"
::1 - - [02/Jul/2026:05:45:23 -0400] "OPTIONS * HTTP/1.0" 200 126 "-" "Apache/2.4.58 (Ubuntu) OpenSSL/3.0.13 (internal dummy connection)"
::1 - - [02/Jul/2026:05:45:24 -0400] "OPTIONS * HTTP/1.0" 200 126 "-" "Apache/2.4.58 (Ubuntu) OpenSSL/3.0.13 (internal dummy connection)"
::1 - - [02/Jul/2026:05:45:25 -0400] "OPTIONS * HTTP/1.0" 200 126 "-" "Apache/2.4.58 (Ubuntu) OpenSSL/3.0.13 (internal dummy connection)"
::1 - - [02/Jul/2026:05:45:26 -0400] "OPTIONS * HTTP/1.0" 200 126 "-" "Apache/2.4.58 (Ubuntu) OpenSSL/3.0.13 (internal dummy connection)"
::1 - - [02/Jul/2026:05:45:39 -0400] "OPTIONS * HTTP/1.0" 200 126 "-" "Apache/2.4.58 (Ubuntu) OpenSSL/3.0.13 (internal dummy connection)"
::1 - - [02/Jul/2026:05:45:41 -0400] "OPTIONS * HTTP/1.0" 200 126 "-" "Apache/2.4.58 (Ubuntu) OpenSSL/3.0.13 (internal dummy connection)"
::1 - - [02/Jul/2026:05:45:42 -0400] "OPTIONS * HTTP/1.0" 200 126 "-" "Apache/2.4.58 (Ubuntu) OpenSSL/3.0.13 (internal dummy connection)"
::1 - - [02/Jul/2026:05:45:50 -0400] "OPTIONS * HTTP/1.0" 200 126 "-" "Apache/2.4.58 (Ubuntu) OpenSSL/3.0.13 (internal dummy connection)"
::1 - - [02/Jul/2026:05:45:57 -0400] "OPTIONS * HTTP/1.0" 200 126 "-" "Apache/2.4.58 (Ubuntu) OpenSSL/3.0.13 (internal dummy connection)"
::1 - - [02/Jul/2026:05:45:58 -0400] "OPTIONS * HTTP/1.0" 200 126 "-" "Apache/2.4.58 (Ubuntu) OpenSSL/3.0.13 (internal dummy connection)"
::1 - - [02/Jul/2026:05:45:59 -0400] "OPTIONS * HTTP/1.0" 200 126 "-" "Apache/2.4.58 (Ubuntu) OpenSSL/3.0.13 (internal dummy connection)"
::1 - - [02/Jul/2026:05:46:01 -0400] "OPTIONS * HTTP/1.0" 200 126 "-" "Apache/2.4.58 (Ubuntu) OpenSSL/3.0.13 (internal dummy connection)"
::1 - - [02/Jul/2026:05:46:08 -0400] "OPTIONS * HTTP/1.0" 200 126 "-" "Apache/2.4.58 (Ubuntu) OpenSSL/3.0.13 (internal dummy connection)"
::1 - - [02/Jul/2026:05:50:45 -0400] "OPTIONS * HTTP/1.0" 200 126 "-" "Apache/2.4.58 (Ubuntu) OpenSSL/3.0.13 (internal dummy connection)"
::1 - - [02/Jul/2026:05:50:56 -0400] "OPTIONS * HTTP/1.0" 200 126 "-" "Apache/2.4.58 (Ubuntu) OpenSSL/3.0.13 (internal dummy connection)"
::1 - - [02/Jul/2026:05:51:02 -0400] "OPTIONS * HTTP/1.0" 200 126 "-" "Apache/2.4.58 (Ubuntu) OpenSSL/3.0.13 (internal dummy connection)"
::1 - - [02/Jul/2026:05:51:12 -0400] "OPTIONS * HTTP/1.0" 200 126 "-" "Apache/2.4.58 (Ubuntu) OpenSSL/3.0.13 (internal dummy connection)"
::1 - - [02/Jul/2026:05:51:25 -0400] "OPTIONS * HTTP/1.0" 200 126 "-" "Apache/2.4.58 (Ubuntu) OpenSSL/3.0.13 (internal dummy connection)"
::1 - - [02/Jul/2026:05:53:14 -0400] "OPTIONS * HTTP/1.0" 200 126 "-" "Apache/2.4.58 (Ubuntu) OpenSSL/3.0.13 (internal dummy connection)"
37.120.205.5 - - [02/Jul/2026:06:00:50 -0400] "POST /wp-cron.php?doing_wp_cron=1782986450.4013760089874267578125 HTTP/1.1" 200 259 "-" "WordPress/7.0; http://drivebackmachine.net"
31.59.160.12 - - [02/Jul/2026:06:00:50 -0400] "GET /SDK/webLanguage HTTP/1.1" 301 366 "-" "Mozilla/5.0"
43.134.62.67 - - [02/Jul/2026:06:01:10 -0400] "GET / HTTP/1.1" 200 8398 "-" "Mozilla/5.0 (iPhone; CPU iPhone OS 13_2_3 like Mac OS X) AppleWebKit/605.1.15 (KHTML, like Gecko) Version/13.0.3 Mobile/15E148 Safari/604.1"
167.71.202.106 - - [02/Jul/2026:06:02:26 -0400] "GET / HTTP/1.1" 200 33928 "-" "-"
::1 - - [02/Jul/2026:06:02:42 -0400] "OPTIONS * HTTP/1.0" 200 126 "-" "Apache/2.4.58 (Ubuntu) OpenSSL/3.0.13 (internal dummy connection)"
::1 - - [02/Jul/2026:06:04:45 -0400] "OPTIONS * HTTP/1.0" 200 126 "-" "Apache/2.4.58 (Ubuntu) OpenSSL/3.0.13 (internal dummy connection)"
::1 - - [02/Jul/2026:06:11:36 -0400] "OPTIONS * HTTP/1.0" 200 126 "-" "Apache/2.4.58 (Ubuntu) OpenSSL/3.0.13 (internal dummy connection)"
::1 - - [02/Jul/2026:06:16:49 -0400] "OPTIONS * HTTP/1.0" 200 126 "-" "Apache/2.4.58 (Ubuntu) OpenSSL/3.0.13 (internal dummy connection)"
141.148.219.117 - - [02/Jul/2026:06:19:26 -0400] "GET /wp-login.php HTTP/1.1" 200 2460 "-" "Mozilla/5.0 (Windows NT 10.0; Win64; x64) AppleWebKit/605.1.15 (KHTML, like Gecko) Version/14.1.1 Safari/605.1.15"
141.148.219.117 - - [02/Jul/2026:06:19:26 -0400] "POST /wp-login.php HTTP/1.1" 200 2629 "http://nextcloud.mariotermine.me/wp-login.php" "Mozilla/5.0 (Macintosh; Intel Mac OS X 10_15_7) AppleWebKit/537.36 (KHTML, like Gecko) Chrome/91.0.4472.124 Safari/537.36"
141.148.219.117 - - [02/Jul/2026:06:19:27 -0400] "GET /wp-admin/index.php HTTP/1.1" 302 478 "http://nextcloud.mariotermine.me/wp-login.php" "Mozilla/5.0 (X11; Linux x86_64) AppleWebKit/537.36 (KHTML, like Gecko) Chrome/90.0.4430.212 Safari/537.36"
141.148.219.117 - - [02/Jul/2026:06:19:28 -0400] "GET /wp-login.php?redirect_to=http%3A%2F%2Fnextcloud.mariotermine.me%2Fwp-admin%2Findex.php&reauth=1 HTTP/1.1" 200 4541 "http://nextcloud.mariotermine.me/wp-login.php" "Mozilla/5.0 (X11; Linux x86_64) AppleWebKit/537.36 (KHTML, like Gecko) Chrome/90.0.4430.212 Safari/537.36"
141.148.219.117 - - [02/Jul/2026:06:19:28 -0400] "GET /wp-admin/index.php HTTP/1.1" 302 478 "http://nextcloud.mariotermine.me/wp-login.php" "Mozilla/5.0 (X11; Linux x86_64) AppleWebKit/537.36 (KHTML, like Gecko) Chrome/90.0.4430.212 Safari/537.36"
141.148.219.117 - - [02/Jul/2026:06:19:29 -0400] "GET /wp-login.php?redirect_to=http%3A%2F%2Fnextcloud.mariotermine.me%2Fwp-admin%2Findex.php&reauth=1 HTTP/1.1" 200 4540 "http://nextcloud.mariotermine.me/wp-login.php" "Mozilla/5.0 (X11; Linux x86_64) AppleWebKit/537.36 (KHTML, like Gecko) Chrome/90.0.4430.212 Safari/537.36"
141.148.219.117 - - [02/Jul/2026:06:19:29 -0400] "POST /wp-login.php HTTP/1.1" 200 2631 "http://nextcloud.mariotermine.me/wp-login.php" "Mozilla/5.0 (Macintosh; Intel Mac OS X 10_15_7) AppleWebKit/605.1.15 (KHTML, like Gecko) Version/14.0.3 Safari/605.1.15"
141.148.219.117 - - [02/Jul/2026:06:19:30 -0400] "GET /wp-admin/index.php HTTP/1.1" 302 478 "http://nextcloud.mariotermine.me/wp-login.php" "Mozilla/5.0 (Windows NT 6.1; Win64; x64; rv:90.0) Gecko/20100101 Firefox/90.0.1"
141.148.219.117 - - [02/Jul/2026:06:19:30 -0400] "GET /wp-login.php?redirect_to=http%3A%2F%2Fnextcloud.mariotermine.me%2Fwp-admin%2Findex.php&reauth=1 HTTP/1.1" 200 4540 "http://nextcloud.mariotermine.me/wp-login.php" "Mozilla/5.0 (Windows NT 6.1; Win64; x64; rv:90.0) Gecko/20100101 Firefox/90.0.1"
141.148.219.117 - - [02/Jul/2026:06:19:31 -0400] "GET /wp-admin/index.php HTTP/1.1" 302 478 "http://nextcloud.mariotermine.me/wp-login.php" "Mozilla/5.0 (Windows NT 6.1; Win64; x64; rv:90.0) Gecko/20100101 Firefox/90.0.1"
141.148.219.117 - - [02/Jul/2026:06:19:31 -0400] "GET /wp-login.php?redirect_to=http%3A%2F%2Fnextcloud.mariotermine.me%2Fwp-admin%2Findex.php&reauth=1 HTTP/1.1" 200 4540 "http://nextcloud.mariotermine.me/wp-login.php" "Mozilla/5.0 (Windows NT 6.1; Win64; x64; rv:90.0) Gecko/20100101 Firefox/90.0.1"
141.148.219.117 - - [02/Jul/2026:06:19:32 -0400] "POST /wp-login.php HTTP/1.1" 200 2626 "http://nextcloud.mariotermine.me/wp-login.php" "Mozilla/5.0 (Macintosh; Intel Mac OS X 10_15_7) AppleWebKit/605.1.15 (KHTML, like Gecko) Version/14.0.3 Safari/605.1.15"
141.148.219.117 - - [02/Jul/2026:06:19:32 -0400] "GET /wp-admin/index.php HTTP/1.1" 302 478 "http://nextcloud.mariotermine.me/wp-login.php" "Mozilla/5.0 (Macintosh; Intel Mac OS X 10_15_7) AppleWebKit/605.1.15 (KHTML, like Gecko) Version/15.0 Safari/605.1.15"
141.148.219.117 - - [02/Jul/2026:06:19:33 -0400] "GET /wp-login.php?redirect_to=http%3A%2F%2Fnextcloud.mariotermine.me%2Fwp-admin%2Findex.php&reauth=1 HTTP/1.1" 200 4540 "http://nextcloud.mariotermine.me/wp-login.php" "Mozilla/5.0 (Macintosh; Intel Mac OS X 10_15_7) AppleWebKit/605.1.15 (KHTML, like Gecko) Version/15.0 Safari/605.1.15"
141.148.219.117 - - [02/Jul/2026:06:19:33 -0400] "GET /wp-admin/index.php HTTP/1.1" 302 478 "http://nextcloud.mariotermine.me/wp-login.php" "Mozilla/5.0 (Macintosh; Intel Mac OS X 10_15_7) AppleWebKit/605.1.15 (KHTML, like Gecko) Version/15.0 Safari/605.1.15"
141.148.219.117 - - [02/Jul/2026:06:19:34 -0400] "GET /wp-login.php?redirect_to=http%3A%2F%2Fnextcloud.mariotermine.me%2Fwp-admin%2Findex.php&reauth=1 HTTP/1.1" 200 4540 "http://nextcloud.mariotermine.me/wp-login.php" "Mozilla/5.0 (Macintosh; Intel Mac OS X 10_15_7) AppleWebKit/605.1.15 (KHTML, like Gecko) Version/15.0 Safari/605.1.15"
141.148.219.117 - - [02/Jul/2026:06:19:35 -0400] "POST /wp-login.php HTTP/1.1" 200 2628 "http://nextcloud.mariotermine.me/wp-login.php" "Mozilla/5.0 (X11; Linux x86_64) AppleWebKit/537.36 (KHTML, like Gecko) Chrome/90.0.4430.212 Safari/537.36"
141.148.219.117 - - [02/Jul/2026:06:19:35 -0400] "GET /wp-admin/index.php HTTP/1.1" 302 478 "http://nextcloud.mariotermine.me/wp-login.php" "Mozilla/5.0 (Macintosh; Intel Mac OS X 10_15_7) AppleWebKit/537.36 (KHTML, like Gecko) Chrome/92.0.4515.131 Safari/537.36"
141.148.219.117 - - [02/Jul/2026:06:19:36 -0400] "GET /wp-login.php?redirect_to=http%3A%2F%2Fnextcloud.mariotermine.me%2Fwp-admin%2Findex.php&reauth=1 HTTP/1.1" 200 4540 "http://nextcloud.mariotermine.me/wp-login.php" "Mozilla/5.0 (Macintosh; Intel Mac OS X 10_15_7) AppleWebKit/537.36 (KHTML, like Gecko) Chrome/92.0.4515.131 Safari/537.36"
141.148.219.117 - - [02/Jul/2026:06:19:36 -0400] "GET /wp-admin/index.php HTTP/1.1" 302 478 "http://nextcloud.mariotermine.me/wp-login.php" "Mozilla/5.0 (Macintosh; Intel Mac OS X 10_15_7) AppleWebKit/537.36 (KHTML, like Gecko) Chrome/92.0.4515.131 Safari/537.36"
141.148.219.117 - - [02/Jul/2026:06:19:36 -0400] "GET /wp-login.php?redirect_to=http%3A%2F%2Fnextcloud.mariotermine.me%2Fwp-admin%2Findex.php&reauth=1 HTTP/1.1" 200 4540 "http://nextcloud.mariotermine.me/wp-login.php" "Mozilla/5.0 (Macintosh; Intel Mac OS X 10_15_7) AppleWebKit/537.36 (KHTML, like Gecko) Chrome/92.0.4515.131 Safari/537.36"
141.148.219.117 - - [02/Jul/2026:06:19:37 -0400] "POST /wp-login.php HTTP/1.1" 200 2632 "http://nextcloud.mariotermine.me/wp-login.php" "Mozilla/5.0 (Windows NT 10.0; Win64; x64) AppleWebKit/605.1.15 (KHTML, like Gecko) Version/14.0.3 Safari/605.1.15"
141.148.219.117 - - [02/Jul/2026:06:19:37 -0400] "GET /wp-admin/index.php HTTP/1.1" 302 478 "http://nextcloud.mariotermine.me/wp-login.php" "Mozilla/5.0 (Windows NT 6.1; Win64; x64; rv:91.0) Gecko/20100101 Firefox/91.0"
141.148.219.117 - - [02/Jul/2026:06:19:38 -0400] "GET /wp-login.php?redirect_to=http%3A%2F%2Fnextcloud.mariotermine.me%2Fwp-admin%2Findex.php&reauth=1 HTTP/1.1" 200 4540 "http://nextcloud.mariotermine.me/wp-login.php" "Mozilla/5.0 (Windows NT 6.1; Win64; x64; rv:91.0) Gecko/20100101 Firefox/91.0"
141.148.219.117 - - [02/Jul/2026:06:19:39 -0400] "GET /wp-admin/index.php HTTP/1.1" 302 478 "http://nextcloud.mariotermine.me/wp-login.php" "Mozilla/5.0 (Windows NT 6.1; Win64; x64; rv:91.0) Gecko/20100101 Firefox/91.0"
141.148.219.117 - - [02/Jul/2026:06:19:39 -0400] "GET /wp-login.php?redirect_to=http%3A%2F%2Fnextcloud.mariotermine.me%2Fwp-admin%2Findex.php&reauth=1 HTTP/1.1" 200 4540 "http://nextcloud.mariotermine.me/wp-login.php" "Mozilla/5.0 (Windows NT 6.1; Win64; x64; rv:91.0) Gecko/20100101 Firefox/91.0"
141.148.219.117 - - [02/Jul/2026:06:19:40 -0400] "POST /wp-login.php HTTP/1.1" 200 2572 "http://nextcloud.mariotermine.me/wp-login.php" "Mozilla/5.0 (Macintosh; Intel Mac OS X 10_15_7) AppleWebKit/537.36 (KHTML, like Gecko) Chrome/90.0.4430.212 Safari/537.36"
141.148.219.117 - - [02/Jul/2026:06:19:40 -0400] "GET /wp-admin/index.php HTTP/1.1" 302 478 "http://nextcloud.mariotermine.me/wp-login.php" "Mozilla/5.0 (Macintosh; Intel Mac OS X 10_15_7; rv:91.0) Gecko/20100101 Firefox/91.0"
141.148.219.117 - - [02/Jul/2026:06:19:41 -0400] "GET /wp-login.php?redirect_to=http%3A%2F%2Fnextcloud.mariotermine.me%2Fwp-admin%2Findex.php&reauth=1 HTTP/1.1" 200 4540 "http://nextcloud.mariotermine.me/wp-login.php" "Mozilla/5.0 (Macintosh; Intel Mac OS X 10_15_7; rv:91.0) Gecko/20100101 Firefox/91.0"
141.148.219.117 - - [02/Jul/2026:06:19:41 -0400] "GET /wp-admin/index.php HTTP/1.1" 302 478 "http://nextcloud.mariotermine.me/wp-login.php" "Mozilla/5.0 (Macintosh; Intel Mac OS X 10_15_7; rv:91.0) Gecko/20100101 Firefox/91.0"
141.148.219.117 - - [02/Jul/2026:06:19:42 -0400] "GET /wp-login.php?redirect_to=http%3A%2F%2Fnextcloud.mariotermine.me%2Fwp-admin%2Findex.php&reauth=1 HTTP/1.1" 200 4540 "http://nextcloud.mariotermine.me/wp-login.php" "Mozilla/5.0 (Macintosh; Intel Mac OS X 10_15_7; rv:91.0) Gecko/20100101 Firefox/91.0"
141.148.219.117 - - [02/Jul/2026:06:19:42 -0400] "POST /wp-login.php HTTP/1.1" 200 2631 "http://nextcloud.mariotermine.me/wp-login.php" "Mozilla/5.0 (Macintosh; Intel Mac OS X 10_15_7; rv:89.0) Gecko/20100101 Firefox/89.0.2"
141.148.219.117 - - [02/Jul/2026:06:19:43 -0400] "GET /wp-admin/index.php HTTP/1.1" 302 478 "http://nextcloud.mariotermine.me/wp-login.php" "Mozilla/5.0 (Windows NT 10.0; Win64; x64) AppleWebKit/537.36 (KHTML, like Gecko) Chrome/94.0.4606.71 Safari/537.36"
141.148.219.117 - - [02/Jul/2026:06:19:43 -0400] "GET /wp-login.php?redirect_to=http%3A%2F%2Fnextcloud.mariotermine.me%2Fwp-admin%2Findex.php&reauth=1 HTTP/1.1" 200 4540 "http://nextcloud.mariotermine.me/wp-login.php" "Mozilla/5.0 (Windows NT 10.0; Win64; x64) AppleWebKit/537.36 (KHTML, like Gecko) Chrome/94.0.4606.71 Safari/537.36"
141.148.219.117 - - [02/Jul/2026:06:19:44 -0400] "GET /wp-admin/index.php HTTP/1.1" 302 478 "http://nextcloud.mariotermine.me/wp-login.php" "Mozilla/5.0 (Windows NT 10.0; Win64; x64) AppleWebKit/537.36 (KHTML, like Gecko) Chrome/94.0.4606.71 Safari/537.36"
141.148.219.117 - - [02/Jul/2026:06:19:45 -0400] "GET /wp-login.php?redirect_to=http%3A%2F%2Fnextcloud.mariotermine.me%2Fwp-admin%2Findex.php&reauth=1 HTTP/1.1" 200 4540 "http://nextcloud.mariotermine.me/wp-login.php" "Mozilla/5.0 (Windows NT 10.0; Win64; x64) AppleWebKit/537.36 (KHTML, like Gecko) Chrome/94.0.4606.71 Safari/537.36"
141.148.219.117 - - [02/Jul/2026:06:19:45 -0400] "POST /wp-login.php HTTP/1.1" 200 2633 "http://nextcloud.mariotermine.me/wp-login.php" "Mozilla/5.0 (Windows NT 10.0; Win64; x64) AppleWebKit/605.1.15 (KHTML, like Gecko) Version/14.1 Safari/605.1.15"
141.148.219.117 - - [02/Jul/2026:06:19:46 -0400] "GET /wp-admin/index.php HTTP/1.1" 302 478 "http://nextcloud.mariotermine.me/wp-login.php" "Mozilla/5.0 (Macintosh; Intel Mac OS X 10_15_7) AppleWebKit/605.1.15 (KHTML, like Gecko) Version/15.0 Safari/605.1.15"
141.148.219.117 - - [02/Jul/2026:06:19:46 -0400] "GET /wp-login.php?redirect_to=http%3A%2F%2Fnextcloud.mariotermine.me%2Fwp-admin%2Findex.php&reauth=1 HTTP/1.1" 200 4540 "http://nextcloud.mariotermine.me/wp-login.php" "Mozilla/5.0 (Macintosh; Intel Mac OS X 10_15_7) AppleWebKit/605.1.15 (KHTML, like Gecko) Version/15.0 Safari/605.1.15"
141.148.219.117 - - [02/Jul/2026:06:19:47 -0400] "GET /wp-admin/index.php HTTP/1.1" 302 478 "http://nextcloud.mariotermine.me/wp-login.php" "Mozilla/5.0 (Macintosh; Intel Mac OS X 10_15_7) AppleWebKit/605.1.15 (KHTML, like Gecko) Version/15.0 Safari/605.1.15"
141.148.219.117 - - [02/Jul/2026:06:19:47 -0400] "GET /wp-login.php?redirect_to=http%3A%2F%2Fnextcloud.mariotermine.me%2Fwp-admin%2Findex.php&reauth=1 HTTP/1.1" 200 4540 "http://nextcloud.mariotermine.me/wp-login.php" "Mozilla/5.0 (Macintosh; Intel Mac OS X 10_15_7) AppleWebKit/605.1.15 (KHTML, like Gecko) Version/15.0 Safari/605.1.15"
141.148.219.117 - - [02/Jul/2026:06:19:48 -0400] "POST /wp-login.php HTTP/1.1" 200 2628 "http://nextcloud.mariotermine.me/wp-login.php" "Mozilla/5.0 (Windows NT 6.1; Win64; x64) AppleWebKit/537.36 (KHTML, like Gecko) Chrome/92.0.4515.131 Safari/537.36"
141.148.219.117 - - [02/Jul/2026:06:19:48 -0400] "GET /wp-admin/index.php HTTP/1.1" 302 478 "http://nextcloud.mariotermine.me/wp-login.php" "Mozilla/5.0 (Windows NT 10.0; Win64; x64) AppleWebKit/537.36 (KHTML, like Gecko) Chrome/90.0.4430.212 Safari/537.36"
141.148.219.117 - - [02/Jul/2026:06:19:49 -0400] "GET /wp-login.php?redirect_to=http%3A%2F%2Fnextcloud.mariotermine.me%2Fwp-admin%2Findex.php&reauth=1 HTTP/1.1" 200 4540 "http://nextcloud.mariotermine.me/wp-login.php" "Mozilla/5.0 (Windows NT 10.0; Win64; x64) AppleWebKit/537.36 (KHTML, like Gecko) Chrome/90.0.4430.212 Safari/537.36"
141.148.219.117 - - [02/Jul/2026:06:19:49 -0400] "GET /wp-admin/index.php HTTP/1.1" 302 478 "http://nextcloud.mariotermine.me/wp-login.php" "Mozilla/5.0 (Windows NT 10.0; Win64; x64) AppleWebKit/537.36 (KHTML, like Gecko) Chrome/90.0.4430.212 Safari/537.36"
141.148.219.117 - - [02/Jul/2026:06:19:50 -0400] "GET /wp-login.php?redirect_to=http%3A%2F%2Fnextcloud.mariotermine.me%2Fwp-admin%2Findex.php&reauth=1 HTTP/1.1" 200 4540 "http://nextcloud.mariotermine.me/wp-login.php" "Mozilla/5.0 (Windows NT 10.0; Win64; x64) AppleWebKit/537.36 (KHTML, like Gecko) Chrome/90.0.4430.212 Safari/537.36"
141.148.219.117 - - [02/Jul/2026:06:19:50 -0400] "POST /wp-login.php HTTP/1.1" 200 2626 "http://nextcloud.mariotermine.me/wp-login.php" "Mozilla/5.0 (Windows NT 10.0; Win64; x64; rv:89.0) Gecko/20100101 Firefox/89.0.2"
141.148.219.117 - - [02/Jul/2026:06:19:50 -0400] "GET /wp-admin/index.php HTTP/1.1" 302 478 "http://nextcloud.mariotermine.me/wp-login.php" "Mozilla/5.0 (X11; Linux x86_64) AppleWebKit/537.36 (KHTML, like Gecko) Chrome/94.0.4606.71 Safari/537.36"
141.148.219.117 - - [02/Jul/2026:06:19:51 -0400] "GET /wp-login.php?redirect_to=http%3A%2F%2Fnextcloud.mariotermine.me%2Fwp-admin%2Findex.php&reauth=1 HTTP/1.1" 200 4540 "http://nextcloud.mariotermine.me/wp-login.php" "Mozilla/5.0 (X11; Linux x86_64) AppleWebKit/537.36 (KHTML, like Gecko) Chrome/94.0.4606.71 Safari/537.36"
141.148.219.117 - - [02/Jul/2026:06:19:52 -0400] "GET /wp-admin/index.php HTTP/1.1" 302 478 "http://nextcloud.mariotermine.me/wp-login.php" "Mozilla/5.0 (X11; Linux x86_64) AppleWebKit/537.36 (KHTML, like Gecko) Chrome/94.0.4606.71 Safari/537.36"
141.148.219.117 - - [02/Jul/2026:06:19:52 -0400] "GET /wp-login.php?redirect_to=http%3A%2F%2Fnextcloud.mariotermine.me%2Fwp-admin%2Findex.php&reauth=1 HTTP/1.1" 200 4540 "http://nextcloud.mariotermine.me/wp-login.php" "Mozilla/5.0 (X11; Linux x86_64) AppleWebKit/537.36 (KHTML, like Gecko) Chrome/94.0.4606.71 Safari/537.36"
141.148.219.117 - - [02/Jul/2026:06:19:53 -0400] "POST /wp-login.php HTTP/1.1" 200 2632 "http://nextcloud.mariotermine.me/wp-login.php" "Mozilla/5.0 (Windows NT 6.1; Win64; x64; rv:89.0) Gecko/20100101 Firefox/89.0.2"
141.148.219.117 - - [02/Jul/2026:06:19:53 -0400] "GET /wp-admin/index.php HTTP/1.1" 302 478 "http://nextcloud.mariotermine.me/wp-login.php" "Mozilla/5.0 (Windows NT 10.0; Win64; x64) AppleWebKit/605.1.15 (KHTML, like Gecko) Version/14.1 Safari/605.1.15"
141.148.219.117 - - [02/Jul/2026:06:19:54 -0400] "GET /wp-login.php?redirect_to=http%3A%2F%2Fnextcloud.mariotermine.me%2Fwp-admin%2Findex.php&reauth=1 HTTP/1.1" 200 4540 "http://nextcloud.mariotermine.me/wp-login.php" "Mozilla/5.0 (Windows NT 10.0; Win64; x64) AppleWebKit/605.1.15 (KHTML, like Gecko) Version/14.1 Safari/605.1.15"
141.148.219.117 - - [02/Jul/2026:06:19:55 -0400] "GET /wp-admin/index.php HTTP/1.1" 302 478 "http://nextcloud.mariotermine.me/wp-login.php" "Mozilla/5.0 (Windows NT 10.0; Win64; x64) AppleWebKit/605.1.15 (KHTML, like Gecko) Version/14.1 Safari/605.1.15"
141.148.219.117 - - [02/Jul/2026:06:19:55 -0400] "GET /wp-login.php?redirect_to=http%3A%2F%2Fnextcloud.mariotermine.me%2Fwp-admin%2Findex.php&reauth=1 HTTP/1.1" 200 4540 "http://nextcloud.mariotermine.me/wp-login.php" "Mozilla/5.0 (Windows NT 10.0; Win64; x64) AppleWebKit/605.1.15 (KHTML, like Gecko) Version/14.1 Safari/605.1.15"
141.148.219.117 - - [02/Jul/2026:06:19:56 -0400] "POST /wp-login.php HTTP/1.1" 200 2632 "http://nextcloud.mariotermine.me/wp-login.php" "Mozilla/5.0 (Macintosh; Intel Mac OS X 10_15_7) AppleWebKit/605.1.15 (KHTML, like Gecko) Version/15.0 Safari/605.1.15"
141.148.219.117 - - [02/Jul/2026:06:19:56 -0400] "GET /wp-admin/index.php HTTP/1.1" 302 478 "http://nextcloud.mariotermine.me/wp-login.php" "Mozilla/5.0 (Windows NT 10.0; Win64; x64) AppleWebKit/605.1.15 (KHTML, like Gecko) Version/15.0 Safari/605.1.15"
141.148.219.117 - - [02/Jul/2026:06:19:56 -0400] "GET /wp-login.php?redirect_to=http%3A%2F%2Fnextcloud.mariotermine.me%2Fwp-admin%2Findex.php&reauth=1 HTTP/1.1" 200 4540 "http://nextcloud.mariotermine.me/wp-login.php" "Mozilla/5.0 (Windows NT 10.0; Win64; x64) AppleWebKit/605.1.15 (KHTML, like Gecko) Version/15.0 Safari/605.1.15"
::1 - - [02/Jul/2026:06:19:57 -0400] "OPTIONS * HTTP/1.0" 200 126 "-" "Apache/2.4.58 (Ubuntu) OpenSSL/3.0.13 (internal dummy connection)"
141.148.219.117 - - [02/Jul/2026:06:19:57 -0400] "GET /wp-admin/index.php HTTP/1.1" 302 478 "http://nextcloud.mariotermine.me/wp-login.php" "Mozilla/5.0 (Windows NT 10.0; Win64; x64) AppleWebKit/605.1.15 (KHTML, like Gecko) Version/15.0 Safari/605.1.15"
141.148.219.117 - - [02/Jul/2026:06:19:57 -0400] "GET /wp-login.php?redirect_to=http%3A%2F%2Fnextcloud.mariotermine.me%2Fwp-admin%2Findex.php&reauth=1 HTTP/1.1" 200 4540 "http://nextcloud.mariotermine.me/wp-login.php" "Mozilla/5.0 (Windows NT 10.0; Win64; x64) AppleWebKit/605.1.15 (KHTML, like Gecko) Version/15.0 Safari/605.1.15"
::1 - - [02/Jul/2026:06:19:58 -0400] "OPTIONS * HTTP/1.0" 200 126 "-" "Apache/2.4.58 (Ubuntu) OpenSSL/3.0.13 (internal dummy connection)"
141.148.219.117 - - [02/Jul/2026:06:19:58 -0400] "POST /wp-login.php HTTP/1.1" 200 2626 "http://nextcloud.mariotermine.me/wp-login.php" "Mozilla/5.0 (Macintosh; Intel Mac OS X 10_15_7) AppleWebKit/605.1.15 (KHTML, like Gecko) Version/14.1 Safari/605.1.15"
141.148.219.117 - - [02/Jul/2026:06:19:59 -0400] "GET /wp-admin/index.php HTTP/1.1" 302 478 "http://nextcloud.mariotermine.me/wp-login.php" "Mozilla/5.0 (Windows NT 10.0; Win64; x64) AppleWebKit/605.1.15 (KHTML, like Gecko) Version/14.1.1 Safari/605.1.15"
::1 - - [02/Jul/2026:06:19:59 -0400] "OPTIONS * HTTP/1.0" 200 126 "-" "Apache/2.4.58 (Ubuntu) OpenSSL/3.0.13 (internal dummy connection)"
141.148.219.117 - - [02/Jul/2026:06:19:59 -0400] "GET /wp-login.php?redirect_to=http%3A%2F%2Fnextcloud.mariotermine.me%2Fwp-admin%2Findex.php&reauth=1 HTTP/1.1" 200 4540 "http://nextcloud.mariotermine.me/wp-login.php" "Mozilla/5.0 (Windows NT 10.0; Win64; x64) AppleWebKit/605.1.15 (KHTML, like Gecko) Version/14.1.1 Safari/605.1.15"
::1 - - [02/Jul/2026:06:20:00 -0400] "OPTIONS * HTTP/1.0" 200 126 "-" "Apache/2.4.58 (Ubuntu) OpenSSL/3.0.13 (internal dummy connection)"
141.148.219.117 - - [02/Jul/2026:06:20:00 -0400] "GET /wp-admin/index.php HTTP/1.1" 302 478 "http://nextcloud.mariotermine.me/wp-login.php" "Mozilla/5.0 (Windows NT 10.0; Win64; x64) AppleWebKit/605.1.15 (KHTML, like Gecko) Version/14.1.1 Safari/605.1.15"
141.148.219.117 - - [02/Jul/2026:06:20:00 -0400] "GET /wp-login.php?redirect_to=http%3A%2F%2Fnextcloud.mariotermine.me%2Fwp-admin%2Findex.php&reauth=1 HTTP/1.1" 200 4540 "http://nextcloud.mariotermine.me/wp-login.php" "Mozilla/5.0 (Windows NT 10.0; Win64; x64) AppleWebKit/605.1.15 (KHTML, like Gecko) Version/14.1.1 Safari/605.1.15"
::1 - - [02/Jul/2026:06:20:01 -0400] "OPTIONS * HTTP/1.0" 200 126 "-" "Apache/2.4.58 (Ubuntu) OpenSSL/3.0.13 (internal dummy connection)"
141.148.219.117 - - [02/Jul/2026:06:20:01 -0400] "POST /wp-login.php HTTP/1.1" 200 2631 "http://nextcloud.mariotermine.me/wp-login.php" "Mozilla/5.0 (Windows NT 10.0; Win64; x64; rv:92.0) Gecko/20100101 Firefox/92.0"
141.148.219.117 - - [02/Jul/2026:06:20:02 -0400] "GET /wp-admin/index.php HTTP/1.1" 302 478 "http://nextcloud.mariotermine.me/wp-login.php" "Mozilla/5.0 (Macintosh; Intel Mac OS X 10_15_7) AppleWebKit/537.36 (KHTML, like Gecko) Chrome/93.0.4577.63 Safari/537.36"
::1 - - [02/Jul/2026:06:20:02 -0400] "OPTIONS * HTTP/1.0" 200 126 "-" "Apache/2.4.58 (Ubuntu) OpenSSL/3.0.13 (internal dummy connection)"
141.148.219.117 - - [02/Jul/2026:06:20:02 -0400] "GET /wp-login.php?redirect_to=http%3A%2F%2Fnextcloud.mariotermine.me%2Fwp-admin%2Findex.php&reauth=1 HTTP/1.1" 200 4540 "http://nextcloud.mariotermine.me/wp-login.php" "Mozilla/5.0 (Macintosh; Intel Mac OS X 10_15_7) AppleWebKit/537.36 (KHTML, like Gecko) Chrome/93.0.4577.63 Safari/537.36"
141.148.219.117 - - [02/Jul/2026:06:20:03 -0400] "GET /wp-admin/index.php HTTP/1.1" 302 478 "http://nextcloud.mariotermine.me/wp-login.php" "Mozilla/5.0 (Macintosh; Intel Mac OS X 10_15_7) AppleWebKit/537.36 (KHTML, like Gecko) Chrome/93.0.4577.63 Safari/537.36"
::1 - - [02/Jul/2026:06:20:03 -0400] "OPTIONS * HTTP/1.0" 200 126 "-" "Apache/2.4.58 (Ubuntu) OpenSSL/3.0.13 (internal dummy connection)"
141.148.219.117 - - [02/Jul/2026:06:20:03 -0400] "GET /wp-login.php?redirect_to=http%3A%2F%2Fnextcloud.mariotermine.me%2Fwp-admin%2Findex.php&reauth=1 HTTP/1.1" 200 4540 "http://nextcloud.mariotermine.me/wp-login.php" "Mozilla/5.0 (Macintosh; Intel Mac OS X 10_15_7) AppleWebKit/537.36 (KHTML, like Gecko) Chrome/93.0.4577.63 Safari/537.36"
141.148.219.117 - - [02/Jul/2026:06:20:04 -0400] "POST /wp-login.php HTTP/1.1" 200 2628 "http://nextcloud.mariotermine.me/wp-login.php" "Mozilla/5.0 (Windows NT 6.1; Win64; x64) AppleWebKit/537.36 (KHTML, like Gecko) Chrome/93.0.4577.63 Safari/537.36"
::1 - - [02/Jul/2026:06:20:04 -0400] "OPTIONS * HTTP/1.0" 200 126 "-" "Apache/2.4.58 (Ubuntu) OpenSSL/3.0.13 (internal dummy connection)"
141.148.219.117 - - [02/Jul/2026:06:20:04 -0400] "GET /wp-admin/index.php HTTP/1.1" 302 478 "http://nextcloud.mariotermine.me/wp-login.php" "Mozilla/5.0 (Macintosh; Intel Mac OS X 10_15_7) AppleWebKit/605.1.15 (KHTML, like Gecko) Version/14.1.1 Safari/605.1.15"
141.148.219.117 - - [02/Jul/2026:06:20:04 -0400] "GET /wp-login.php?redirect_to=http%3A%2F%2Fnextcloud.mariotermine.me%2Fwp-admin%2Findex.php&reauth=1 HTTP/1.1" 200 4540 "http://nextcloud.mariotermine.me/wp-login.php" "Mozilla/5.0 (Macintosh; Intel Mac OS X 10_15_7) AppleWebKit/605.1.15 (KHTML, like Gecko) Version/14.1.1 Safari/605.1.15"
::1 - - [02/Jul/2026:06:20:05 -0400] "OPTIONS * HTTP/1.0" 200 126 "-" "Apache/2.4.58 (Ubuntu) OpenSSL/3.0.13 (internal dummy connection)"
141.148.219.117 - - [02/Jul/2026:06:20:05 -0400] "GET /wp-admin/index.php HTTP/1.1" 302 478 "http://nextcloud.mariotermine.me/wp-login.php" "Mozilla/5.0 (Macintosh; Intel Mac OS X 10_15_7) AppleWebKit/605.1.15 (KHTML, like Gecko) Version/14.1.1 Safari/605.1.15"
141.148.219.117 - - [02/Jul/2026:06:20:06 -0400] "GET /wp-login.php?redirect_to=http%3A%2F%2Fnextcloud.mariotermine.me%2Fwp-admin%2Findex.php&reauth=1 HTTP/1.1" 200 4540 "http://nextcloud.mariotermine.me/wp-login.php" "Mozilla/5.0 (Macintosh; Intel Mac OS X 10_15_7) AppleWebKit/605.1.15 (KHTML, like Gecko) Version/14.1.1 Safari/605.1.15"
::1 - - [02/Jul/2026:06:20:06 -0400] "OPTIONS * HTTP/1.0" 200 126 "-" "Apache/2.4.58 (Ubuntu) OpenSSL/3.0.13 (internal dummy connection)"
141.148.219.117 - - [02/Jul/2026:06:20:06 -0400] "POST /wp-login.php HTTP/1.1" 200 2628 "http://nextcloud.mariotermine.me/wp-login.php" "Mozilla/5.0 (Windows NT 6.1; Win64; x64) AppleWebKit/537.36 (KHTML, like Gecko) Chrome/91.0.4472.124 Safari/537.36"
141.148.219.117 - - [02/Jul/2026:06:20:06 -0400] "GET /wp-admin/index.php HTTP/1.1" 302 478 "http://nextcloud.mariotermine.me/wp-login.php" "Mozilla/5.0 (Macintosh; Intel Mac OS X 10_15_7) AppleWebKit/605.1.15 (KHTML, like Gecko) Version/14.1.1 Safari/605.1.15"
::1 - - [02/Jul/2026:06:20:07 -0400] "OPTIONS * HTTP/1.0" 200 126 "-" "Apache/2.4.58 (Ubuntu) OpenSSL/3.0.13 (internal dummy connection)"
141.148.219.117 - - [02/Jul/2026:06:20:07 -0400] "GET /wp-login.php?redirect_to=http%3A%2F%2Fnextcloud.mariotermine.me%2Fwp-admin%2Findex.php&reauth=1 HTTP/1.1" 200 4540 "http://nextcloud.mariotermine.me/wp-login.php" "Mozilla/5.0 (Macintosh; Intel Mac OS X 10_15_7) AppleWebKit/605.1.15 (KHTML, like Gecko) Version/14.1.1 Safari/605.1.15"
141.148.219.117 - - [02/Jul/2026:06:20:07 -0400] "GET /wp-admin/index.php HTTP/1.1" 302 478 "http://nextcloud.mariotermine.me/wp-login.php" "Mozilla/5.0 (Macintosh; Intel Mac OS X 10_15_7) AppleWebKit/605.1.15 (KHTML, like Gecko) Version/14.1.1 Safari/605.1.15"
::1 - - [02/Jul/2026:06:20:08 -0400] "OPTIONS * HTTP/1.0" 200 126 "-" "Apache/2.4.58 (Ubuntu) OpenSSL/3.0.13 (internal dummy connection)"
141.148.219.117 - - [02/Jul/2026:06:20:08 -0400] "GET /wp-login.php?redirect_to=http%3A%2F%2Fnextcloud.mariotermine.me%2Fwp-admin%2Findex.php&reauth=1 HTTP/1.1" 200 4540 "http://nextcloud.mariotermine.me/wp-login.php" "Mozilla/5.0 (Macintosh; Intel Mac OS X 10_15_7) AppleWebKit/605.1.15 (KHTML, like Gecko) Version/14.1.1 Safari/605.1.15"
141.148.219.117 - - [02/Jul/2026:06:20:08 -0400] "POST /wp-login.php HTTP/1.1" 200 2626 "http://nextcloud.mariotermine.me/wp-login.php" "Mozilla/5.0 (X11; Linux x86_64) AppleWebKit/537.36 (KHTML, like Gecko) Chrome/90.0.4430.212 Safari/537.36"
141.148.219.117 - - [02/Jul/2026:06:20:09 -0400] "GET /wp-admin/index.php HTTP/1.1" 302 478 "http://nextcloud.mariotermine.me/wp-login.php" "Mozilla/5.0 (Windows NT 10.0; Win64; x64) AppleWebKit/537.36 (KHTML, like Gecko) Chrome/91.0.4472.124 Safari/537.36"
141.148.219.117 - - [02/Jul/2026:06:20:10 -0400] "GET /wp-login.php?redirect_to=http%3A%2F%2Fnextcloud.mariotermine.me%2Fwp-admin%2Findex.php&reauth=1 HTTP/1.1" 200 4540 "http://nextcloud.mariotermine.me/wp-login.php" "Mozilla/5.0 (Windows NT 10.0; Win64; x64) AppleWebKit/537.36 (KHTML, like Gecko) Chrome/91.0.4472.124 Safari/537.36"
141.148.219.117 - - [02/Jul/2026:06:20:10 -0400] "GET /wp-admin/index.php HTTP/1.1" 302 478 "http://nextcloud.mariotermine.me/wp-login.php" "Mozilla/5.0 (Windows NT 10.0; Win64; x64) AppleWebKit/537.36 (KHTML, like Gecko) Chrome/91.0.4472.124 Safari/537.36"
141.148.219.117 - - [02/Jul/2026:06:20:10 -0400] "GET /wp-login.php?redirect_to=http%3A%2F%2Fnextcloud.mariotermine.me%2Fwp-admin%2Findex.php&reauth=1 HTTP/1.1" 200 4540 "http://nextcloud.mariotermine.me/wp-login.php" "Mozilla/5.0 (Windows NT 10.0; Win64; x64) AppleWebKit/537.36 (KHTML, like Gecko) Chrome/91.0.4472.124 Safari/537.36"
141.148.219.117 - - [02/Jul/2026:06:20:11 -0400] "POST /wp-login.php HTTP/1.1" 200 2629 "http://nextcloud.mariotermine.me/wp-login.php" "Mozilla/5.0 (Windows NT 10.0; Win64; x64) AppleWebKit/537.36 (KHTML, like Gecko) Chrome/93.0.4577.63 Safari/537.36"
141.148.219.117 - - [02/Jul/2026:06:20:11 -0400] "GET /wp-admin/index.php HTTP/1.1" 302 478 "http://nextcloud.mariotermine.me/wp-login.php" "Mozilla/5.0 (X11; Linux x86_64) AppleWebKit/537.36 (KHTML, like Gecko) Chrome/93.0.4577.63 Safari/537.36"
141.148.219.117 - - [02/Jul/2026:06:20:12 -0400] "GET /wp-login.php?redirect_to=http%3A%2F%2Fnextcloud.mariotermine.me%2Fwp-admin%2Findex.php&reauth=1 HTTP/1.1" 200 4540 "http://nextcloud.mariotermine.me/wp-login.php" "Mozilla/5.0 (X11; Linux x86_64) AppleWebKit/537.36 (KHTML, like Gecko) Chrome/93.0.4577.63 Safari/537.36"
141.148.219.117 - - [02/Jul/2026:06:20:12 -0400] "GET /wp-admin/index.php HTTP/1.1" 302 478 "http://nextcloud.mariotermine.me/wp-login.php" "Mozilla/5.0 (X11; Linux x86_64) AppleWebKit/537.36 (KHTML, like Gecko) Chrome/93.0.4577.63 Safari/537.36"
141.148.219.117 - - [02/Jul/2026:06:20:13 -0400] "GET /wp-login.php?redirect_to=http%3A%2F%2Fnextcloud.mariotermine.me%2Fwp-admin%2Findex.php&reauth=1 HTTP/1.1" 200 4540 "http://nextcloud.mariotermine.me/wp-login.php" "Mozilla/5.0 (X11; Linux x86_64) AppleWebKit/537.36 (KHTML, like Gecko) Chrome/93.0.4577.63 Safari/537.36"
141.148.219.117 - - [02/Jul/2026:06:20:14 -0400] "POST /wp-login.php HTTP/1.1" 200 2637 "http://nextcloud.mariotermine.me/wp-login.php" "Mozilla/5.0 (Windows NT 10.0; Win64; x64) AppleWebKit/537.36 (KHTML, like Gecko) Chrome/93.0.4577.63 Safari/537.36"
141.148.219.117 - - [02/Jul/2026:06:20:14 -0400] "GET /wp-admin/index.php HTTP/1.1" 302 478 "http://nextcloud.mariotermine.me/wp-login.php" "Mozilla/5.0 (Macintosh; Intel Mac OS X 10_15_7) AppleWebKit/605.1.15 (KHTML, like Gecko) Version/14.1.2 Safari/605.1.15"
141.148.219.117 - - [02/Jul/2026:06:20:15 -0400] "GET /wp-login.php?redirect_to=http%3A%2F%2Fnextcloud.mariotermine.me%2Fwp-admin%2Findex.php&reauth=1 HTTP/1.1" 200 4540 "http://nextcloud.mariotermine.me/wp-login.php" "Mozilla/5.0 (Macintosh; Intel Mac OS X 10_15_7) AppleWebKit/605.1.15 (KHTML, like Gecko) Version/14.1.2 Safari/605.1.15"
141.148.219.117 - - [02/Jul/2026:06:20:15 -0400] "GET /wp-admin/index.php HTTP/1.1" 302 478 "http://nextcloud.mariotermine.me/wp-login.php" "Mozilla/5.0 (Macintosh; Intel Mac OS X 10_15_7) AppleWebKit/605.1.15 (KHTML, like Gecko) Version/14.1.2 Safari/605.1.15"
141.148.219.117 - - [02/Jul/2026:06:20:16 -0400] "GET /wp-login.php?redirect_to=http%3A%2F%2Fnextcloud.mariotermine.me%2Fwp-admin%2Findex.php&reauth=1 HTTP/1.1" 200 4540 "http://nextcloud.mariotermine.me/wp-login.php" "Mozilla/5.0 (Macintosh; Intel Mac OS X 10_15_7) AppleWebKit/605.1.15 (KHTML, like Gecko) Version/14.1.2 Safari/605.1.15"
141.148.219.117 - - [02/Jul/2026:06:20:16 -0400] "POST /wp-login.php HTTP/1.1" 200 2632 "http://nextcloud.mariotermine.me/wp-login.php" "Mozilla/5.0 (Windows NT 10.0; Win64; x64) AppleWebKit/537.36 (KHTML, like Gecko) Chrome/93.0.4577.63 Safari/537.36"
141.148.219.117 - - [02/Jul/2026:06:20:17 -0400] "GET /wp-admin/index.php HTTP/1.1" 302 478 "http://nextcloud.mariotermine.me/wp-login.php" "Mozilla/5.0 (Windows NT 6.1; Win64; x64) AppleWebKit/537.36 (KHTML, like Gecko) Chrome/92.0.4515.131 Safari/537.36"
141.148.219.117 - - [02/Jul/2026:06:20:17 -0400] "GET /wp-login.php?redirect_to=http%3A%2F%2Fnextcloud.mariotermine.me%2Fwp-admin%2Findex.php&reauth=1 HTTP/1.1" 200 4540 "http://nextcloud.mariotermine.me/wp-login.php" "Mozilla/5.0 (Windows NT 6.1; Win64; x64) AppleWebKit/537.36 (KHTML, like Gecko) Chrome/92.0.4515.131 Safari/537.36"
141.148.219.117 - - [02/Jul/2026:06:20:18 -0400] "GET /wp-admin/index.php HTTP/1.1" 302 478 "http://nextcloud.mariotermine.me/wp-login.php" "Mozilla/5.0 (Windows NT 6.1; Win64; x64) AppleWebKit/537.36 (KHTML, like Gecko) Chrome/92.0.4515.131 Safari/537.36"
141.148.219.117 - - [02/Jul/2026:06:20:18 -0400] "GET /wp-login.php?redirect_to=http%3A%2F%2Fnextcloud.mariotermine.me%2Fwp-admin%2Findex.php&reauth=1 HTTP/1.1" 200 4540 "http://nextcloud.mariotermine.me/wp-login.php" "Mozilla/5.0 (Windows NT 6.1; Win64; x64) AppleWebKit/537.36 (KHTML, like Gecko) Chrome/92.0.4515.131 Safari/537.36"
141.148.219.117 - - [02/Jul/2026:06:20:18 -0400] "POST /wp-login.php HTTP/1.1" 200 2634 "http://nextcloud.mariotermine.me/wp-login.php" "Mozilla/5.0 (Windows NT 6.1; Win64; x64) AppleWebKit/537.36 (KHTML, like Gecko) Chrome/90.0.4430.212 Safari/537.36"
141.148.219.117 - - [02/Jul/2026:06:20:19 -0400] "GET /wp-admin/index.php HTTP/1.1" 302 478 "http://nextcloud.mariotermine.me/wp-login.php" "Mozilla/5.0 (Windows NT 10.0; Win64; x64) AppleWebKit/605.1.15 (KHTML, like Gecko) Version/14.1.2 Safari/605.1.15"
141.148.219.117 - - [02/Jul/2026:06:20:19 -0400] "GET /wp-login.php?redirect_to=http%3A%2F%2Fnextcloud.mariotermine.me%2Fwp-admin%2Findex.php&reauth=1 HTTP/1.1" 200 4540 "http://nextcloud.mariotermine.me/wp-login.php" "Mozilla/5.0 (Windows NT 10.0; Win64; x64) AppleWebKit/605.1.15 (KHTML, like Gecko) Version/14.1.2 Safari/605.1.15"
141.148.219.117 - - [02/Jul/2026:06:20:20 -0400] "GET /wp-admin/index.php HTTP/1.1" 302 478 "http://nextcloud.mariotermine.me/wp-login.php" "Mozilla/5.0 (Windows NT 10.0; Win64; x64) AppleWebKit/605.1.15 (KHTML, like Gecko) Version/14.1.2 Safari/605.1.15"
141.148.219.117 - - [02/Jul/2026:06:20:20 -0400] "GET /wp-login.php?redirect_to=http%3A%2F%2Fnextcloud.mariotermine.me%2Fwp-admin%2Findex.php&reauth=1 HTTP/1.1" 200 4540 "http://nextcloud.mariotermine.me/wp-login.php" "Mozilla/5.0 (Windows NT 10.0; Win64; x64) AppleWebKit/605.1.15 (KHTML, like Gecko) Version/14.1.2 Safari/605.1.15"
141.148.219.117 - - [02/Jul/2026:06:20:21 -0400] "POST /wp-login.php HTTP/1.1" 200 2628 "http://nextcloud.mariotermine.me/wp-login.php" "Mozilla/5.0 (Windows NT 10.0; Win64; x64) AppleWebKit/605.1.15 (KHTML, like Gecko) Version/14.1 Safari/605.1.15"
141.148.219.117 - - [02/Jul/2026:06:20:21 -0400] "GET /wp-admin/index.php HTTP/1.1" 302 478 "http://nextcloud.mariotermine.me/wp-login.php" "Mozilla/5.0 (Windows NT 10.0; Win64; x64) AppleWebKit/537.36 (KHTML, like Gecko) Chrome/93.0.4577.63 Safari/537.36"
141.148.219.117 - - [02/Jul/2026:06:20:22 -0400] "GET /wp-login.php?redirect_to=http%3A%2F%2Fnextcloud.mariotermine.me%2Fwp-admin%2Findex.php&reauth=1 HTTP/1.1" 200 4540 "http://nextcloud.mariotermine.me/wp-login.php" "Mozilla/5.0 (Windows NT 10.0; Win64; x64) AppleWebKit/537.36 (KHTML, like Gecko) Chrome/93.0.4577.63 Safari/537.36"
