107.13.46.68 - - [01/Jul/2026:20:12:48 -0400] "GET /wp-content/plugins/advanced-custom-fields/assets/inc/select2/4/select2.min.css?ver=4.0.13 HTTP/1.1" 200 2336 "http://drivebackmachine.net/wp-admin/post.php?post=1&action=edit" "Mozilla/5.0 (Windows NT 10.0; Win64; x64) AppleWebKit/537.36 (KHTML, like Gecko) Chrome/149.0.0.0 Safari/537.36"
107.13.46.68 - - [01/Jul/2026:20:12:48 -0400] "GET /wp-content/plugins/advanced-custom-fields/assets/inc/timepicker/jquery-ui-timepicker-addon.min.css?ver=1.6.1 HTTP/1.1" 200 905 "http://drivebackmachine.net/wp-admin/post.php?post=1&action=edit" "Mozilla/5.0 (Windows NT 10.0; Win64; x64) AppleWebKit/537.36 (KHTML, like Gecko) Chrome/149.0.0.0 Safari/537.36"
107.13.46.68 - - [01/Jul/2026:20:12:48 -0400] "GET /wp-content/plugins/advanced-custom-fields/assets/inc/datepicker/jquery-ui.min.css?ver=1.11.4 HTTP/1.1" 200 3988 "http://drivebackmachine.net/wp-admin/post.php?post=1&action=edit" "Mozilla/5.0 (Windows NT 10.0; Win64; x64) AppleWebKit/537.36 (KHTML, like Gecko) Chrome/149.0.0.0 Safari/537.36"
107.13.46.68 - - [01/Jul/2026:20:12:48 -0400] "GET /wp-content/plugins/advanced-custom-fields/assets/build/js/acf.min.js?ver=6.8.5 HTTP/1.1" 200 19907 "http://drivebackmachine.net/wp-admin/post.php?post=1&action=edit" "Mozilla/5.0 (Windows NT 10.0; Win64; x64) AppleWebKit/537.36 (KHTML, like Gecko) Chrome/149.0.0.0 Safari/537.36"
107.13.46.68 - - [01/Jul/2026:20:12:48 -0400] "GET /wp-content/plugins/advanced-custom-fields/assets/inc/timepicker/jquery-ui-timepicker-addon.min.js?ver=1.6.1 HTTP/1.1" 200 11001 "http://drivebackmachine.net/wp-admin/post.php?post=1&action=edit" "Mozilla/5.0 (Windows NT 10.0; Win64; x64) AppleWebKit/537.36 (KHTML, like Gecko) Chrome/149.0.0.0 Safari/537.36"
107.13.46.68 - - [01/Jul/2026:20:12:48 -0400] "GET /wp-content/plugins/advanced-custom-fields/assets/inc/select2/4/select2.full.min.js?ver=4.0.13 HTTP/1.1" 200 22134 "http://drivebackmachine.net/wp-admin/post.php?post=1&action=edit" "Mozilla/5.0 (Windows NT 10.0; Win64; x64) AppleWebKit/537.36 (KHTML, like Gecko) Chrome/149.0.0.0 Safari/537.36"
107.13.46.68 - - [01/Jul/2026:20:12:48 -0400] "GET /wp-content/plugins/advanced-custom-fields/assets/build/js/acf-input.min.js?ver=6.8.5 HTTP/1.1" 200 34485 "http://drivebackmachine.net/wp-admin/post.php?post=1&action=edit" "Mozilla/5.0 (Windows NT 10.0; Win64; x64) AppleWebKit/537.36 (KHTML, like Gecko) Chrome/149.0.0.0 Safari/537.36"
107.13.46.68 - - [01/Jul/2026:20:12:48 -0400] "GET /wp-content/plugins/advanced-custom-fields/assets/inc/color-picker-alpha/wp-color-picker-alpha.js?ver=3.0.0 HTTP/1.1" 200 5452 "http://drivebackmachine.net/wp-admin/post.php?post=1&action=edit" "Mozilla/5.0 (Windows NT 10.0; Win64; x64) AppleWebKit/537.36 (KHTML, like Gecko) Chrome/149.0.0.0 Safari/537.36"
107.13.46.68 - - [01/Jul/2026:20:12:49 -0400] "OPTIONS /wp-json/wp/v2/settings?_locale=user HTTP/1.1" 200 6058 "http://drivebackmachine.net/wp-admin/post.php?post=1&action=edit" "Mozilla/5.0 (Windows NT 10.0; Win64; x64) AppleWebKit/537.36 (KHTML, like Gecko) Chrome/149.0.0.0 Safari/537.36"
107.13.46.68 - - [01/Jul/2026:20:12:49 -0400] "GET /wp-json/wp/v2/comments?context=edit&post=1&type=note&status=all&per_page=100&_locale=user HTTP/1.1" 200 699 "http://drivebackmachine.net/wp-admin/post.php?post=1&action=edit" "Mozilla/5.0 (Windows NT 10.0; Win64; x64) AppleWebKit/537.36 (KHTML, like Gecko) Chrome/149.0.0.0 Safari/537.36"
107.13.46.68 - - [01/Jul/2026:20:12:49 -0400] "GET /wp-json/wp/v2/templates/lookup?slug=front-page&_locale=user HTTP/1.1" 200 658 "http://drivebackmachine.net/wp-admin/post.php?post=1&action=edit" "Mozilla/5.0 (Windows NT 10.0; Win64; x64) AppleWebKit/537.36 (KHTML, like Gecko) Chrome/149.0.0.0 Safari/537.36"
107.13.46.68 - - [01/Jul/2026:20:12:49 -0400] "GET /wp-json/wp/v2/users/1?context=view&_fields=id%2Cname&_locale=user HTTP/1.1" 200 706 "http://drivebackmachine.net/wp-admin/post.php?post=1&action=edit" "Mozilla/5.0 (Windows NT 10.0; Win64; x64) AppleWebKit/537.36 (KHTML, like Gecko) Chrome/149.0.0.0 Safari/537.36"
107.13.46.68 - - [01/Jul/2026:20:12:49 -0400] "OPTIONS /wp-json/wp/v2/posts?_locale=user HTTP/1.1" 200 18840 "http://drivebackmachine.net/wp-admin/post.php?post=1&action=edit" "Mozilla/5.0 (Windows NT 10.0; Win64; x64) AppleWebKit/537.36 (KHTML, like Gecko) Chrome/149.0.0.0 Safari/537.36"
107.13.46.68 - - [01/Jul/2026:20:12:49 -0400] "GET /wp-json/wp/v2/taxonomies?context=edit&per_page=100&_locale=user HTTP/1.1" 200 14837 "http://drivebackmachine.net/wp-admin/post.php?post=1&action=edit" "Mozilla/5.0 (Windows NT 10.0; Win64; x64) AppleWebKit/537.36 (KHTML, like Gecko) Chrome/149.0.0.0 Safari/537.36"
107.13.46.68 - - [01/Jul/2026:20:12:49 -0400] "GET /wp-content/themes/90s-retro/css/style-editor.css?wp-mce-49110-20250317 HTTP/1.1" 200 2471 "http://drivebackmachine.net/wp-admin/post.php?post=1&action=edit" "Mozilla/5.0 (Windows NT 10.0; Win64; x64) AppleWebKit/537.36 (KHTML, like Gecko) Chrome/149.0.0.0 Safari/537.36"
107.13.46.68 - - [01/Jul/2026:20:12:49 -0400] "GET /wp-content/uploads/2026/07/Gemini_Generated_Image_zadh6ezadh6ezadh-1024x1024.png HTTP/1.1" 304 251 "-" "Mozilla/5.0 (Windows NT 10.0; Win64; x64) AppleWebKit/537.36 (KHTML, like Gecko) Chrome/149.0.0.0 Safari/537.36"
107.13.46.68 - - [01/Jul/2026:20:12:49 -0400] "GET /wp-json/wp/v2/wp_pattern_category?context=view&per_page=100&_fields=id%2Cname%2Cdescription%2Cslug&_locale=user HTTP/1.1" 200 699 "http://drivebackmachine.net/wp-admin/post.php?post=1&action=edit" "Mozilla/5.0 (Windows NT 10.0; Win64; x64) AppleWebKit/537.36 (KHTML, like Gecko) Chrome/149.0.0.0 Safari/537.36"
107.13.46.68 - - [01/Jul/2026:20:12:49 -0400] "GET /wp-json/wp/v2/taxonomies?context=edit&_locale=user HTTP/1.1" 200 14837 "http://drivebackmachine.net/wp-admin/post.php?post=1&action=edit" "Mozilla/5.0 (Windows NT 10.0; Win64; x64) AppleWebKit/537.36 (KHTML, like Gecko) Chrome/149.0.0.0 Safari/537.36"
107.13.46.68 - - [01/Jul/2026:20:12:50 -0400] "POST /wp-admin/admin-ajax.php HTTP/1.1" 200 598 "http://drivebackmachine.net/wp-admin/post.php?post=1&action=edit" "Mozilla/5.0 (Windows NT 10.0; Win64; x64) AppleWebKit/537.36 (KHTML, like Gecko) Chrome/149.0.0.0 Safari/537.36"
107.13.46.68 - - [01/Jul/2026:20:12:50 -0400] "GET /wp-admin/edit.php HTTP/1.1" 200 15923 "http://drivebackmachine.net/wp-admin/edit.php?post_type=page" "Mozilla/5.0 (Windows NT 10.0; Win64; x64) AppleWebKit/537.36 (KHTML, like Gecko) Chrome/149.0.0.0 Safari/537.36"
107.13.46.68 - - [01/Jul/2026:20:12:51 -0400] "POST /wp-admin/admin-ajax.php HTTP/1.1" 200 652 "http://drivebackmachine.net/wp-admin/edit.php" "Mozilla/5.0 (Windows NT 10.0; Win64; x64) AppleWebKit/537.36 (KHTML, like Gecko) Chrome/149.0.0.0 Safari/537.36"
107.13.46.68 - - [01/Jul/2026:20:12:54 -0400] "GET /wp-admin/post.php?post=1&action=trash&_wpnonce=c4d4bcef9c HTTP/1.1" 302 545 "http://drivebackmachine.net/wp-admin/edit.php" "Mozilla/5.0 (Windows NT 10.0; Win64; x64) AppleWebKit/537.36 (KHTML, like Gecko) Chrome/149.0.0.0 Safari/537.36"
107.13.46.68 - - [01/Jul/2026:20:12:54 -0400] "GET /wp-admin/edit.php?trashed=1&ids=1 HTTP/1.1" 200 13027 "http://drivebackmachine.net/wp-admin/edit.php" "Mozilla/5.0 (Windows NT 10.0; Win64; x64) AppleWebKit/537.36 (KHTML, like Gecko) Chrome/149.0.0.0 Safari/537.36"
107.13.46.68 - - [01/Jul/2026:20:12:55 -0400] "POST /wp-admin/admin-ajax.php HTTP/1.1" 200 652 "http://drivebackmachine.net/wp-admin/edit.php" "Mozilla/5.0 (Windows NT 10.0; Win64; x64) AppleWebKit/537.36 (KHTML, like Gecko) Chrome/149.0.0.0 Safari/537.36"
159.223.211.139 - - [01/Jul/2026:20:12:55 -0400] "GET / HTTP/1.1" 200 6771 "-" "Mozilla/5.0 (iPhone; CPU iPhone OS 17_5 like Mac OS X) AppleWebKit/605.1.15 (KHTML, like Gecko) Version/17.5 Mobile/15E148 Safari/605.1.15"
107.13.46.68 - - [01/Jul/2026:20:12:58 -0400] "GET /wp-admin/edit-comments.php HTTP/1.1" 200 15399 "http://drivebackmachine.net/wp-admin/edit.php" "Mozilla/5.0 (Windows NT 10.0; Win64; x64) AppleWebKit/537.36 (KHTML, like Gecko) Chrome/149.0.0.0 Safari/537.36"
159.223.211.139 - - [01/Jul/2026:20:12:58 -0400] "GET /.git/HEAD HTTP/1.1" 404 32188 "-" "Mozilla/5.0 (Linux; Android 10; K) AppleWebKit/537.36 (KHTML, like Gecko) Chrome/126.0.0.0 Mobile Safari/537.36"
107.13.46.68 - - [01/Jul/2026:20:12:59 -0400] "GET /wp-admin/edit.php?post_type=literature-item HTTP/1.1" 200 14076 "http://drivebackmachine.net/wp-admin/edit-comments.php" "Mozilla/5.0 (Windows NT 10.0; Win64; x64) AppleWebKit/537.36 (KHTML, like Gecko) Chrome/149.0.0.0 Safari/537.36"
107.13.46.68 - - [01/Jul/2026:20:13:00 -0400] "POST /wp-admin/admin-ajax.php HTTP/1.1" 200 652 "http://drivebackmachine.net/wp-admin/edit.php?post_type=literature-item" "Mozilla/5.0 (Windows NT 10.0; Win64; x64) AppleWebKit/537.36 (KHTML, like Gecko) Chrome/149.0.0.0 Safari/537.36"
159.223.211.139 - - [01/Jul/2026:20:13:00 -0400] "POST /template/aui/text-inline.vm HTTP/1.1" 404 32189 "-" "Mozilla/5.0 (X11; Linux x86_64; rv:127.0) Gecko/20100101 Firefox/127.0"
159.223.211.139 - - [01/Jul/2026:20:13:00 -0400] "GET / HTTP/1.1" 200 6771 "-" "Mozilla/5.0 (X11; Linux x86_64) AppleWebKit/537.36 (KHTML, like Gecko) Chrome/126.0.0.0 Safari/537.36"
159.223.211.139 - - [01/Jul/2026:20:13:00 -0400] "POST / HTTP/1.1" 200 6770 "-" "Mozilla/5.0 (X11; Linux x86_64) AppleWebKit/537.36 (KHTML, like Gecko) Chrome/126.0.0.0 Safari/537.36"
159.223.211.139 - - [01/Jul/2026:20:13:00 -0400] "GET /.env.old HTTP/1.1" 404 32189 "-" "Mozilla/5.0 (X11; Linux x86_64) AppleWebKit/537.36 (KHTML, like Gecko) Chrome/126.0.0.0 Safari/537.36"
159.223.211.139 - - [01/Jul/2026:20:13:00 -0400] "GET /hax?jsp=/app/rest/server HTTP/1.1" 404 32189 "-" "Mozilla/5.0 (Windows NT 10.0; Win64; x64) AppleWebKit/537.36 (KHTML, like Gecko) Chrome/126.0.0.0 Safari/537.36 Edg/126.0.0.0"
159.223.211.139 - - [01/Jul/2026:20:13:00 -0400] "POST / HTTP/1.1" 200 6771 "-" "Mozilla/5.0 (Macintosh; Intel Mac OS X 10_15_7) AppleWebKit/537.36 (KHTML, like Gecko) Chrome/126.0.0.0 Safari/537.36"
159.223.211.139 - - [01/Jul/2026:20:13:00 -0400] "GET /f2132ccb-7ef7-4bbd-8922-f627d3e34ecc.html HTTP/1.1" 404 32189 "-" "Mozilla/5.0 (X11; Linux x86_64; rv:127.0) Gecko/20100101 Firefox/127.0"
159.223.211.139 - - [01/Jul/2026:20:13:00 -0400] "GET /.env.backup HTTP/1.1" 404 32189 "-" "Mozilla/5.0 (X11; Linux x86_64; rv:127.0) Gecko/20100101 Firefox/127.0"
159.223.211.139 - - [01/Jul/2026:20:13:00 -0400] "GET /php-cgi/php-cgi.exe?%ADd+allow_url_include%3d1+%ADd+auto_prepend_file%3dphp://input HTTP/1.1" 404 32189 "-" "Mozilla/5.0 (Macintosh; Intel Mac OS X 10_15_7) AppleWebKit/537.36 (KHTML, like Gecko) Chrome/126.0.0.0 Safari/537.36"
159.223.211.139 - - [01/Jul/2026:20:13:00 -0400] "GET /res/404.html;.jsp/app/rest/users HTTP/1.1" 404 32189 "-" "Mozlila/5.0 (Linux; Android 7.0; SM-G892A Bulid/NRD90M; wv) AppleWebKit/537.36 (KHTML, like Gecko) Version/4.0 Chrome/60.0.3112.107 Moblie Safari/537.36"
159.223.211.139 - - [01/Jul/2026:20:13:01 -0400] "GET /res/../admin/dirContext.html?action=edit&path=../../config/internal.properties HTTP/1.1" 404 32189 "-" "Mozilla/5.0 (Windows NT 10.0; Win64; x64; rv:127.0) Gecko/20100101 Firefox/127.0"
159.223.211.139 - - [01/Jul/2026:20:13:01 -0400] "GET /.env.swp HTTP/1.1" 404 32189 "-" "Mozilla/5.0 (Linux; Android 10; K) AppleWebKit/537.36 (KHTML, like Gecko) Chrome/126.0.0.0 Mobile Safari/537.36"
159.223.211.139 - - [01/Jul/2026:20:13:01 -0400] "GET / HTTP/1.1" 200 6770 "-" "Mozilla/5.0 (X11; Linux x86_64; rv:127.0) Gecko/20100101 Firefox/127.0"
159.223.211.139 - - [01/Jul/2026:20:13:01 -0400] "GET /.env.save HTTP/1.1" 404 32188 "-" "Mozilla/5.0 (iPhone; CPU iPhone OS 17_5 like Mac OS X) AppleWebKit/605.1.15 (KHTML, like Gecko) Version/17.5 Mobile/15E148 Safari/605.1.15"
159.223.211.139 - - [01/Jul/2026:20:13:01 -0400] "GET /.env.bak HTTP/1.1" 404 32188 "-" "Mozilla/5.0 (Macintosh; Intel Mac OS X 10.15; rv:127.0) Gecko/20100101 Firefox/127.0"
159.223.211.139 - - [01/Jul/2026:20:13:02 -0400] "POST / HTTP/1.1" 200 6771 "-" "Mozilla/5.0 (Macintosh; Intel Mac OS X 10.15; rv:127.0) Gecko/20100101 Firefox/127.0"
159.223.211.139 - - [01/Jul/2026:20:13:02 -0400] "POST /setup/setupadministrator.action HTTP/1.1" 404 32189 "-" "Mozlila/5.0 (Linux; Android 7.0; SM-G892A Bulid/NRD90M; wv) AppleWebKit/537.36 (KHTML, like Gecko) Version/4.0 Chrome/60.0.3112.107 Moblie Safari/537.36"
159.223.211.139 - - [01/Jul/2026:20:13:02 -0400] "GET /server-info.action?bootstrapStatusProvider.applicationConfig.setupComplete=false HTTP/1.1" 404 32189 "-" "Mozilla/5.0 (Macintosh; Intel Mac OS X 10_15_7) AppleWebKit/605.1.15 (KHTML, like Gecko) Version/17.5 Safari/605.1.15"
159.223.211.139 - - [01/Jul/2026:20:13:02 -0400] "GET / HTTP/1.1" 200 6771 "-" "Mozilla/5.0 (Windows NT 10.0; Win64; x64) AppleWebKit/537.36 (KHTML, like Gecko) Chrome/126.0.0.0 Safari/537.36 Edg/126.0.0.0"
159.223.211.139 - - [01/Jul/2026:20:13:02 -0400] "GET /.env.bak HTTP/1.1" 404 32189 "-" "Mozilla/5.0 (Windows NT 10.0; Win64; x64) AppleWebKit/537.36 (KHTML, like Gecko) Chrome/126.0.0.0 Safari/537.36"
159.223.211.139 - - [01/Jul/2026:20:13:02 -0400] "POST / HTTP/1.1" 200 6771 "-" "Mozilla/5.0 (Windows NT 10.0; Win64; x64; rv:127.0) Gecko/20100101 Firefox/127.0"
107.13.46.68 - - [01/Jul/2026:20:13:02 -0400] "GET /wp-admin/post.php?post=24&action=edit HTTP/1.1" 200 72693 "http://drivebackmachine.net/wp-admin/edit.php?post_type=literature-item" "Mozilla/5.0 (Windows NT 10.0; Win64; x64) AppleWebKit/537.36 (KHTML, like Gecko) Chrome/149.0.0.0 Safari/537.36"
159.223.211.139 - - [01/Jul/2026:20:13:02 -0400] "GET /%2fbackend%2f%2eenv HTTP/1.1" 404 490 "-" "Mozilla/5.0 (Macintosh; Intel Mac OS X 10.15; rv:127.0) Gecko/20100101 Firefox/127.0"
159.223.211.139 - - [01/Jul/2026:20:13:02 -0400] "GET /%2f%2eenv HTTP/1.1" 404 490 "-" "Mozilla/5.0 (Macintosh; Intel Mac OS X 10_15_7) AppleWebKit/537.36 (KHTML, like Gecko) Chrome/126.0.0.0 Safari/537.36"
159.223.211.139 - - [01/Jul/2026:20:13:02 -0400] "POST /cli?remoting=false HTTP/1.1" 404 32188 "-" "Mozilla/5.0 (iPhone; CPU iPhone OS 17_5 like Mac OS X) AppleWebKit/605.1.15 (KHTML, like Gecko) Version/17.5 Mobile/15E148 Safari/605.1.15"
159.223.211.139 - - [01/Jul/2026:20:13:02 -0400] "GET /.env.old/81e863fe-e2f6-49e7-a94a-1d91a7d01ea0.html HTTP/1.1" 404 32188 "-" "Mozilla/5.0 (iPhone; CPU iPhone OS 17_5 like Mac OS X) AppleWebKit/605.1.15 (KHTML, like Gecko) Version/17.5 Mobile/15E148 Safari/605.1.15"
159.223.211.139 - - [01/Jul/2026:20:13:02 -0400] "GET /jnlpJars/jenkins-cli.jar HTTP/1.1" 404 32188 "-" "Mozilla/5.0 (iPhone; CPU iPhone OS 17_5 like Mac OS X) AppleWebKit/605.1.15 (KHTML, like Gecko) Version/17.5 Mobile/15E148 Safari/605.1.15"
159.223.211.139 - - [01/Jul/2026:20:13:02 -0400] "POST /ssl-vpn/hipreport.esp HTTP/1.1" 404 32188 "-" "Mozilla/5.0 (X11; Linux x86_64) AppleWebKit/537.36 (KHTML, like Gecko) Chrome/126.0.0.0 Safari/537.36"
159.223.211.139 - - [01/Jul/2026:20:13:02 -0400] "GET /%62ackend/%2eenv HTTP/1.1" 404 32188 "-" "Mozilla/5.0 (Macintosh; Intel Mac OS X 10.15; rv:127.0) Gecko/20100101 Firefox/127.0"
159.223.211.139 - - [01/Jul/2026:20:13:02 -0400] "GET /.aws/config HTTP/1.1" 404 32188 "-" "Mozilla/5.0 (Windows NT 10.0; Win64; x64) AppleWebKit/537.36 (KHTML, like Gecko) Chrome/126.0.0.0 Safari/537.36 Edg/126.0.0.0"
159.223.211.139 - - [01/Jul/2026:20:13:02 -0400] "GET /.env.save HTTP/1.1" 404 32189 "-" "Mozilla/5.0 (Windows NT 10.0; Win64; x64) AppleWebKit/537.36 (KHTML, like Gecko) Chrome/126.0.0.0 Safari/537.36 Edg/126.0.0.0"
159.223.211.139 - - [01/Jul/2026:20:13:03 -0400] "GET /.git/config HTTP/1.1" 404 32189 "-" "Mozilla/5.0 (X11; Linux x86_64; rv:127.0) Gecko/20100101 Firefox/127.0"
107.13.46.68 - - [01/Jul/2026:20:13:03 -0400] "OPTIONS /wp-json/wp/v2/settings?_locale=user HTTP/1.1" 200 6058 "http://drivebackmachine.net/wp-admin/post.php?post=24&action=edit" "Mozilla/5.0 (Windows NT 10.0; Win64; x64) AppleWebKit/537.36 (KHTML, like Gecko) Chrome/149.0.0.0 Safari/537.36"
107.13.46.68 - - [01/Jul/2026:20:13:03 -0400] "GET /wp-json/wp/v2/templates/lookup?slug=front-page&_locale=user HTTP/1.1" 200 658 "http://drivebackmachine.net/wp-admin/post.php?post=24&action=edit" "Mozilla/5.0 (Windows NT 10.0; Win64; x64) AppleWebKit/537.36 (KHTML, like Gecko) Chrome/149.0.0.0 Safari/537.36"
107.13.46.68 - - [01/Jul/2026:20:13:03 -0400] "GET /wp-json/wp/v2/wp_pattern_category?context=view&per_page=100&_fields=id%2Cname%2Cdescription%2Cslug&_locale=user HTTP/1.1" 200 699 "http://drivebackmachine.net/wp-admin/post.php?post=24&action=edit" "Mozilla/5.0 (Windows NT 10.0; Win64; x64) AppleWebKit/537.36 (KHTML, like Gecko) Chrome/149.0.0.0 Safari/537.36"
107.13.46.68 - - [01/Jul/2026:20:13:03 -0400] "GET /wp-json/wp/v2/taxonomies?context=edit&_locale=user HTTP/1.1" 200 14837 "http://drivebackmachine.net/wp-admin/post.php?post=24&action=edit" "Mozilla/5.0 (Windows NT 10.0; Win64; x64) AppleWebKit/537.36 (KHTML, like Gecko) Chrome/149.0.0.0 Safari/537.36"
107.13.46.68 - - [01/Jul/2026:20:13:03 -0400] "GET /wp-json/wp/v2/blocks?context=edit&per_page=100&page=1&_locale=user HTTP/1.1" 200 700 "http://drivebackmachine.net/wp-admin/post.php?post=24&action=edit" "Mozilla/5.0 (Windows NT 10.0; Win64; x64) AppleWebKit/537.36 (KHTML, like Gecko) Chrome/149.0.0.0 Safari/537.36"
107.13.46.68 - - [01/Jul/2026:20:13:03 -0400] "GET /wp-json/wp/v2/taxonomies?context=edit&per_page=100&_locale=user HTTP/1.1" 200 14838 "http://drivebackmachine.net/wp-admin/post.php?post=24&action=edit" "Mozilla/5.0 (Windows NT 10.0; Win64; x64) AppleWebKit/537.36 (KHTML, like Gecko) Chrome/149.0.0.0 Safari/537.36"
107.13.46.68 - - [01/Jul/2026:20:13:03 -0400] "OPTIONS /wp-json/wp/v2/literature-item?_locale=user HTTP/1.1" 200 16837 "http://drivebackmachine.net/wp-admin/post.php?post=24&action=edit" "Mozilla/5.0 (Windows NT 10.0; Win64; x64) AppleWebKit/537.36 (KHTML, like Gecko) Chrome/149.0.0.0 Safari/537.36"
107.13.46.68 - - [01/Jul/2026:20:13:03 -0400] "GET /wp-json/wp/v2/media/26?context=view&_locale=user HTTP/1.1" 200 6023 "http://drivebackmachine.net/wp-admin/post.php?post=24&action=edit" "Mozilla/5.0 (Windows NT 10.0; Win64; x64) AppleWebKit/537.36 (KHTML, like Gecko) Chrome/149.0.0.0 Safari/537.36"
107.13.46.68 - - [01/Jul/2026:20:13:03 -0400] "GET /wp-json/wp/v2/block-patterns/patterns?_locale=user HTTP/1.1" 200 164724 "http://drivebackmachine.net/wp-admin/post.php?post=24&action=edit" "Mozilla/5.0 (Windows NT 10.0; Win64; x64) AppleWebKit/537.36 (KHTML, like Gecko) Chrome/149.0.0.0 Safari/537.36"
107.13.46.68 - - [01/Jul/2026:20:13:03 -0400] "GET /wp-json/wp/v2/model?context=view&per_page=10&orderby=count&order=desc&hide_empty=true&_fields=id%2Cname%2Ccount&_locale=user HTTP/1.1" 200 699 "http://drivebackmachine.net/wp-admin/post.php?post=24&action=edit" "Mozilla/5.0 (Windows NT 10.0; Win64; x64) AppleWebKit/537.36 (KHTML, like Gecko) Chrome/149.0.0.0 Safari/537.36"
107.13.46.68 - - [01/Jul/2026:20:13:03 -0400] "GET /wp-content/uploads/2026/07/20250203_162656-1024x713.jpg HTTP/1.1" 304 250 "http://drivebackmachine.net/wp-admin/post.php?post=24&action=edit" "Mozilla/5.0 (Windows NT 10.0; Win64; x64) AppleWebKit/537.36 (KHTML, like Gecko) Chrome/149.0.0.0 Safari/537.36"
107.13.46.68 - - [01/Jul/2026:20:13:03 -0400] "GET /wp-json/wp/v2/make?context=view&per_page=10&orderby=count&order=desc&hide_empty=true&_fields=id%2Cname%2Ccount&_locale=user HTTP/1.1" 200 699 "http://drivebackmachine.net/wp-admin/post.php?post=24&action=edit" "Mozilla/5.0 (Windows NT 10.0; Win64; x64) AppleWebKit/537.36 (KHTML, like Gecko) Chrome/149.0.0.0 Safari/537.36"
107.13.46.68 - - [01/Jul/2026:20:13:03 -0400] "GET /wp-json/wp/v2/modelyear?context=view&per_page=100&_fields=id%2Cname&include=7&_locale=user HTTP/1.1" 200 722 "http://drivebackmachine.net/wp-admin/post.php?post=24&action=edit" "Mozilla/5.0 (Windows NT 10.0; Win64; x64) AppleWebKit/537.36 (KHTML, like Gecko) Chrome/149.0.0.0 Safari/537.36"
107.13.46.68 - - [01/Jul/2026:20:13:03 -0400] "GET /wp-json/wp/v2/modelyear?context=view&per_page=10&orderby=count&order=desc&hide_empty=true&_fields=id%2Cname%2Ccount&_locale=user HTTP/1.1" 200 732 "http://drivebackmachine.net/wp-admin/post.php?post=24&action=edit" "Mozilla/5.0 (Windows NT 10.0; Win64; x64) AppleWebKit/537.36 (KHTML, like Gecko) Chrome/149.0.0.0 Safari/537.36"
159.223.211.139 - - [01/Jul/2026:20:13:03 -0400] "GET /.circleci/config.yml HTTP/1.1" 404 32188 "-" "Mozilla/5.0 (Macintosh; Intel Mac OS X 10_15_7) AppleWebKit/605.1.15 (KHTML, like Gecko) Version/17.5 Safari/605.1.15"
159.223.211.139 - - [01/Jul/2026:20:13:03 -0400] "GET /.aws/credentials HTTP/1.1" 404 32188 "-" "Mozilla/5.0 (X11; Linux x86_64; rv:127.0) Gecko/20100101 Firefox/127.0"
159.223.211.139 - - [01/Jul/2026:20:13:03 -0400] "GET /.env HTTP/1.1" 404 32188 "-" "Mozlila/5.0 (Linux; Android 7.0; SM-G892A Bulid/NRD90M; wv) AppleWebKit/537.36 (KHTML, like Gecko) Version/4.0 Chrome/60.0.3112.107 Moblie Safari/537.36"
159.223.211.139 - - [01/Jul/2026:20:13:03 -0400] "GET /.env.backup HTTP/1.1" 404 32188 "-" "Mozlila/5.0 (Linux; Android 7.0; SM-G892A Bulid/NRD90M; wv) AppleWebKit/537.36 (KHTML, like Gecko) Version/4.0 Chrome/60.0.3112.107 Moblie Safari/537.36"
159.223.211.139 - - [01/Jul/2026:20:13:03 -0400] "GET /.env.config HTTP/1.1" 404 32188 "-" "Mozilla/5.0 (Linux; Android 10; K) AppleWebKit/537.36 (KHTML, like Gecko) Chrome/126.0.0.0 Mobile Safari/537.36"
159.223.211.139 - - [01/Jul/2026:20:13:03 -0400] "GET /.env.bak HTTP/1.1" 404 32188 "-" "Mozilla/5.0 (Windows NT 10.0; Win64; x64; rv:127.0) Gecko/20100101 Firefox/127.0"
159.223.211.139 - - [01/Jul/2026:20:13:04 -0400] "GET /.env.dev.local HTTP/1.1" 404 32188 "-" "Mozlila/5.0 (Linux; Android 7.0; SM-G892A Bulid/NRD90M; wv) AppleWebKit/537.36 (KHTML, like Gecko) Version/4.0 Chrome/60.0.3112.107 Moblie Safari/537.36"
159.223.211.139 - - [01/Jul/2026:20:13:04 -0400] "GET /.env.dev HTTP/1.1" 404 32188 "-" "Mozilla/5.0 (X11; Linux x86_64; rv:127.0) Gecko/20100101 Firefox/127.0"
159.223.211.139 - - [01/Jul/2026:20:13:04 -0400] "GET /.env.development HTTP/1.1" 404 32188 "-" "Mozilla/5.0 (X11; Linux x86_64; rv:127.0) Gecko/20100101 Firefox/127.0"
159.223.211.139 - - [01/Jul/2026:20:13:04 -0400] "GET /%2eenv HTTP/1.1" 404 32188 "-" "Mozilla/5.0 (Linux; Android 10; K) AppleWebKit/537.36 (KHTML, like Gecko) Chrome/126.0.0.0 Mobile Safari/537.36"
159.223.211.139 - - [01/Jul/2026:20:13:04 -0400] "POST / HTTP/1.1" 200 6771 "-" "Mozilla/5.0 (Macintosh; Intel Mac OS X 10.15; rv:127.0) Gecko/20100101 Firefox/127.0"
159.223.211.139 - - [01/Jul/2026:20:13:04 -0400] "GET /api/v1/totp/user-backup-code/../../system/maintenance/archiving/cloud-server-test-connection HTTP/1.1" 404 32188 "-" "Mozilla/5.0 (Windows NT 10.0; Win64; x64) AppleWebKit/537.36 (KHTML, like Gecko) Chrome/126.0.0.0 Safari/537.36 Edg/126.0.0.0"
159.223.211.139 - - [01/Jul/2026:20:13:04 -0400] "GET /.env.debug HTTP/1.1" 404 32188 "-" "Mozilla/5.0 (Windows NT 10.0; Win64; x64) AppleWebKit/537.36 (KHTML, like Gecko) Chrome/126.0.0.0 Safari/537.36 Edg/126.0.0.0"
159.223.211.139 - - [01/Jul/2026:20:13:04 -0400] "POST /mgmt/tm/util/bash HTTP/1.1" 404 32133 "-" "Mozilla/5.0 (Macintosh; Intel Mac OS X 10.15; rv:127.0) Gecko/20100101 Firefox/127.0"
159.223.211.139 - `id` [01/Jul/2026:20:13:04 -0400] "GET /access/set HTTP/1.1" 404 32188 "-" "Mozilla/5.0 (X11; Linux x86_64; rv:127.0) Gecko/20100101 Firefox/127.0"
159.223.211.139 - - [01/Jul/2026:20:13:04 -0400] "GET /.env~ HTTP/1.1" 404 32189 "-" "Mozilla/5.0 (Windows NT 10.0; Win64; x64) AppleWebKit/537.36 (KHTML, like Gecko) Chrome/126.0.0.0 Safari/537.36"
159.223.211.139 - - [01/Jul/2026:20:13:04 -0400] "GET /.env.swp HTTP/1.1" 404 32189 "-" "Mozilla/5.0 (Macintosh; Intel Mac OS X 10_15_7) AppleWebKit/605.1.15 (KHTML, like Gecko) Version/17.5 Safari/605.1.15"
::1 - - [01/Jul/2026:20:13:05 -0400] "OPTIONS * HTTP/1.0" 200 126 "-" "Apache/2.4.58 (Ubuntu) OpenSSL/3.0.13 (internal dummy connection)"
::1 - - [01/Jul/2026:20:13:06 -0400] "OPTIONS * HTTP/1.0" 200 126 "-" "Apache/2.4.58 (Ubuntu) OpenSSL/3.0.13 (internal dummy connection)"
159.223.211.139 - - [01/Jul/2026:20:13:06 -0400] "GET /.env.orig HTTP/1.1" 404 32189 "-" "Mozilla/5.0 (Macintosh; Intel Mac OS X 10_15_7) AppleWebKit/605.1.15 (KHTML, like Gecko) Version/17.5 Safari/605.1.15"
159.223.211.139 - - [01/Jul/2026:20:13:07 -0400] "GET /.env~ HTTP/1.1" 404 32189 "-" "Mozlila/5.0 (Linux; Android 7.0; SM-G892A Bulid/NRD90M; wv) AppleWebKit/537.36 (KHTML, like Gecko) Version/4.0 Chrome/60.0.3112.107 Moblie Safari/537.36"
::1 - - [01/Jul/2026:20:13:07 -0400] "OPTIONS * HTTP/1.0" 200 126 "-" "Apache/2.4.58 (Ubuntu) OpenSSL/3.0.13 (internal dummy connection)"
::1 - - [01/Jul/2026:20:13:08 -0400] "OPTIONS * HTTP/1.0" 200 126 "-" "Apache/2.4.58 (Ubuntu) OpenSSL/3.0.13 (internal dummy connection)"
::1 - - [01/Jul/2026:20:13:09 -0400] "OPTIONS * HTTP/1.0" 200 126 "-" "Apache/2.4.58 (Ubuntu) OpenSSL/3.0.13 (internal dummy connection)"
::1 - - [01/Jul/2026:20:13:10 -0400] "OPTIONS * HTTP/1.0" 200 126 "-" "Apache/2.4.58 (Ubuntu) OpenSSL/3.0.13 (internal dummy connection)"
::1 - - [01/Jul/2026:20:13:11 -0400] "OPTIONS * HTTP/1.0" 200 126 "-" "Apache/2.4.58 (Ubuntu) OpenSSL/3.0.13 (internal dummy connection)"
107.13.46.68 - - [01/Jul/2026:20:13:12 -0400] "GET /wp-json/wp/v2/make?context=view&per_page=100&_fields=id%2Cname&search=geo&_locale=user HTTP/1.1" 200 700 "http://drivebackmachine.net/wp-admin/post.php?post=24&action=edit" "Mozilla/5.0 (Windows NT 10.0; Win64; x64) AppleWebKit/537.36 (KHTML, like Gecko) Chrome/149.0.0.0 Safari/537.36"
::1 - - [01/Jul/2026:20:13:12 -0400] "OPTIONS * HTTP/1.0" 200 126 "-" "Apache/2.4.58 (Ubuntu) OpenSSL/3.0.13 (internal dummy connection)"
107.13.46.68 - - [01/Jul/2026:20:13:12 -0400] "POST /wp-admin/admin-ajax.php HTTP/1.1" 200 703 "http://drivebackmachine.net/wp-admin/post.php?post=24&action=edit" "Mozilla/5.0 (Windows NT 10.0; Win64; x64) AppleWebKit/537.36 (KHTML, like Gecko) Chrome/149.0.0.0 Safari/537.36"
::1 - - [01/Jul/2026:20:13:13 -0400] "OPTIONS * HTTP/1.0" 200 126 "-" "Apache/2.4.58 (Ubuntu) OpenSSL/3.0.13 (internal dummy connection)"
::1 - - [01/Jul/2026:20:13:14 -0400] "OPTIONS * HTTP/1.0" 200 126 "-" "Apache/2.4.58 (Ubuntu) OpenSSL/3.0.13 (internal dummy connection)"
159.223.211.139 - - [01/Jul/2026:20:13:14 -0400] "GET /repository/repo-name/.json HTTP/1.1" 404 32189 "-" "Mozilla/5.0 (Windows NT 10.0; Win64; x64; rv:127.0) Gecko/20100101 Firefox/127.0"
159.223.211.139 - - [01/Jul/2026:20:13:14 -0400] "POST /clients/MyCRL HTTP/1.1" 404 32189 "-" "Mozilla/5.0 (Macintosh; Intel Mac OS X 10_15_7) AppleWebKit/605.1.15 (KHTML, like Gecko) Version/17.5 Safari/605.1.15"
::1 - - [01/Jul/2026:20:13:15 -0400] "OPTIONS * HTTP/1.0" 200 126 "-" "Apache/2.4.58 (Ubuntu) OpenSSL/3.0.13 (internal dummy connection)"
159.223.211.139 - - [01/Jul/2026:20:13:15 -0400] "GET /geoserver/ows?service=WFS&version=2.0.0&request=GetCapabilities HTTP/1.1" 404 32189 "-" "Mozilla/5.0 (X11; Linux x86_64) AppleWebKit/537.36 (KHTML, like Gecko) Chrome/126.0.0.0 Safari/537.36"
107.13.46.68 - - [01/Jul/2026:20:13:16 -0400] "GET /wp-json/wp/v2/make?context=view&per_page=100&_fields=id%2Cname&search=Geo&_locale=user HTTP/1.1" 200 699 "http://drivebackmachine.net/wp-admin/post.php?post=24&action=edit" "Mozilla/5.0 (Windows NT 10.0; Win64; x64) AppleWebKit/537.36 (KHTML, like Gecko) Chrome/149.0.0.0 Safari/537.36"
159.223.211.139 - - [01/Jul/2026:20:13:16 -0400] "GET /.env.development.local HTTP/1.1" 404 32189 "-" "Mozilla/5.0 (Windows NT 10.0; Win64; x64) AppleWebKit/537.36 (KHTML, like Gecko) Chrome/126.0.0.0 Safari/537.36 Edg/126.0.0.0"
159.223.211.139 - - [01/Jul/2026:20:13:16 -0400] "GET /.env.example.local HTTP/1.1" 404 32189 "-" "Mozlila/5.0 (Linux; Android 7.0; SM-G892A Bulid/NRD90M; wv) AppleWebKit/537.36 (KHTML, like Gecko) Version/4.0 Chrome/60.0.3112.107 Moblie Safari/537.36"
159.223.211.139 - - [01/Jul/2026:20:13:16 -0400] "GET /.env.docker.dev HTTP/1.1" 404 32189 "-" "Mozlila/5.0 (Linux; Android 7.0; SM-G892A Bulid/NRD90M; wv) AppleWebKit/537.36 (KHTML, like Gecko) Version/4.0 Chrome/60.0.3112.107 Moblie Safari/537.36"
159.223.211.139 - - [01/Jul/2026:20:13:16 -0400] "GET /.env.tmp HTTP/1.1" 404 32188 "-" "Mozilla/5.0 (X11; Linux x86_64; rv:127.0) Gecko/20100101 Firefox/127.0"
::1 - - [01/Jul/2026:20:13:16 -0400] "OPTIONS * HTTP/1.0" 200 126 "-" "Apache/2.4.58 (Ubuntu) OpenSSL/3.0.13 (internal dummy connection)"
159.223.211.139 - - [01/Jul/2026:20:13:16 -0400] "GET /.env.dist HTTP/1.1" 404 32189 "-" "Mozilla/5.0 (Windows NT 10.0; Win64; x64) AppleWebKit/537.36 (KHTML, like Gecko) Chrome/126.0.0.0 Safari/537.36"
159.223.211.139 - - [01/Jul/2026:20:13:16 -0400] "GET /.env.keys HTTP/1.1" 404 32189 "-" "Mozilla/5.0 (X11; Linux x86_64; rv:127.0) Gecko/20100101 Firefox/127.0"
159.223.211.139 - - [01/Jul/2026:20:13:16 -0400] "GET /.git/index HTTP/1.1" 404 32189 "-" "Mozilla/5.0 (iPhone; CPU iPhone OS 17_5 like Mac OS X) AppleWebKit/605.1.15 (KHTML, like Gecko) Version/17.5 Mobile/15E148 Safari/605.1.15"
159.223.211.139 - - [01/Jul/2026:20:13:16 -0400] "GET /.env.dist HTTP/1.1" 404 32189 "-" "Mozilla/5.0 (Macintosh; Intel Mac OS X 10.15; rv:127.0) Gecko/20100101 Firefox/127.0"
159.223.211.139 - - [01/Jul/2026:20:13:16 -0400] "GET /AHT/Transfer.aspx HTTP/1.1" 404 32189 "-" "Mozilla/5.0 (Macintosh; Intel Mac OS X 10.15; rv:127.0) Gecko/20100101 Firefox/127.0"
159.223.211.139 - - [01/Jul/2026:20:13:16 -0400] "GET /.env.live HTTP/1.1" 404 32189 "-" "Mozlila/5.0 (Linux; Android 7.0; SM-G892A Bulid/NRD90M; wv) AppleWebKit/537.36 (KHTML, like Gecko) Version/4.0 Chrome/60.0.3112.107 Moblie Safari/537.36"
159.223.211.139 - - [01/Jul/2026:20:13:17 -0400] "GET /.env.example HTTP/1.1" 404 32189 "-" "Mozilla/5.0 (Windows NT 10.0; Win64; x64) AppleWebKit/537.36 (KHTML, like Gecko) Chrome/126.0.0.0 Safari/537.36 Edg/126.0.0.0"
159.223.211.139 - - [01/Jul/2026:20:13:17 -0400] "GET /repository/repo-name/.json HTTP/1.1" 404 32189 "-" "Mozilla/5.0 (Windows NT 10.0; Win64; x64; rv:127.0) Gecko/20100101 Firefox/127.0"
159.223.211.139 - - [01/Jul/2026:20:13:17 -0400] "GET /api/message?destination=queue://test HTTP/1.1" 404 32189 "-" "Mozilla/5.0 (Macintosh; Intel Mac OS X 10_15_7) AppleWebKit/605.1.15 (KHTML, like Gecko) Version/17.5 Safari/605.1.15"
159.223.211.139 - - [01/Jul/2026:20:13:17 -0400] "POST /clients/MyCRL HTTP/1.1" 404 32189 "-" "Mozilla/5.0 (Windows NT 10.0; Win64; x64) AppleWebKit/537.36 (KHTML, like Gecko) Chrome/126.0.0.0 Safari/537.36"
159.223.211.139 - - [01/Jul/2026:20:13:17 -0400] "GET /php/ztp_gate.php HTTP/1.1" 404 32189 "-" "Mozilla/5.0 (X11; Linux x86_64; rv:127.0) Gecko/20100101 Firefox/127.0"
159.223.211.139 - - [01/Jul/2026:20:13:17 -0400] "POST / HTTP/1.1" 200 6771 "-" "Mozilla/5.0 (X11; Linux x86_64) AppleWebKit/537.36 (KHTML, like Gecko) Chrome/126.0.0.0 Safari/537.36"
::1 - - [01/Jul/2026:20:13:17 -0400] "OPTIONS * HTTP/1.0" 200 126 "-" "Apache/2.4.58 (Ubuntu) OpenSSL/3.0.13 (internal dummy connection)"
159.223.211.139 - - [01/Jul/2026:20:13:17 -0400] "GET /.env.local HTTP/1.1" 404 32188 "-" "Mozilla/5.0 (iPhone; CPU iPhone OS 17_5 like Mac OS X) AppleWebKit/605.1.15 (KHTML, like Gecko) Version/17.5 Mobile/15E148 Safari/605.1.15"
159.223.211.139 - - [01/Jul/2026:20:13:17 -0400] "GET /.env.old HTTP/1.1" 404 32188 "-" "Mozilla/5.0 (Macintosh; Intel Mac OS X 10_15_7) AppleWebKit/537.36 (KHTML, like Gecko) Chrome/126.0.0.0 Safari/537.36"
159.223.211.139 - - [01/Jul/2026:20:13:17 -0400] "GET /.env.override HTTP/1.1" 404 32189 "-" "Mozilla/5.0 (Linux; Android 10; K) AppleWebKit/537.36 (KHTML, like Gecko) Chrome/126.0.0.0 Mobile Safari/537.36"
159.223.211.139 - - [01/Jul/2026:20:13:17 -0400] "GET /.env.dev HTTP/1.1" 404 32189 "-" "Mozilla/5.0 (Macintosh; Intel Mac OS X 10_15_7) AppleWebKit/605.1.15 (KHTML, like Gecko) Version/17.5 Safari/605.1.15"
159.223.211.139 - - [01/Jul/2026:20:13:17 -0400] "GET /wp-config.php.bak HTTP/1.1" 404 32189 "-" "Mozilla/5.0 (Windows NT 10.0; Win64; x64) AppleWebKit/537.36 (KHTML, like Gecko) Chrome/126.0.0.0 Safari/537.36 Edg/126.0.0.0"
159.223.211.139 - - [01/Jul/2026:20:13:17 -0400] "GET /wp-config.php.backup HTTP/1.1" 404 32189 "-" "Mozilla/5.0 (X11; Linux x86_64) AppleWebKit/537.36 (KHTML, like Gecko) Chrome/126.0.0.0 Safari/537.36"
159.223.211.139 - - [01/Jul/2026:20:13:17 -0400] "GET /.env.private HTTP/1.1" 404 32188 "-" "Mozilla/5.0 (Macintosh; Intel Mac OS X 10_15_7) AppleWebKit/537.36 (KHTML, like Gecko) Chrome/126.0.0.0 Safari/537.36"
159.223.211.139 - - [01/Jul/2026:20:13:17 -0400] "GET /.env.php HTTP/1.1" 404 32189 "-" "Mozlila/5.0 (Linux; Android 7.0; SM-G892A Bulid/NRD90M; wv) AppleWebKit/537.36 (KHTML, like Gecko) Version/4.0 Chrome/60.0.3112.107 Moblie Safari/537.36"
159.223.211.139 - - [01/Jul/2026:20:13:18 -0400] "GET /.env.prod HTTP/1.1" 404 32188 "-" "Mozilla/5.0 (Macintosh; Intel Mac OS X 10_15_7) AppleWebKit/605.1.15 (KHTML, like Gecko) Version/17.5 Safari/605.1.15"
159.223.211.139 - - [01/Jul/2026:20:13:18 -0400] "GET /.env.production HTTP/1.1" 404 32188 "-" "Mozilla/5.0 (Windows NT 10.0; Win64; x64; rv:127.0) Gecko/20100101 Firefox/127.0"
159.223.211.139 - - [01/Jul/2026:20:13:18 -0400] "GET /.env.prod.local HTTP/1.1" 404 32188 "-" "Mozilla/5.0 (X11; Linux x86_64) AppleWebKit/537.36 (KHTML, like Gecko) Chrome/126.0.0.0 Safari/537.36"
159.223.211.139 - - [01/Jul/2026:20:13:18 -0400] "GET /.env.sample HTTP/1.1" 404 32188 "-" "Mozilla/5.0 (X11; Linux x86_64) AppleWebKit/537.36 (KHTML, like Gecko) Chrome/126.0.0.0 Safari/537.36"
159.223.211.139 - - [01/Jul/2026:20:13:18 -0400] "GET /.env.production.local HTTP/1.1" 404 32188 "-" "Mozilla/5.0 (X11; Linux x86_64; rv:127.0) Gecko/20100101 Firefox/127.0"
159.223.211.139 - - [01/Jul/2026:20:13:18 -0400] "GET /.env.save HTTP/1.1" 404 32188 "-" "Mozilla/5.0 (X11; Linux x86_64) AppleWebKit/537.36 (KHTML, like Gecko) Chrome/126.0.0.0 Safari/537.36"
159.223.211.139 - - [01/Jul/2026:20:13:18 -0400] "GET /wp-config.php.old HTTP/1.1" 404 32188 "-" "Mozilla/5.0 (Windows NT 10.0; Win64; x64) AppleWebKit/537.36 (KHTML, like Gecko) Chrome/126.0.0.0 Safari/537.36"
159.223.211.139 - - [01/Jul/2026:20:13:18 -0400] "GET /.git/logs/HEAD HTTP/1.1" 404 32188 "-" "Mozilla/5.0 (Windows NT 10.0; Win64; x64; rv:127.0) Gecko/20100101 Firefox/127.0"
159.223.211.139 - - [01/Jul/2026:20:13:18 -0400] "GET /wp-config.php.save HTTP/1.1" 404 32188 "-" "Mozilla/5.0 (Macintosh; Intel Mac OS X 10.15; rv:127.0) Gecko/20100101 Firefox/127.0"
159.223.211.139 - - [01/Jul/2026:20:13:18 -0400] "GET /.env.secure HTTP/1.1" 404 32188 "-" "Mozilla/5.0 (Macintosh; Intel Mac OS X 10_15_7) AppleWebKit/605.1.15 (KHTML, like Gecko) Version/17.5 Safari/605.1.15"
159.223.211.139 - - [01/Jul/2026:20:13:19 -0400] "GET /.env.keys HTTP/1.1" 404 32188 "-" "Mozilla/5.0 (Macintosh; Intel Mac OS X 10_15_7) AppleWebKit/605.1.15 (KHTML, like Gecko) Version/17.5 Safari/605.1.15"
159.223.211.139 - - [01/Jul/2026:20:13:19 -0400] "GET /.env.settings HTTP/1.1" 404 32188 "-" "Mozilla/5.0 (X11; Linux x86_64; rv:127.0) Gecko/20100101 Firefox/127.0"
159.223.211.139 - - [01/Jul/2026:20:13:19 -0400] "POST / HTTP/1.1" 200 6770 "-" "Mozilla/5.0 (Windows NT 10.0; Win64; x64) AppleWebKit/537.36 (KHTML, like Gecko) Chrome/126.0.0.0 Safari/537.36 Edg/126.0.0.0"
159.223.211.139 - - [01/Jul/2026:20:13:19 -0400] "GET /.env.stage HTTP/1.1" 404 32188 "-" "Mozlila/5.0 (Linux; Android 7.0; SM-G892A Bulid/NRD90M; wv) AppleWebKit/537.36 (KHTML, like Gecko) Version/4.0 Chrome/60.0.3112.107 Moblie Safari/537.36"
159.223.211.139 - - [01/Jul/2026:20:13:19 -0400] "GET /.env.stage.local HTTP/1.1" 404 32188 "-" "Mozilla/5.0 (Macintosh; Intel Mac OS X 10.15; rv:127.0) Gecko/20100101 Firefox/127.0"
159.223.211.139 - - [01/Jul/2026:20:13:19 -0400] "GET /.env.staging HTTP/1.1" 404 32188 "-" "Mozilla/5.0 (Linux; Android 10; K) AppleWebKit/537.36 (KHTML, like Gecko) Chrome/126.0.0.0 Mobile Safari/537.36"
159.223.211.139 - - [01/Jul/2026:20:13:19 -0400] "GET /wp-config.php.swp HTTP/1.1" 404 32188 "-" "Mozilla/5.0 (Macintosh; Intel Mac OS X 10_15_7) AppleWebKit/537.36 (KHTML, like Gecko) Chrome/126.0.0.0 Safari/537.36"
159.223.211.139 - - [01/Jul/2026:20:13:19 -0400] "GET /wp-config.php.orig HTTP/1.1" 404 32188 "-" "Mozilla/5.0 (Macintosh; Intel Mac OS X 10_15_7) AppleWebKit/537.36 (KHTML, like Gecko) Chrome/126.0.0.0 Safari/537.36"
159.223.211.139 - - [01/Jul/2026:20:13:19 -0400] "GET /wp-config.php~ HTTP/1.1" 404 32188 "-" "Mozilla/5.0 (Windows NT 10.0; Win64; x64; rv:127.0) Gecko/20100101 Firefox/127.0"
159.223.211.139 - - [01/Jul/2026:20:13:19 -0400] "GET /.env.template HTTP/1.1" 404 32188 "-" "Mozilla/5.0 (X11; Linux x86_64) AppleWebKit/537.36 (KHTML, like Gecko) Chrome/126.0.0.0 Safari/537.36"
159.223.211.139 - - [01/Jul/2026:20:13:19 -0400] "GET /.env.test HTTP/1.1" 404 32188 "-" "Mozilla/5.0 (iPhone; CPU iPhone OS 17_5 like Mac OS X) AppleWebKit/605.1.15 (KHTML, like Gecko) Version/17.5 Mobile/15E148 Safari/605.1.15"
159.223.211.139 - - [01/Jul/2026:20:13:19 -0400] "GET /.env_sample HTTP/1.1" 404 32188 "-" "Mozilla/5.0 (iPhone; CPU iPhone OS 17_5 like Mac OS X) AppleWebKit/605.1.15 (KHTML, like Gecko) Version/17.5 Mobile/15E148 Safari/605.1.15"
159.223.211.139 - - [01/Jul/2026:20:13:19 -0400] "GET /.git HTTP/1.1" 404 32188 "-" "Mozilla/5.0 (Macintosh; Intel Mac OS X 10_15_7) AppleWebKit/537.36 (KHTML, like Gecko) Chrome/126.0.0.0 Safari/537.36"
159.223.211.139 - - [01/Jul/2026:20:13:19 -0400] "GET /.env~ HTTP/1.1" 404 32188 "-" "Mozilla/5.0 (Windows NT 10.0; Win64; x64) AppleWebKit/537.36 (KHTML, like Gecko) Chrome/126.0.0.0 Safari/537.36 Edg/126.0.0.0"
159.223.211.139 - - [01/Jul/2026:20:13:20 -0400] "GET /.git/config HTTP/1.1" 404 32188 "-" "Mozilla/5.0 (X11; Linux x86_64; rv:127.0) Gecko/20100101 Firefox/127.0"
159.223.211.139 - - [01/Jul/2026:20:13:20 -0400] "GET /.gitlab-ci.yml HTTP/1.1" 404 32188 "-" "Mozilla/5.0 (Windows NT 10.0; Win64; x64) AppleWebKit/537.36 (KHTML, like Gecko) Chrome/126.0.0.0 Safari/537.36 Edg/126.0.0.0"
159.223.211.139 - - [01/Jul/2026:20:13:20 -0400] "GET /.travis.yml HTTP/1.1" 404 32188 "-" "Mozlila/5.0 (Linux; Android 7.0; SM-G892A Bulid/NRD90M; wv) AppleWebKit/537.36 (KHTML, like Gecko) Version/4.0 Chrome/60.0.3112.107 Moblie Safari/537.36"
159.223.211.139 - - [01/Jul/2026:20:13:20 -0400] "GET /1.php HTTP/1.1" 404 32188 "-" "Mozilla/5.0 (Windows NT 10.0; Win64; x64; rv:127.0) Gecko/20100101 Firefox/127.0"
159.223.211.139 - - [01/Jul/2026:20:13:20 -0400] "GET /wp-config.php.copy HTTP/1.1" 404 32188 "-" "Mozilla/5.0 (Linux; Android 10; K) AppleWebKit/537.36 (KHTML, like Gecko) Chrome/126.0.0.0 Mobile Safari/537.36"
159.223.211.139 - - [01/Jul/2026:20:13:21 -0400] "GET /.git/refs/heads/main HTTP/1.1" 404 32188 "-" "Mozilla/5.0 (X11; Linux x86_64) AppleWebKit/537.36 (KHTML, like Gecko) Chrome/126.0.0.0 Safari/537.36"
159.223.211.139 - - [01/Jul/2026:20:13:21 -0400] "GET /wp-config.php.tmp HTTP/1.1" 404 32188 "-" "Mozilla/5.0 (X11; Linux x86_64) AppleWebKit/537.36 (KHTML, like Gecko) Chrome/126.0.0.0 Safari/537.36"
159.223.211.139 - - [01/Jul/2026:20:13:21 -0400] "GET /1board/.env HTTP/1.1" 404 32188 "-" "Mozlila/5.0 (Linux; Android 7.0; SM-G892A Bulid/NRD90M; wv) AppleWebKit/537.36 (KHTML, like Gecko) Version/4.0 Chrome/60.0.3112.107 Moblie Safari/537.36"
159.223.211.139 - - [01/Jul/2026:20:13:21 -0400] "GET /?phpinfo=1 HTTP/1.1" 200 6770 "-" "Mozilla/5.0 (Macintosh; Intel Mac OS X 10_15_7) AppleWebKit/537.36 (KHTML, like Gecko) Chrome/126.0.0.0 Safari/537.36"
159.223.211.139 - - [01/Jul/2026:20:13:21 -0400] "GET /?pp=env HTTP/1.1" 200 6770 "-" "Mozilla/5.0 (X11; Linux x86_64) AppleWebKit/537.36 (KHTML, like Gecko) Chrome/126.0.0.0 Safari/537.36"
107.13.46.68 - - [01/Jul/2026:20:13:21 -0400] "POST /wp-admin/admin-ajax.php HTTP/1.1" 200 599 "http://drivebackmachine.net/wp-admin/post.php?post=24&action=edit" "Mozilla/5.0 (Windows NT 10.0; Win64; x64) AppleWebKit/537.36 (KHTML, like Gecko) Chrome/149.0.0.0 Safari/537.36"
107.13.46.68 - - [01/Jul/2026:20:13:21 -0400] "GET /wp-admin/edit.php?post_type=literature-item HTTP/1.1" 200 14076 "http://drivebackmachine.net/wp-admin/post.php?post=24&action=edit" "Mozilla/5.0 (Windows NT 10.0; Win64; x64) AppleWebKit/537.36 (KHTML, like Gecko) Chrome/149.0.0.0 Safari/537.36"
159.223.211.139 - - [01/Jul/2026:20:13:21 -0400] "POST / HTTP/1.1" 200 6770 "-" "Mozilla/5.0 (Linux; Android 10; K) AppleWebKit/537.36 (KHTML, like Gecko) Chrome/126.0.0.0 Mobile Safari/537.36"
159.223.211.139 - - [01/Jul/2026:20:13:21 -0400] "GET /?q=info HTTP/1.1" 200 6770 "-" "Mozilla/5.0 (Macintosh; Intel Mac OS X 10.15; rv:127.0) Gecko/20100101 Firefox/127.0"
159.223.211.139 - - [01/Jul/2026:20:13:21 -0400] "GET /Back/db/sqlconnection.js HTTP/1.1" 404 32188 "-" "Mozilla/5.0 (Windows NT 10.0; Win64; x64) AppleWebKit/537.36 (KHTML, like Gecko) Chrome/126.0.0.0 Safari/537.36 Edg/126.0.0.0"
159.223.211.139 - - [01/Jul/2026:20:13:21 -0400] "GET /Backend/config/plugin.js HTTP/1.1" 404 32188 "-" "Mozilla/5.0 (Macintosh; Intel Mac OS X 10_15_7) AppleWebKit/537.36 (KHTML, like Gecko) Chrome/126.0.0.0 Safari/537.36"
159.223.211.139 - - [01/Jul/2026:20:13:21 -0400] "GET /wp-config.php.dist HTTP/1.1" 404 32188 "-" "Mozilla/5.0 (Windows NT 10.0; Win64; x64; rv:127.0) Gecko/20100101 Firefox/127.0"
107.13.46.68 - - [01/Jul/2026:20:13:21 -0400] "POST /wp-admin/admin-ajax.php HTTP/1.1" 200 652 "http://drivebackmachine.net/wp-admin/edit.php?post_type=literature-item" "Mozilla/5.0 (Windows NT 10.0; Win64; x64) AppleWebKit/537.36 (KHTML, like Gecko) Chrome/149.0.0.0 Safari/537.36"
159.223.211.139 - - [01/Jul/2026:20:13:21 -0400] "GET /wp-config.php.dev HTTP/1.1" 404 32188 "-" "Mozilla/5.0 (Linux; Android 10; K) AppleWebKit/537.36 (KHTML, like Gecko) Chrome/126.0.0.0 Mobile Safari/537.36"
159.223.211.139 - - [01/Jul/2026:20:13:21 -0400] "GET /config.php.bak HTTP/1.1" 404 32188 "-" "Mozilla/5.0 (Macintosh; Intel Mac OS X 10_15_7) AppleWebKit/537.36 (KHTML, like Gecko) Chrome/126.0.0.0 Safari/537.36"
159.223.211.139 - - [01/Jul/2026:20:13:21 -0400] "GET /Gemfile.lock HTTP/1.1" 404 32188 "-" "Mozilla/5.0 (iPhone; CPU iPhone OS 17_5 like Mac OS X) AppleWebKit/605.1.15 (KHTML, like Gecko) Version/17.5 Mobile/15E148 Safari/605.1.15"
159.223.211.139 - - [01/Jul/2026:20:13:22 -0400] "GET /Lara/.env HTTP/1.1" 404 32188 "-" "Mozilla/5.0 (Macintosh; Intel Mac OS X 10.15; rv:127.0) Gecko/20100101 Firefox/127.0"
159.223.211.139 - - [01/Jul/2026:20:13:22 -0400] "GET /Server_with_db/ HTTP/1.1" 404 32188 "-" "Mozilla/5.0 (Macintosh; Intel Mac OS X 10_15_7) AppleWebKit/537.36 (KHTML, like Gecko) Chrome/126.0.0.0 Safari/537.36"
159.223.211.139 - - [01/Jul/2026:20:13:22 -0400] "GET /__phpinfo.php HTTP/1.1" 404 32188 "-" "Mozilla/5.0 (X11; Linux x86_64; rv:127.0) Gecko/20100101 Firefox/127.0"
159.223.211.139 - - [01/Jul/2026:20:13:22 -0400] "GET /Scraper.js HTTP/1.1" 404 32188 "-" "Mozilla/5.0 (Windows NT 10.0; Win64; x64; rv:127.0) Gecko/20100101 Firefox/127.0"
159.223.211.139 - - [01/Jul/2026:20:13:22 -0400] "GET /_phpinfo.php HTTP/1.1" 404 32188 "-" "Mozilla/5.0 (Macintosh; Intel Mac OS X 10.15; rv:127.0) Gecko/20100101 Firefox/127.0"
159.223.211.139 - - [01/Jul/2026:20:13:22 -0400] "GET /_profiler/info HTTP/1.1" 404 32188 "-" "Mozilla/5.0 (Windows NT 10.0; Win64; x64) AppleWebKit/537.36 (KHTML, like Gecko) Chrome/126.0.0.0 Safari/537.36"
159.223.211.139 - - [01/Jul/2026:20:13:22 -0400] "GET /_profiler/phpinfo HTTP/1.1" 404 32188 "-" "Mozilla/5.0 (Windows NT 10.0; Win64; x64) AppleWebKit/537.36 (KHTML, like Gecko) Chrome/126.0.0.0 Safari/537.36 Edg/126.0.0.0"
159.223.211.139 - - [01/Jul/2026:20:13:23 -0400] "GET /_profiler/phpinfo/info.php HTTP/1.1" 404 32188 "-" "Mozlila/5.0 (Linux; Android 7.0; SM-G892A Bulid/NRD90M; wv) AppleWebKit/537.36 (KHTML, like Gecko) Version/4.0 Chrome/60.0.3112.107 Moblie Safari/537.36"
159.223.211.139 - - [01/Jul/2026:20:13:23 -0400] "GET /config.php.backup HTTP/1.1" 404 32188 "-" "Mozilla/5.0 (iPhone; CPU iPhone OS 17_5 like Mac OS X) AppleWebKit/605.1.15 (KHTML, like Gecko) Version/17.5 Mobile/15E148 Safari/605.1.15"
159.223.211.139 - - [01/Jul/2026:20:13:23 -0400] "GET /.git/refs/heads/master HTTP/1.1" 404 32188 "-" "Mozlila/5.0 (Linux; Android 7.0; SM-G892A Bulid/NRD90M; wv) AppleWebKit/537.36 (KHTML, like Gecko) Version/4.0 Chrome/60.0.3112.107 Moblie Safari/537.36"
159.223.211.139 - - [01/Jul/2026:20:13:23 -0400] "GET /config.php.old HTTP/1.1" 404 32188 "-" "Mozilla/5.0 (Windows NT 10.0; Win64; x64) AppleWebKit/537.36 (KHTML, like Gecko) Chrome/126.0.0.0 Safari/537.36 Edg/126.0.0.0"
107.13.46.68 - - [01/Jul/2026:20:13:23 -0400] "GET /wp-admin/post-new.php?post_type=literature-item HTTP/1.1" 200 72532 "http://drivebackmachine.net/wp-admin/edit.php?post_type=literature-item" "Mozilla/5.0 (Windows NT 10.0; Win64; x64) AppleWebKit/537.36 (KHTML, like Gecko) Chrome/149.0.0.0 Safari/537.36"
159.223.211.139 - - [01/Jul/2026:20:13:23 -0400] "GET /_profiler/phpinfo/phpinfo.php HTTP/1.1" 404 32188 "-" "Mozilla/5.0 (iPhone; CPU iPhone OS 17_5 like Mac OS X) AppleWebKit/605.1.15 (KHTML, like Gecko) Version/17.5 Mobile/15E148 Safari/605.1.15"
159.223.211.139 - - [01/Jul/2026:20:13:24 -0400] "POST / HTTP/1.1" 200 6770 "-" "Mozilla/5.0 (Windows NT 10.0; Win64; x64) AppleWebKit/537.36 (KHTML, like Gecko) Chrome/126.0.0.0 Safari/537.36 Edg/126.0.0.0"
107.13.46.68 - - [01/Jul/2026:20:13:24 -0400] "OPTIONS /wp-json/wp/v2/settings?_locale=user HTTP/1.1" 200 6058 "http://drivebackmachine.net/wp-admin/post-new.php?post_type=literature-item" "Mozilla/5.0 (Windows NT 10.0; Win64; x64) AppleWebKit/537.36 (KHTML, like Gecko) Chrome/149.0.0.0 Safari/537.36"
107.13.46.68 - - [01/Jul/2026:20:13:24 -0400] "GET /wp-json/wp/v2/templates/lookup?slug=front-page&_locale=user HTTP/1.1" 200 658 "http://drivebackmachine.net/wp-admin/post-new.php?post_type=literature-item" "Mozilla/5.0 (Windows NT 10.0; Win64; x64) AppleWebKit/537.36 (KHTML, like Gecko) Chrome/149.0.0.0 Safari/537.36"
107.13.46.68 - - [01/Jul/2026:20:13:24 -0400] "GET /wp-json/wp/v2/blocks?context=edit&per_page=100&page=1&_locale=user HTTP/1.1" 200 700 "http://drivebackmachine.net/wp-admin/post-new.php?post_type=literature-item" "Mozilla/5.0 (Windows NT 10.0; Win64; x64) AppleWebKit/537.36 (KHTML, like Gecko) Chrome/149.0.0.0 Safari/537.36"
107.13.46.68 - - [01/Jul/2026:20:13:24 -0400] "OPTIONS /wp-json/wp/v2/literature-item?_locale=user HTTP/1.1" 200 16837 "http://drivebackmachine.net/wp-admin/post-new.php?post_type=literature-item" "Mozilla/5.0 (Windows NT 10.0; Win64; x64) AppleWebKit/537.36 (KHTML, like Gecko) Chrome/149.0.0.0 Safari/537.36"
107.13.46.68 - - [01/Jul/2026:20:13:24 -0400] "GET /wp-json/wp/v2/taxonomies?context=edit&per_page=100&_locale=user HTTP/1.1" 200 14838 "http://drivebackmachine.net/wp-admin/post-new.php?post_type=literature-item" "Mozilla/5.0 (Windows NT 10.0; Win64; x64) AppleWebKit/537.36 (KHTML, like Gecko) Chrome/149.0.0.0 Safari/537.36"
107.13.46.68 - - [01/Jul/2026:20:13:24 -0400] "GET /wp-json/wp/v2/block-patterns/patterns?_locale=user HTTP/1.1" 200 164723 "http://drivebackmachine.net/wp-admin/post-new.php?post_type=literature-item" "Mozilla/5.0 (Windows NT 10.0; Win64; x64) AppleWebKit/537.36 (KHTML, like Gecko) Chrome/149.0.0.0 Safari/537.36"
107.13.46.68 - - [01/Jul/2026:20:13:24 -0400] "GET /wp-json/wp/v2/wp_pattern_category?context=view&per_page=100&_fields=id%2Cname%2Cdescription%2Cslug&_locale=user HTTP/1.1" 200 699 "http://drivebackmachine.net/wp-admin/post-new.php?post_type=literature-item" "Mozilla/5.0 (Windows NT 10.0; Win64; x64) AppleWebKit/537.36 (KHTML, like Gecko) Chrome/149.0.0.0 Safari/537.36"
159.223.211.139 - - [01/Jul/2026:20:13:24 -0400] "GET /_test.php HTTP/1.1" 404 32188 "-" "Mozilla/5.0 (X11; Linux x86_64; rv:127.0) Gecko/20100101 Firefox/127.0"
159.223.211.139 - - [01/Jul/2026:20:13:24 -0400] "GET /config.php.save HTTP/1.1" 404 32188 "-" "Mozilla/5.0 (Macintosh; Intel Mac OS X 10_15_7) AppleWebKit/605.1.15 (KHTML, like Gecko) Version/17.5 Safari/605.1.15"
159.223.211.139 - - [01/Jul/2026:20:13:24 -0400] "GET /access_logs.json HTTP/1.1" 404 32188 "-" "Mozilla/5.0 (X11; Linux x86_64; rv:127.0) Gecko/20100101 Firefox/127.0"
159.223.211.139 - - [01/Jul/2026:20:13:24 -0400] "GET /config.php.swp HTTP/1.1" 404 32188 "-" "Mozlila/5.0 (Linux; Android 7.0; SM-G892A Bulid/NRD90M; wv) AppleWebKit/537.36 (KHTML, like Gecko) Version/4.0 Chrome/60.0.3112.107 Moblie Safari/537.36"
107.13.46.68 - - [01/Jul/2026:20:13:24 -0400] "GET /wp-json/wp/v2/taxonomies?context=edit&_locale=user HTTP/1.1" 200 14837 "http://drivebackmachine.net/wp-admin/post-new.php?post_type=literature-item" "Mozilla/5.0 (Windows NT 10.0; Win64; x64) AppleWebKit/537.36 (KHTML, like Gecko) Chrome/149.0.0.0 Safari/537.36"
107.13.46.68 - - [01/Jul/2026:20:13:24 -0400] "GET /wp-json/wp/v2/make?context=view&per_page=10&orderby=count&order=desc&hide_empty=true&_fields=id%2Cname%2Ccount&_locale=user HTTP/1.1" 200 699 "http://drivebackmachine.net/wp-admin/post-new.php?post_type=literature-item" "Mozilla/5.0 (Windows NT 10.0; Win64; x64) AppleWebKit/537.36 (KHTML, like Gecko) Chrome/149.0.0.0 Safari/537.36"
107.13.46.68 - - [01/Jul/2026:20:13:24 -0400] "GET /wp-json/wp/v2/modelyear?context=view&per_page=10&orderby=count&order=desc&hide_empty=true&_fields=id%2Cname%2Ccount&_locale=user HTTP/1.1" 200 732 "http://drivebackmachine.net/wp-admin/post-new.php?post_type=literature-item" "Mozilla/5.0 (Windows NT 10.0; Win64; x64) AppleWebKit/537.36 (KHTML, like Gecko) Chrome/149.0.0.0 Safari/537.36"
107.13.46.68 - - [01/Jul/2026:20:13:24 -0400] "GET /wp-json/wp/v2/model?context=view&per_page=10&orderby=count&order=desc&hide_empty=true&_fields=id%2Cname%2Ccount&_locale=user HTTP/1.1" 200 699 "http://drivebackmachine.net/wp-admin/post-new.php?post_type=literature-item" "Mozilla/5.0 (Windows NT 10.0; Win64; x64) AppleWebKit/537.36 (KHTML, like Gecko) Chrome/149.0.0.0 Safari/537.36"
159.223.211.139 - - [01/Jul/2026:20:13:24 -0400] "GET /config.php~ HTTP/1.1" 404 32188 "-" "Mozlila/5.0 (Linux; Android 7.0; SM-G892A Bulid/NRD90M; wv) AppleWebKit/537.36 (KHTML, like Gecko) Version/4.0 Chrome/60.0.3112.107 Moblie Safari/537.36"
