107.13.46.68 - - [01/Jul/2026:21:20:14 -0400] "GET /wp-content/themes/90s-retro/style.css?ver=7.0 HTTP/1.1" 200 7640 "http://drivebackmachine.net/" "Mozilla/5.0 (Linux; Android 10; K) AppleWebKit/537.36 (KHTML, like Gecko) Chrome/150.0.0.0 Mobile Safari/537.36"
107.13.46.68 - - [01/Jul/2026:21:20:14 -0400] "GET /wp-content/themes/90s-retro/css/style-mobile.css?ver=1.0 HTTP/1.1" 200 2179 "http://drivebackmachine.net/" "Mozilla/5.0 (Linux; Android 10; K) AppleWebKit/537.36 (KHTML, like Gecko) Chrome/150.0.0.0 Mobile Safari/537.36"
107.13.46.68 - - [01/Jul/2026:21:20:14 -0400] "GET /wp-content/themes/90s-retro/js/hoverIntent.js?ver=20130729 HTTP/1.1" 200 1957 "http://drivebackmachine.net/" "Mozilla/5.0 (Linux; Android 10; K) AppleWebKit/537.36 (KHTML, like Gecko) Chrome/150.0.0.0 Mobile Safari/537.36"
107.13.46.68 - - [01/Jul/2026:21:20:14 -0400] "GET /wp-content/themes/90s-retro/js/jquery.fitvids.js?ver=20130729 HTTP/1.1" 200 1529 "http://drivebackmachine.net/" "Mozilla/5.0 (Linux; Android 10; K) AppleWebKit/537.36 (KHTML, like Gecko) Chrome/150.0.0.0 Mobile Safari/537.36"
107.13.46.68 - - [01/Jul/2026:21:20:14 -0400] "GET /wp-content/uploads/2026/07/Screenshot-2026-07-01-211630.png HTTP/1.1" 200 1484797 "http://drivebackmachine.net/" "Mozilla/5.0 (Linux; Android 10; K) AppleWebKit/537.36 (KHTML, like Gecko) Chrome/150.0.0.0 Mobile Safari/537.36"
107.13.46.68 - - [01/Jul/2026:21:20:14 -0400] "GET /wp-content/themes/90s-retro/js/superfish.js?ver=20130729 HTTP/1.1" 200 2718 "http://drivebackmachine.net/" "Mozilla/5.0 (Linux; Android 10; K) AppleWebKit/537.36 (KHTML, like Gecko) Chrome/150.0.0.0 Mobile Safari/537.36"
107.13.46.68 - - [01/Jul/2026:21:20:14 -0400] "GET /wp-content/themes/90s-retro/js/jquery.custom.js?ver=20130729 HTTP/1.1" 200 1142 "http://drivebackmachine.net/" "Mozilla/5.0 (Linux; Android 10; K) AppleWebKit/537.36 (KHTML, like Gecko) Chrome/150.0.0.0 Mobile Safari/537.36"
107.13.46.68 - - [01/Jul/2026:21:20:14 -0400] "GET /wp-content/uploads/2026/07/Driveback-machine-7-1-2026.png HTTP/1.1" 304 250 "http://drivebackmachine.net/" "Mozilla/5.0 (Linux; Android 10; K) AppleWebKit/537.36 (KHTML, like Gecko) Chrome/150.0.0.0 Mobile Safari/537.36"
107.13.46.68 - - [01/Jul/2026:21:20:14 -0400] "GET /wp-content/themes/90s-retro/js/navigation.js?ver=20130729 HTTP/1.1" 200 857 "http://drivebackmachine.net/" "Mozilla/5.0 (Linux; Android 10; K) AppleWebKit/537.36 (KHTML, like Gecko) Chrome/150.0.0.0 Mobile Safari/537.36"
107.13.46.68 - - [01/Jul/2026:21:20:14 -0400] "GET /wp-content/themes/90s-retro/fonts/fontawesome-webfont.woff2?v=4.4.0 HTTP/1.1" 304 249 "http://drivebackmachine.net/wp-content/themes/90s-retro/css/font-awesome.css?ver=1.0" "Mozilla/5.0 (Linux; Android 10; K) AppleWebKit/537.36 (KHTML, like Gecko) Chrome/150.0.0.0 Mobile Safari/537.36"
107.13.46.68 - - [01/Jul/2026:21:20:16 -0400] "GET /archive/ HTTP/1.1" 200 8604 "http://drivebackmachine.net/" "Mozilla/5.0 (Linux; Android 10; K) AppleWebKit/537.36 (KHTML, like Gecko) Chrome/150.0.0.0 Mobile Safari/537.36"
107.13.46.68 - - [01/Jul/2026:21:20:16 -0400] "GET /wp-includes/js/dist/hooks.min.js?ver=7496969728ca0f95732d HTTP/1.1" 200 2143 "http://drivebackmachine.net/archive/" "Mozilla/5.0 (Linux; Android 10; K) AppleWebKit/537.36 (KHTML, like Gecko) Chrome/150.0.0.0 Mobile Safari/537.36"
107.13.46.68 - - [01/Jul/2026:21:20:16 -0400] "GET /wp-content/plugins/ymc-smart-filter/ymc2/assets/js/lib/masonry.min.js?ver=3.12.3 HTTP/1.1" 200 3283 "http://drivebackmachine.net/archive/" "Mozilla/5.0 (Linux; Android 10; K) AppleWebKit/537.36 (KHTML, like Gecko) Chrome/150.0.0.0 Mobile Safari/537.36"
107.13.46.68 - - [01/Jul/2026:21:20:16 -0400] "GET /wp-content/plugins/ymc-smart-filter/ymc2/assets/js/frontend/ymc-public.min.js?ver=3.12.3 HTTP/1.1" 200 14470 "http://drivebackmachine.net/archive/" "Mozilla/5.0 (Linux; Android 10; K) AppleWebKit/537.36 (KHTML, like Gecko) Chrome/150.0.0.0 Mobile Safari/537.36"
107.13.46.68 - - [01/Jul/2026:21:20:16 -0400] "GET /wp-content/plugins/ymc-smart-filter/ymc2/assets/js/lib/handlebars.min-v4.7.8.js?ver=3.12.3 HTTP/1.1" 200 27323 "http://drivebackmachine.net/archive/" "Mozilla/5.0 (Linux; Android 10; K) AppleWebKit/537.36 (KHTML, like Gecko) Chrome/150.0.0.0 Mobile Safari/537.36"
107.13.46.68 - - [01/Jul/2026:21:20:16 -0400] "GET /wp-content/plugins/ymc-smart-filter/ymc2/assets/fonts/montserrat/Montserrat-Regular.woff2 HTTP/1.1" 200 103042 "http://drivebackmachine.net/wp-content/plugins/ymc-smart-filter/ymc2/assets/css/style.min.css?ver=3.12.3" "Mozilla/5.0 (Linux; Android 10; K) AppleWebKit/537.36 (KHTML, like Gecko) Chrome/150.0.0.0 Mobile Safari/537.36"
107.13.46.68 - - [01/Jul/2026:21:20:16 -0400] "GET /wp-content/plugins/ymc-smart-filter/ymc2/assets/images/preloaders/dual_arc.svg HTTP/1.1" 200 1291 "http://drivebackmachine.net/archive/" "Mozilla/5.0 (Linux; Android 10; K) AppleWebKit/537.36 (KHTML, like Gecko) Chrome/150.0.0.0 Mobile Safari/537.36"
107.13.46.68 - - [01/Jul/2026:21:20:16 -0400] "POST /wp-json/ymc/v1/posts/filter HTTP/1.1" 200 3452 "http://drivebackmachine.net/archive/" "Mozilla/5.0 (Linux; Android 10; K) AppleWebKit/537.36 (KHTML, like Gecko) Chrome/150.0.0.0 Mobile Safari/537.36"
107.13.46.68 - - [01/Jul/2026:21:20:16 -0400] "GET /wp-content/plugins/ymc-smart-filter/ymc2/assets/fonts/montserrat/Montserrat-Bold.woff2 HTTP/1.1" 200 105082 "http://drivebackmachine.net/wp-content/plugins/ymc-smart-filter/ymc2/assets/css/style.min.css?ver=3.12.3" "Mozilla/5.0 (Linux; Android 10; K) AppleWebKit/537.36 (KHTML, like Gecko) Chrome/150.0.0.0 Mobile Safari/537.36"
107.13.46.68 - - [01/Jul/2026:21:20:16 -0400] "GET /wp-content/plugins/ymc-smart-filter/ymc2/assets/fonts/montserrat/Montserrat-SemiBold.woff2 HTTP/1.1" 200 103878 "http://drivebackmachine.net/wp-content/plugins/ymc-smart-filter/ymc2/assets/css/style.min.css?ver=3.12.3" "Mozilla/5.0 (Linux; Android 10; K) AppleWebKit/537.36 (KHTML, like Gecko) Chrome/150.0.0.0 Mobile Safari/537.36"
107.13.46.68 - - [01/Jul/2026:21:20:16 -0400] "GET /wp-content/uploads/2026/07/FB_IMG_1766698748420-640x640.jpg HTTP/1.1" 200 84586 "http://drivebackmachine.net/archive/" "Mozilla/5.0 (Linux; Android 10; K) AppleWebKit/537.36 (KHTML, like Gecko) Chrome/150.0.0.0 Mobile Safari/537.36"
107.13.46.68 - - [01/Jul/2026:21:20:16 -0400] "GET /wp-content/uploads/2026/07/20250203_162656-1200x1200.jpg HTTP/1.1" 200 201409 "http://drivebackmachine.net/archive/" "Mozilla/5.0 (Linux; Android 10; K) AppleWebKit/537.36 (KHTML, like Gecko) Chrome/150.0.0.0 Mobile Safari/537.36"
66.249.83.131 - - [01/Jul/2026:21:20:17 -0400] "GET /archive/ HTTP/1.1" 200 8604 "-" "Mozilla/5.0 (Linux; Android 10; K) AppleWebKit/537.36 (KHTML, like Gecko) Chrome/138.0.0.0 Mobile Safari/537.36 (compatible; Google-Read-Aloud; +https://support.google.com/webmasters/answer/1061943)"
66.249.83.133 - - [01/Jul/2026:21:20:18 -0400] "GET /archive/ HTTP/1.1" 200 8604 "-" "Mozilla/5.0 (Linux; Android 10; K) AppleWebKit/537.36 (KHTML, like Gecko) Chrome/138.0.0.0 Mobile Safari/537.36 (compatible; Google-Read-Aloud; +https://support.google.com/webmasters/answer/1061943)"
66.249.83.133 - - [01/Jul/2026:21:20:18 -0400] "GET /archive/ HTTP/1.1" 200 8604 "-" "Mozilla/5.0 (Linux; Android 10; K) AppleWebKit/537.36 (KHTML, like Gecko) Chrome/138.0.0.0 Mobile Safari/537.36 (compatible; Google-Read-Aloud; +https://support.google.com/webmasters/answer/1061943)"
66.249.83.133 - - [01/Jul/2026:21:20:18 -0400] "GET /wp-content/plugins/ymc-smart-filter/ymc2/assets/css/style.min.css?ver=3.12.3 HTTP/1.1" 200 38205 "http://drivebackmachine.net/archive/" "Mozilla/5.0 (Linux; Android 10; K) AppleWebKit/537.36 (KHTML, like Gecko) Chrome/138.0.0.0 Mobile Safari/537.36 (compatible; Google-Read-Aloud; +https://support.google.com/webmasters/answer/1061943)"
66.249.83.132 - - [01/Jul/2026:21:20:18 -0400] "GET /wp-content/plugins/ymc-smart-filter/ymc2/assets/js/frontend/ymc-public.min.js?ver=3.12.3 HTTP/1.1" 200 14470 "http://drivebackmachine.net/archive/" "Mozilla/5.0 (Linux; Android 10; K) AppleWebKit/537.36 (KHTML, like Gecko) Chrome/138.0.0.0 Mobile Safari/537.36 (compatible; Google-Read-Aloud; +https://support.google.com/webmasters/answer/1061943)"
66.249.83.131 - - [01/Jul/2026:21:20:18 -0400] "GET /wp-content/plugins/ymc-smart-filter/ymc2/assets/css/style.min.css?ver=3.12.3 HTTP/1.1" 200 38205 "http://drivebackmachine.net/archive/" "Mozilla/5.0 (Linux; Android 10; K) AppleWebKit/537.36 (KHTML, like Gecko) Chrome/138.0.0.0 Mobile Safari/537.36 (compatible; Google-Read-Aloud; +https://support.google.com/webmasters/answer/1061943)"
66.249.83.132 - - [01/Jul/2026:21:20:18 -0400] "GET /wp-content/plugins/ymc-smart-filter/ymc2/assets/fonts/montserrat/Montserrat-Regular.woff2 HTTP/1.1" 200 103043 "http://drivebackmachine.net/wp-content/plugins/ymc-smart-filter/ymc2/assets/css/style.min.css?ver=3.12.3" "Mozilla/5.0 (Linux; Android 10; K) AppleWebKit/537.36 (KHTML, like Gecko) Chrome/138.0.0.0 Mobile Safari/537.36 (compatible; Google-Read-Aloud; +https://support.google.com/webmasters/answer/1061943)"
66.249.83.133 - - [01/Jul/2026:21:20:18 -0400] "GET /wp-content/plugins/ymc-smart-filter/ymc2/assets/js/lib/masonry.min.js?ver=3.12.3 HTTP/1.1" 200 3283 "http://drivebackmachine.net/archive/" "Mozilla/5.0 (Linux; Android 10; K) AppleWebKit/537.36 (KHTML, like Gecko) Chrome/138.0.0.0 Mobile Safari/537.36 (compatible; Google-Read-Aloud; +https://support.google.com/webmasters/answer/1061943)"
66.249.83.132 - - [01/Jul/2026:21:20:18 -0400] "GET /wp-includes/js/dist/hooks.min.js?ver=7496969728ca0f95732d HTTP/1.1" 200 2144 "http://drivebackmachine.net/archive/" "Mozilla/5.0 (Linux; Android 10; K) AppleWebKit/537.36 (KHTML, like Gecko) Chrome/138.0.0.0 Mobile Safari/537.36 (compatible; Google-Read-Aloud; +https://support.google.com/webmasters/answer/1061943)"
66.249.83.133 - - [01/Jul/2026:21:20:18 -0400] "GET /wp-content/plugins/ymc-smart-filter/ymc2/assets/js/lib/handlebars.min-v4.7.8.js?ver=3.12.3 HTTP/1.1" 200 27323 "http://drivebackmachine.net/archive/" "Mozilla/5.0 (Linux; Android 10; K) AppleWebKit/537.36 (KHTML, like Gecko) Chrome/138.0.0.0 Mobile Safari/537.36 (compatible; Google-Read-Aloud; +https://support.google.com/webmasters/answer/1061943)"
66.249.83.133 - - [01/Jul/2026:21:20:18 -0400] "POST /wp-json/ymc/v1/posts/filter HTTP/1.1" 200 3452 "http://drivebackmachine.net/archive/" "Mozilla/5.0 (Linux; Android 10; K) AppleWebKit/537.36 (KHTML, like Gecko) Chrome/138.0.0.0 Mobile Safari/537.36 (compatible; Google-Read-Aloud; +https://support.google.com/webmasters/answer/1061943)"
66.249.83.133 - - [01/Jul/2026:21:20:18 -0400] "GET /wp-content/plugins/ymc-smart-filter/ymc2/assets/fonts/montserrat/Montserrat-Bold.woff2 HTTP/1.1" 200 105082 "http://drivebackmachine.net/wp-content/plugins/ymc-smart-filter/ymc2/assets/css/style.min.css?ver=3.12.3" "Mozilla/5.0 (Linux; Android 10; K) AppleWebKit/537.36 (KHTML, like Gecko) Chrome/138.0.0.0 Mobile Safari/537.36 (compatible; Google-Read-Aloud; +https://support.google.com/webmasters/answer/1061943)"
66.249.83.132 - - [01/Jul/2026:21:20:18 -0400] "GET /wp-content/plugins/ymc-smart-filter/ymc2/assets/fonts/montserrat/Montserrat-SemiBold.woff2 HTTP/1.1" 200 103878 "http://drivebackmachine.net/wp-content/plugins/ymc-smart-filter/ymc2/assets/css/style.min.css?ver=3.12.3" "Mozilla/5.0 (Linux; Android 10; K) AppleWebKit/537.36 (KHTML, like Gecko) Chrome/138.0.0.0 Mobile Safari/537.36 (compatible; Google-Read-Aloud; +https://support.google.com/webmasters/answer/1061943)"
107.13.46.68 - - [01/Jul/2026:21:20:18 -0400] "GET / HTTP/1.1" 200 8434 "http://drivebackmachine.net/archive/" "Mozilla/5.0 (Linux; Android 10; K) AppleWebKit/537.36 (KHTML, like Gecko) Chrome/150.0.0.0 Mobile Safari/537.36"
::1 - - [01/Jul/2026:21:20:23 -0400] "OPTIONS * HTTP/1.0" 200 126 "-" "Apache/2.4.58 (Ubuntu) OpenSSL/3.0.13 (internal dummy connection)"
::1 - - [01/Jul/2026:21:20:24 -0400] "OPTIONS * HTTP/1.0" 200 126 "-" "Apache/2.4.58 (Ubuntu) OpenSSL/3.0.13 (internal dummy connection)"
::1 - - [01/Jul/2026:21:20:25 -0400] "OPTIONS * HTTP/1.0" 200 126 "-" "Apache/2.4.58 (Ubuntu) OpenSSL/3.0.13 (internal dummy connection)"
::1 - - [01/Jul/2026:21:20:26 -0400] "OPTIONS * HTTP/1.0" 200 126 "-" "Apache/2.4.58 (Ubuntu) OpenSSL/3.0.13 (internal dummy connection)"
107.13.46.68 - - [01/Jul/2026:21:20:26 -0400] "GET /archive/ HTTP/1.1" 200 8604 "http://drivebackmachine.net/" "Mozilla/5.0 (Linux; Android 10; K) AppleWebKit/537.36 (KHTML, like Gecko) Chrome/150.0.0.0 Mobile Safari/537.36"
107.13.46.68 - - [01/Jul/2026:21:20:27 -0400] "POST /wp-json/ymc/v1/posts/filter HTTP/1.1" 200 3452 "http://drivebackmachine.net/archive/" "Mozilla/5.0 (Linux; Android 10; K) AppleWebKit/537.36 (KHTML, like Gecko) Chrome/150.0.0.0 Mobile Safari/537.36"
::1 - - [01/Jul/2026:21:20:27 -0400] "OPTIONS * HTTP/1.0" 200 126 "-" "Apache/2.4.58 (Ubuntu) OpenSSL/3.0.13 (internal dummy connection)"
::1 - - [01/Jul/2026:21:20:28 -0400] "OPTIONS * HTTP/1.0" 200 126 "-" "Apache/2.4.58 (Ubuntu) OpenSSL/3.0.13 (internal dummy connection)"
107.13.46.68 - - [01/Jul/2026:21:20:29 -0400] "POST /wp-json/ymc/v1/posts/filter HTTP/1.1" 200 2241 "http://drivebackmachine.net/archive/" "Mozilla/5.0 (Linux; Android 10; K) AppleWebKit/537.36 (KHTML, like Gecko) Chrome/150.0.0.0 Mobile Safari/537.36"
107.13.46.68 - - [01/Jul/2026:21:20:34 -0400] "POST /wp-json/ymc/v1/posts/filter HTTP/1.1" 200 3452 "http://drivebackmachine.net/archive/" "Mozilla/5.0 (Linux; Android 10; K) AppleWebKit/537.36 (KHTML, like Gecko) Chrome/150.0.0.0 Mobile Safari/537.36"
107.13.46.68 - - [01/Jul/2026:21:20:36 -0400] "POST /wp-json/ymc/v1/posts/filter HTTP/1.1" 200 2177 "http://drivebackmachine.net/archive/" "Mozilla/5.0 (Linux; Android 10; K) AppleWebKit/537.36 (KHTML, like Gecko) Chrome/150.0.0.0 Mobile Safari/537.36"
43.159.35.188 - - [01/Jul/2026:21:20:37 -0400] "GET /archive/ HTTP/1.1" 200 8567 "-" "Mozilla/5.0 (iPhone; CPU iPhone OS 13_2_3 like Mac OS X) AppleWebKit/605.1.15 (KHTML, like Gecko) Version/13.0.3 Mobile/15E148 Safari/604.1"
107.13.46.68 - - [01/Jul/2026:21:20:38 -0400] "POST /wp-json/ymc/v1/posts/views HTTP/1.1" 200 758 "http://drivebackmachine.net/archive/" "Mozilla/5.0 (Linux; Android 10; K) AppleWebKit/537.36 (KHTML, like Gecko) Chrome/150.0.0.0 Mobile Safari/537.36"
107.13.46.68 - - [01/Jul/2026:21:20:38 -0400] "GET /literature-item/1995-suzuki-sidekick-sales-brochure/ HTTP/1.1" 200 7222 "http://drivebackmachine.net/archive/" "Mozilla/5.0 (Linux; Android 10; K) AppleWebKit/537.36 (KHTML, like Gecko) Chrome/150.0.0.0 Mobile Safari/537.36"
107.13.46.68 - - [01/Jul/2026:21:20:38 -0400] "GET /wp-content/uploads/2026/07/FB_IMG_1766698748420.jpg HTTP/1.1" 200 295660 "http://drivebackmachine.net/literature-item/1995-suzuki-sidekick-sales-brochure/" "Mozilla/5.0 (Linux; Android 10; K) AppleWebKit/537.36 (KHTML, like Gecko) Chrome/150.0.0.0 Mobile Safari/537.36"
107.13.46.68 - - [01/Jul/2026:21:20:43 -0400] "POST /wp-admin/admin-ajax.php HTTP/1.1" 200 653 "http://drivebackmachine.net/wp-admin/customize.php?url=http%3A%2F%2Fdrivebackmachine.net%2F" "Mozilla/5.0 (Windows NT 10.0; Win64; x64) AppleWebKit/537.36 (KHTML, like Gecko) Chrome/149.0.0.0 Safari/537.36"
107.13.46.68 - - [01/Jul/2026:21:20:43 -0400] "POST /wp-admin/admin-ajax.php HTTP/1.1" 200 703 "http://drivebackmachine.net/wp-admin/post.php?post=27&action=edit" "Mozilla/5.0 (Windows NT 10.0; Win64; x64) AppleWebKit/537.36 (KHTML, like Gecko) Chrome/149.0.0.0 Safari/537.36"
::1 - - [01/Jul/2026:21:20:57 -0400] "OPTIONS * HTTP/1.0" 200 126 "-" "Apache/2.4.58 (Ubuntu) OpenSSL/3.0.13 (internal dummy connection)"
107.13.46.68 - - [01/Jul/2026:21:21:01 -0400] "POST /wp-admin/admin-ajax.php HTTP/1.1" 200 653 "http://drivebackmachine.net/wp-admin/edit.php?post_type=literature-item" "Mozilla/5.0 (Windows NT 10.0; Win64; x64) AppleWebKit/537.36 (KHTML, like Gecko) Chrome/149.0.0.0 Safari/537.36"
107.13.46.68 - - [01/Jul/2026:21:21:43 -0400] "POST /wp-admin/admin-ajax.php HTTP/1.1" 200 653 "http://drivebackmachine.net/wp-admin/customize.php?url=http%3A%2F%2Fdrivebackmachine.net%2F" "Mozilla/5.0 (Windows NT 10.0; Win64; x64) AppleWebKit/537.36 (KHTML, like Gecko) Chrome/149.0.0.0 Safari/537.36"
107.13.46.68 - - [01/Jul/2026:21:21:48 -0400] "POST /wp-admin/admin-ajax.php HTTP/1.1" 200 704 "http://drivebackmachine.net/wp-admin/post.php?post=57&action=edit" "Mozilla/5.0 (Windows NT 10.0; Win64; x64) AppleWebKit/537.36 (KHTML, like Gecko) Chrome/149.0.0.0 Safari/537.36"
::1 - - [01/Jul/2026:21:22:06 -0400] "OPTIONS * HTTP/1.0" 200 126 "-" "Apache/2.4.58 (Ubuntu) OpenSSL/3.0.13 (internal dummy connection)"
107.13.46.68 - - [01/Jul/2026:21:22:43 -0400] "POST /wp-admin/admin-ajax.php HTTP/1.1" 200 653 "http://drivebackmachine.net/wp-admin/customize.php?url=http%3A%2F%2Fdrivebackmachine.net%2F" "Mozilla/5.0 (Windows NT 10.0; Win64; x64) AppleWebKit/537.36 (KHTML, like Gecko) Chrome/149.0.0.0 Safari/537.36"
107.13.46.68 - - [01/Jul/2026:21:22:44 -0400] "POST /wp-admin/admin-ajax.php HTTP/1.1" 200 703 "http://drivebackmachine.net/wp-admin/post.php?post=27&action=edit" "Mozilla/5.0 (Windows NT 10.0; Win64; x64) AppleWebKit/537.36 (KHTML, like Gecko) Chrome/149.0.0.0 Safari/537.36"
107.13.46.68 - - [01/Jul/2026:21:22:45 -0400] "GET / HTTP/1.1" 200 8435 "http://drivebackmachine.net/archive/" "Mozilla/5.0 (Linux; Android 10; K) AppleWebKit/537.36 (KHTML, like Gecko) Chrome/150.0.0.0 Mobile Safari/537.36"
107.13.46.68 - - [01/Jul/2026:21:22:45 -0400] "GET /wp-content/uploads/2026/07/Screenshot-2026-07-01-211630.png HTTP/1.1" 304 251 "http://drivebackmachine.net/" "Mozilla/5.0 (Linux; Android 10; K) AppleWebKit/537.36 (KHTML, like Gecko) Chrome/150.0.0.0 Mobile Safari/537.36"
107.13.46.68 - - [01/Jul/2026:21:22:45 -0400] "GET /wp-content/plugins/ymc-smart-filter/ymc2/assets/css/style.min.css?ver=3.12.3 HTTP/1.1" 200 38206 "http://drivebackmachine.net/" "Mozilla/5.0 (Linux; Android 10; K) AppleWebKit/537.36 (KHTML, like Gecko) Chrome/150.0.0.0 Mobile Safari/537.36"
::1 - - [01/Jul/2026:21:22:52 -0400] "OPTIONS * HTTP/1.0" 200 126 "-" "Apache/2.4.58 (Ubuntu) OpenSSL/3.0.13 (internal dummy connection)"
107.13.46.68 - - [01/Jul/2026:21:23:02 -0400] "POST /wp-admin/admin-ajax.php HTTP/1.1" 200 653 "http://drivebackmachine.net/wp-admin/edit.php?post_type=literature-item" "Mozilla/5.0 (Windows NT 10.0; Win64; x64) AppleWebKit/537.36 (KHTML, like Gecko) Chrome/149.0.0.0 Safari/537.36"
107.13.46.68 - - [01/Jul/2026:21:23:43 -0400] "POST /wp-admin/admin-ajax.php HTTP/1.1" 200 653 "http://drivebackmachine.net/wp-admin/customize.php?url=http%3A%2F%2Fdrivebackmachine.net%2F" "Mozilla/5.0 (Windows NT 10.0; Win64; x64) AppleWebKit/537.36 (KHTML, like Gecko) Chrome/149.0.0.0 Safari/537.36"
107.13.46.68 - - [01/Jul/2026:21:23:49 -0400] "POST /wp-admin/admin-ajax.php HTTP/1.1" 200 704 "http://drivebackmachine.net/wp-admin/post.php?post=57&action=edit" "Mozilla/5.0 (Windows NT 10.0; Win64; x64) AppleWebKit/537.36 (KHTML, like Gecko) Chrome/149.0.0.0 Safari/537.36"
107.13.46.68 - - [01/Jul/2026:21:24:43 -0400] "POST /wp-admin/admin-ajax.php HTTP/1.1" 200 653 "http://drivebackmachine.net/wp-admin/customize.php?url=http%3A%2F%2Fdrivebackmachine.net%2F" "Mozilla/5.0 (Windows NT 10.0; Win64; x64) AppleWebKit/537.36 (KHTML, like Gecko) Chrome/149.0.0.0 Safari/537.36"
107.13.46.68 - - [01/Jul/2026:21:24:45 -0400] "POST /wp-admin/admin-ajax.php HTTP/1.1" 200 703 "http://drivebackmachine.net/wp-admin/post.php?post=27&action=edit" "Mozilla/5.0 (Windows NT 10.0; Win64; x64) AppleWebKit/537.36 (KHTML, like Gecko) Chrome/149.0.0.0 Safari/537.36"
107.13.46.68 - - [01/Jul/2026:21:25:03 -0400] "POST /wp-admin/admin-ajax.php HTTP/1.1" 200 653 "http://drivebackmachine.net/wp-admin/edit.php?post_type=literature-item" "Mozilla/5.0 (Windows NT 10.0; Win64; x64) AppleWebKit/537.36 (KHTML, like Gecko) Chrome/149.0.0.0 Safari/537.36"
107.13.46.68 - - [01/Jul/2026:21:25:43 -0400] "POST /wp-admin/admin-ajax.php HTTP/1.1" 200 653 "http://drivebackmachine.net/wp-admin/customize.php?url=http%3A%2F%2Fdrivebackmachine.net%2F" "Mozilla/5.0 (Windows NT 10.0; Win64; x64) AppleWebKit/537.36 (KHTML, like Gecko) Chrome/149.0.0.0 Safari/537.36"
107.13.46.68 - - [01/Jul/2026:21:25:50 -0400] "POST /wp-admin/admin-ajax.php HTTP/1.1" 200 704 "http://drivebackmachine.net/wp-admin/post.php?post=57&action=edit" "Mozilla/5.0 (Windows NT 10.0; Win64; x64) AppleWebKit/537.36 (KHTML, like Gecko) Chrome/149.0.0.0 Safari/537.36"
107.13.46.68 - - [01/Jul/2026:21:26:43 -0400] "POST /wp-admin/admin-ajax.php HTTP/1.1" 200 653 "http://drivebackmachine.net/wp-admin/customize.php?url=http%3A%2F%2Fdrivebackmachine.net%2F" "Mozilla/5.0 (Windows NT 10.0; Win64; x64) AppleWebKit/537.36 (KHTML, like Gecko) Chrome/149.0.0.0 Safari/537.36"
107.13.46.68 - - [01/Jul/2026:21:26:46 -0400] "POST /wp-admin/admin-ajax.php HTTP/1.1" 200 703 "http://drivebackmachine.net/wp-admin/post.php?post=27&action=edit" "Mozilla/5.0 (Windows NT 10.0; Win64; x64) AppleWebKit/537.36 (KHTML, like Gecko) Chrome/149.0.0.0 Safari/537.36"
107.13.46.68 - - [01/Jul/2026:21:27:04 -0400] "POST /wp-admin/admin-ajax.php HTTP/1.1" 200 653 "http://drivebackmachine.net/wp-admin/edit.php?post_type=literature-item" "Mozilla/5.0 (Windows NT 10.0; Win64; x64) AppleWebKit/537.36 (KHTML, like Gecko) Chrome/149.0.0.0 Safari/537.36"
43.157.82.252 - - [01/Jul/2026:21:27:26 -0400] "GET / HTTP/1.1" 301 247 "-" "Mozilla/5.0 (iPhone; CPU iPhone OS 13_2_3 like Mac OS X) AppleWebKit/605.1.15 (KHTML, like Gecko) Version/13.0.3 Mobile/15E148 Safari/604.1"
43.157.82.252 - - [01/Jul/2026:21:27:27 -0400] "GET / HTTP/1.1" 200 8398 "http://107.13.46.68" "Mozilla/5.0 (iPhone; CPU iPhone OS 13_2_3 like Mac OS X) AppleWebKit/605.1.15 (KHTML, like Gecko) Version/13.0.3 Mobile/15E148 Safari/604.1"
107.13.46.68 - - [01/Jul/2026:21:27:43 -0400] "POST /wp-admin/admin-ajax.php HTTP/1.1" 200 653 "http://drivebackmachine.net/wp-admin/customize.php?url=http%3A%2F%2Fdrivebackmachine.net%2F" "Mozilla/5.0 (Windows NT 10.0; Win64; x64) AppleWebKit/537.36 (KHTML, like Gecko) Chrome/149.0.0.0 Safari/537.36"
107.13.46.68 - - [01/Jul/2026:21:27:51 -0400] "POST /wp-admin/admin-ajax.php HTTP/1.1" 200 704 "http://drivebackmachine.net/wp-admin/post.php?post=57&action=edit" "Mozilla/5.0 (Windows NT 10.0; Win64; x64) AppleWebKit/537.36 (KHTML, like Gecko) Chrome/149.0.0.0 Safari/537.36"
107.13.46.68 - - [01/Jul/2026:21:28:43 -0400] "POST /wp-admin/admin-ajax.php HTTP/1.1" 200 653 "http://drivebackmachine.net/wp-admin/customize.php?url=http%3A%2F%2Fdrivebackmachine.net%2F" "Mozilla/5.0 (Windows NT 10.0; Win64; x64) AppleWebKit/537.36 (KHTML, like Gecko) Chrome/149.0.0.0 Safari/537.36"
108.46.214.9 - - [01/Jul/2026:21:29:18 -0400] "GET / HTTP/1.1" 200 8435 "-" "GoogleMessages/20.2 facebookexternalhit/1.1 Facebot Twitterbot/1.0"
108.46.214.9 - - [01/Jul/2026:21:29:19 -0400] "GET /favicon.ico HTTP/1.1" 302 386 "-" "GoogleMessages/20.2 facebookexternalhit/1.1 Facebot Twitterbot/1.0"
108.46.214.9 - - [01/Jul/2026:21:29:19 -0400] "GET /wp-includes/images/w-logo-blue-white-bg.png HTTP/1.1" 200 4405 "-" "GoogleMessages/20.2 facebookexternalhit/1.1 Facebot Twitterbot/1.0"
108.46.214.9 - - [01/Jul/2026:21:29:19 -0400] "GET /favicon.ico HTTP/1.1" 302 387 "-" "Dalvik/2.1.0 (Linux; U; Android 16; SM-S911U Build/BP4A.251205.006)"
108.46.214.9 - - [01/Jul/2026:21:29:19 -0400] "GET /wp-includes/images/w-logo-blue-white-bg.png HTTP/1.1" 200 4405 "-" "Dalvik/2.1.0 (Linux; U; Android 16; SM-S911U Build/BP4A.251205.006)"
43.134.94.96 - - [01/Jul/2026:21:29:40 -0400] "GET /wp-json/oembed/1.0/embed?url=http%3A%2F%2Fdrivebackmachine.net%2Farchive%2F HTTP/1.1" 200 2666 "-" "Mozilla/5.0 (iPhone; CPU iPhone OS 13_2_3 like Mac OS X) AppleWebKit/605.1.15 (KHTML, like Gecko) Version/13.0.3 Mobile/15E148 Safari/604.1"
108.46.214.9 - - [01/Jul/2026:21:29:40 -0400] "GET / HTTP/1.1" 200 8435 "-" "Mozilla/5.0 (Linux; Android 10; K) AppleWebKit/537.36 (KHTML, like Gecko) Chrome/149.0.0.0 Mobile Safari/537.36"
108.46.214.9 - - [01/Jul/2026:21:29:40 -0400] "GET /wp-content/themes/90s-retro/style.css?ver=7.0 HTTP/1.1" 200 7640 "http://drivebackmachine.net/" "Mozilla/5.0 (Linux; Android 10; K) AppleWebKit/537.36 (KHTML, like Gecko) Chrome/149.0.0.0 Mobile Safari/537.36"
108.46.214.9 - - [01/Jul/2026:21:29:40 -0400] "GET /wp-content/plugins/ymc-smart-filter/ymc2/assets/css/style.min.css?ver=3.12.3 HTTP/1.1" 200 38205 "http://drivebackmachine.net/" "Mozilla/5.0 (Linux; Android 10; K) AppleWebKit/537.36 (KHTML, like Gecko) Chrome/149.0.0.0 Mobile Safari/537.36"
108.46.214.9 - - [01/Jul/2026:21:29:41 -0400] "GET /wp-content/themes/90s-retro/css/style-mobile.css?ver=1.0 HTTP/1.1" 200 2179 "http://drivebackmachine.net/" "Mozilla/5.0 (Linux; Android 10; K) AppleWebKit/537.36 (KHTML, like Gecko) Chrome/149.0.0.0 Mobile Safari/537.36"
108.46.214.9 - - [01/Jul/2026:21:29:41 -0400] "GET /wp-includes/js/jquery/jquery-migrate.min.js?ver=3.4.1 HTTP/1.1" 200 5217 "http://drivebackmachine.net/" "Mozilla/5.0 (Linux; Android 10; K) AppleWebKit/537.36 (KHTML, like Gecko) Chrome/149.0.0.0 Mobile Safari/537.36"
108.46.214.9 - - [01/Jul/2026:21:29:41 -0400] "GET /wp-content/themes/90s-retro/js/jquery.fitvids.js?ver=20130729 HTTP/1.1" 200 1529 "http://drivebackmachine.net/" "Mozilla/5.0 (Linux; Android 10; K) AppleWebKit/537.36 (KHTML, like Gecko) Chrome/149.0.0.0 Mobile Safari/537.36"
108.46.214.9 - - [01/Jul/2026:21:29:41 -0400] "GET /wp-content/themes/90s-retro/css/font-awesome.css?ver=1.0 HTTP/1.1" 200 6761 "http://drivebackmachine.net/" "Mozilla/5.0 (Linux; Android 10; K) AppleWebKit/537.36 (KHTML, like Gecko) Chrome/149.0.0.0 Mobile Safari/537.36"
108.46.214.9 - - [01/Jul/2026:21:29:41 -0400] "GET /wp-includes/js/jquery/jquery.min.js?ver=3.7.1 HTTP/1.1" 200 30715 "http://drivebackmachine.net/" "Mozilla/5.0 (Linux; Android 10; K) AppleWebKit/537.36 (KHTML, like Gecko) Chrome/149.0.0.0 Mobile Safari/537.36"
108.46.214.9 - - [01/Jul/2026:21:29:41 -0400] "GET /wp-content/themes/90s-retro/js/hoverIntent.js?ver=20130729 HTTP/1.1" 200 1957 "http://drivebackmachine.net/" "Mozilla/5.0 (Linux; Android 10; K) AppleWebKit/537.36 (KHTML, like Gecko) Chrome/149.0.0.0 Mobile Safari/537.36"
108.46.214.9 - - [01/Jul/2026:21:29:41 -0400] "GET /wp-content/themes/90s-retro/js/superfish.js?ver=20130729 HTTP/1.1" 200 2718 "http://drivebackmachine.net/" "Mozilla/5.0 (Linux; Android 10; K) AppleWebKit/537.36 (KHTML, like Gecko) Chrome/149.0.0.0 Mobile Safari/537.36"
108.46.214.9 - - [01/Jul/2026:21:29:41 -0400] "GET /wp-content/themes/90s-retro/js/jquery.custom.js?ver=20130729 HTTP/1.1" 200 1142 "http://drivebackmachine.net/" "Mozilla/5.0 (Linux; Android 10; K) AppleWebKit/537.36 (KHTML, like Gecko) Chrome/149.0.0.0 Mobile Safari/537.36"
108.46.214.9 - - [01/Jul/2026:21:29:41 -0400] "GET /wp-content/themes/90s-retro/js/navigation.js?ver=20130729 HTTP/1.1" 200 857 "http://drivebackmachine.net/" "Mozilla/5.0 (Linux; Android 10; K) AppleWebKit/537.36 (KHTML, like Gecko) Chrome/149.0.0.0 Mobile Safari/537.36"
108.46.214.9 - - [01/Jul/2026:21:29:41 -0400] "GET /wp-content/themes/90s-retro/fonts/fontawesome-webfont.woff2?v=4.4.0 HTTP/1.1" 200 64752 "http://drivebackmachine.net/wp-content/themes/90s-retro/css/font-awesome.css?ver=1.0" "Mozilla/5.0 (Linux; Android 10; K) AppleWebKit/537.36 (KHTML, like Gecko) Chrome/149.0.0.0 Mobile Safari/537.36"
108.46.214.9 - - [01/Jul/2026:21:29:41 -0400] "GET /wp-content/uploads/2026/07/Driveback-machine-7-1-2026.png HTTP/1.1" 200 167426 "http://drivebackmachine.net/" "Mozilla/5.0 (Linux; Android 10; K) AppleWebKit/537.36 (KHTML, like Gecko) Chrome/149.0.0.0 Mobile Safari/537.36"
108.46.214.9 - - [01/Jul/2026:21:29:41 -0400] "GET /wp-includes/js/wp-emoji-release.min.js?ver=7.0 HTTP/1.1" 200 5719 "http://drivebackmachine.net/" "Mozilla/5.0 (Linux; Android 10; K) AppleWebKit/537.36 (KHTML, like Gecko) Chrome/149.0.0.0 Mobile Safari/537.36"
108.46.214.9 - - [01/Jul/2026:21:29:41 -0400] "GET /wp-content/uploads/2026/07/Screenshot-2026-07-01-211630.png HTTP/1.1" 200 1484796 "http://drivebackmachine.net/" "Mozilla/5.0 (Linux; Android 10; K) AppleWebKit/537.36 (KHTML, like Gecko) Chrome/149.0.0.0 Mobile Safari/537.36"
108.46.214.9 - - [01/Jul/2026:21:29:42 -0400] "GET /favicon.ico HTTP/1.1" 302 386 "http://drivebackmachine.net/" "Mozilla/5.0 (Linux; Android 10; K) AppleWebKit/537.36 (KHTML, like Gecko) Chrome/149.0.0.0 Mobile Safari/537.36"
108.46.214.9 - - [01/Jul/2026:21:29:42 -0400] "GET /wp-includes/images/w-logo-blue-white-bg.png HTTP/1.1" 200 4405 "http://drivebackmachine.net/" "Mozilla/5.0 (Linux; Android 10; K) AppleWebKit/537.36 (KHTML, like Gecko) Chrome/149.0.0.0 Mobile Safari/537.36"
107.13.46.68 - - [01/Jul/2026:21:29:43 -0400] "POST /wp-admin/admin-ajax.php HTTP/1.1" 200 653 "http://drivebackmachine.net/wp-admin/customize.php?url=http%3A%2F%2Fdrivebackmachine.net%2F" "Mozilla/5.0 (Windows NT 10.0; Win64; x64) AppleWebKit/537.36 (KHTML, like Gecko) Chrome/149.0.0.0 Safari/537.36"
::1 - - [01/Jul/2026:21:29:50 -0400] "OPTIONS * HTTP/1.0" 200 126 "-" "Apache/2.4.58 (Ubuntu) OpenSSL/3.0.13 (internal dummy connection)"
::1 - - [01/Jul/2026:21:29:51 -0400] "OPTIONS * HTTP/1.0" 200 126 "-" "Apache/2.4.58 (Ubuntu) OpenSSL/3.0.13 (internal dummy connection)"
108.46.214.9 - - [01/Jul/2026:21:29:52 -0400] "GET / HTTP/1.1" 200 8435 "http://drivebackmachine.net/" "Mozilla/5.0 (Linux; Android 10; K) AppleWebKit/537.36 (KHTML, like Gecko) Chrome/149.0.0.0 Mobile Safari/537.36"
107.13.46.68 - - [01/Jul/2026:21:29:52 -0400] "POST /wp-admin/admin-ajax.php HTTP/1.1" 200 704 "http://drivebackmachine.net/wp-admin/post.php?post=57&action=edit" "Mozilla/5.0 (Windows NT 10.0; Win64; x64) AppleWebKit/537.36 (KHTML, like Gecko) Chrome/149.0.0.0 Safari/537.36"
::1 - - [01/Jul/2026:21:30:00 -0400] "OPTIONS * HTTP/1.0" 200 126 "-" "Apache/2.4.58 (Ubuntu) OpenSSL/3.0.13 (internal dummy connection)"
108.46.214.9 - - [01/Jul/2026:21:30:03 -0400] "GET / HTTP/1.1" 200 8435 "-" "Mozilla/5.0 (Linux; Android 10; K) AppleWebKit/537.36 (KHTML, like Gecko) Chrome/149.0.0.0 Mobile Safari/537.36"
107.13.46.68 - - [01/Jul/2026:21:30:43 -0400] "POST /wp-admin/admin-ajax.php HTTP/1.1" 200 653 "http://drivebackmachine.net/wp-admin/customize.php?url=http%3A%2F%2Fdrivebackmachine.net%2F" "Mozilla/5.0 (Windows NT 10.0; Win64; x64) AppleWebKit/537.36 (KHTML, like Gecko) Chrome/149.0.0.0 Safari/537.36"
107.13.46.68 - - [01/Jul/2026:21:31:43 -0400] "POST /wp-admin/admin-ajax.php HTTP/1.1" 200 653 "http://drivebackmachine.net/wp-admin/customize.php?url=http%3A%2F%2Fdrivebackmachine.net%2F" "Mozilla/5.0 (Windows NT 10.0; Win64; x64) AppleWebKit/537.36 (KHTML, like Gecko) Chrome/149.0.0.0 Safari/537.36"
107.13.46.68 - - [01/Jul/2026:21:32:43 -0400] "POST /wp-admin/admin-ajax.php HTTP/1.1" 200 653 "http://drivebackmachine.net/wp-admin/customize.php?url=http%3A%2F%2Fdrivebackmachine.net%2F" "Mozilla/5.0 (Windows NT 10.0; Win64; x64) AppleWebKit/537.36 (KHTML, like Gecko) Chrome/149.0.0.0 Safari/537.36"
107.13.46.68 - - [01/Jul/2026:21:33:43 -0400] "POST /wp-admin/admin-ajax.php HTTP/1.1" 200 653 "http://drivebackmachine.net/wp-admin/customize.php?url=http%3A%2F%2Fdrivebackmachine.net%2F" "Mozilla/5.0 (Windows NT 10.0; Win64; x64) AppleWebKit/537.36 (KHTML, like Gecko) Chrome/149.0.0.0 Safari/537.36"
54.163.206.20 - - [01/Jul/2026:21:34:28 -0400] "GET / HTTP/1.1" 301 228 "-" "Mozilla/5.0 (Windows NT 10.0; Win64; x64) AppleWebKit/537.36 (KHTML, like Gecko) Chrome/136.0.0.0 Safari/537.36"
107.13.46.68 - - [01/Jul/2026:21:34:43 -0400] "POST /wp-admin/admin-ajax.php HTTP/1.1" 200 653 "http://drivebackmachine.net/wp-admin/customize.php?url=http%3A%2F%2Fdrivebackmachine.net%2F" "Mozilla/5.0 (Windows NT 10.0; Win64; x64) AppleWebKit/537.36 (KHTML, like Gecko) Chrome/149.0.0.0 Safari/537.36"
107.13.46.68 - - [01/Jul/2026:21:35:43 -0400] "POST /wp-admin/admin-ajax.php HTTP/1.1" 200 653 "http://drivebackmachine.net/wp-admin/customize.php?url=http%3A%2F%2Fdrivebackmachine.net%2F" "Mozilla/5.0 (Windows NT 10.0; Win64; x64) AppleWebKit/537.36 (KHTML, like Gecko) Chrome/149.0.0.0 Safari/537.36"
107.13.46.68 - - [01/Jul/2026:21:36:43 -0400] "POST /wp-admin/admin-ajax.php HTTP/1.1" 200 653 "http://drivebackmachine.net/wp-admin/customize.php?url=http%3A%2F%2Fdrivebackmachine.net%2F" "Mozilla/5.0 (Windows NT 10.0; Win64; x64) AppleWebKit/537.36 (KHTML, like Gecko) Chrome/149.0.0.0 Safari/537.36"
107.13.46.68 - - [01/Jul/2026:21:37:43 -0400] "POST /wp-admin/admin-ajax.php HTTP/1.1" 200 653 "http://drivebackmachine.net/wp-admin/customize.php?url=http%3A%2F%2Fdrivebackmachine.net%2F" "Mozilla/5.0 (Windows NT 10.0; Win64; x64) AppleWebKit/537.36 (KHTML, like Gecko) Chrome/149.0.0.0 Safari/537.36"
107.13.46.68 - - [01/Jul/2026:21:38:43 -0400] "POST /wp-admin/admin-ajax.php HTTP/1.1" 200 653 "http://drivebackmachine.net/wp-admin/customize.php?url=http%3A%2F%2Fdrivebackmachine.net%2F" "Mozilla/5.0 (Windows NT 10.0; Win64; x64) AppleWebKit/537.36 (KHTML, like Gecko) Chrome/149.0.0.0 Safari/537.36"
147.185.132.55 - - [01/Jul/2026:21:39:02 -0400] "GET / HTTP/1.1" 301 228 "-" "Hello from Palo Alto Networks, find out more about our scans in https://docs-cortex.paloaltonetworks.com/r/1/Cortex-Xpanse/Scanning-activity"
43.153.36.110 - - [01/Jul/2026:21:39:31 -0400] "GET /wp-admin/admin-ajax.php HTTP/1.1" 400 311 "-" "Mozilla/5.0 (iPhone; CPU iPhone OS 13_2_3 like Mac OS X) AppleWebKit/605.1.15 (KHTML, like Gecko) Version/13.0.3 Mobile/15E148 Safari/604.1"
107.13.46.68 - - [01/Jul/2026:21:39:43 -0400] "POST /wp-admin/admin-ajax.php HTTP/1.1" 200 653 "http://drivebackmachine.net/wp-admin/customize.php?url=http%3A%2F%2Fdrivebackmachine.net%2F" "Mozilla/5.0 (Windows NT 10.0; Win64; x64) AppleWebKit/537.36 (KHTML, like Gecko) Chrome/149.0.0.0 Safari/537.36"
43.134.163.229 - - [01/Jul/2026:21:41:31 -0400] "GET / HTTP/1.1" 301 247 "-" "Mozilla/5.0 (iPhone; CPU iPhone OS 13_2_3 like Mac OS X) AppleWebKit/605.1.15 (KHTML, like Gecko) Version/13.0.3 Mobile/15E148 Safari/604.1"
43.134.163.229 - - [01/Jul/2026:21:41:33 -0400] "GET / HTTP/1.1" 200 8398 "http://vcatroverclub.com" "Mozilla/5.0 (iPhone; CPU iPhone OS 13_2_3 like Mac OS X) AppleWebKit/605.1.15 (KHTML, like Gecko) Version/13.0.3 Mobile/15E148 Safari/604.1"
::1 - - [01/Jul/2026:21:48:48 -0400] "OPTIONS * HTTP/1.0" 200 126 "-" "Apache/2.4.58 (Ubuntu) OpenSSL/3.0.13 (internal dummy connection)"
43.159.138.217 - - [01/Jul/2026:21:48:58 -0400] "GET /wp-json/oembed/1.0/embed?url=http%3A%2F%2Fdrivebackmachine.net%2Farchive%2F&format=xml HTTP/1.1" 200 1633 "-" "Mozilla/5.0 (iPhone; CPU iPhone OS 13_2_3 like Mac OS X) AppleWebKit/605.1.15 (KHTML, like Gecko) Version/13.0.3 Mobile/15E148 Safari/604.1"
::1 - - [01/Jul/2026:21:57:50 -0400] "OPTIONS * HTTP/1.0" 200 126 "-" "Apache/2.4.58 (Ubuntu) OpenSSL/3.0.13 (internal dummy connection)"
37.120.205.5 - - [01/Jul/2026:21:59:03 -0400] "POST /wp-cron.php?doing_wp_cron=1782957543.5960669517517089843750 HTTP/1.1" 200 259 "-" "WordPress/7.0; http://drivebackmachine.net"
124.156.226.179 - - [01/Jul/2026:21:59:03 -0400] "GET /?p=27 HTTP/1.1" 301 367 "-" "Mozilla/5.0 (iPhone; CPU iPhone OS 13_2_3 like Mac OS X) AppleWebKit/605.1.15 (KHTML, like Gecko) Version/13.0.3 Mobile/15E148 Safari/604.1"
124.156.226.179 - - [01/Jul/2026:21:59:06 -0400] "GET /archive/ HTTP/1.1" 200 8567 "http://drivebackmachine.net/?p=27" "Mozilla/5.0 (iPhone; CPU iPhone OS 13_2_3 like Mac OS X) AppleWebKit/605.1.15 (KHTML, like Gecko) Version/13.0.3 Mobile/15E148 Safari/604.1"
162.62.213.187 - - [01/Jul/2026:22:00:22 -0400] "GET / HTTP/1.1" 301 247 "-" "Mozilla/5.0 (iPhone; CPU iPhone OS 13_2_3 like Mac OS X) AppleWebKit/605.1.15 (KHTML, like Gecko) Version/13.0.3 Mobile/15E148 Safari/604.1"
162.62.213.187 - - [01/Jul/2026:22:00:23 -0400] "GET / HTTP/1.1" 200 8398 "http://www.drivebackmachine.net" "Mozilla/5.0 (iPhone; CPU iPhone OS 13_2_3 like Mac OS X) AppleWebKit/605.1.15 (KHTML, like Gecko) Version/13.0.3 Mobile/15E148 Safari/604.1"
31.59.160.12 - - [01/Jul/2026:22:08:45 -0400] "GET /SDK/webLanguage HTTP/1.1" 301 366 "-" "Mozilla/5.0"
::1 - - [01/Jul/2026:22:10:12 -0400] "OPTIONS * HTTP/1.0" 200 126 "-" "Apache/2.4.58 (Ubuntu) OpenSSL/3.0.13 (internal dummy connection)"
8.216.9.116 - - [01/Jul/2026:22:10:50 -0400] "GET / HTTP/1.1" 200 33928 "-" "curl/7.64.1"
8.216.9.116 - - [01/Jul/2026:22:10:51 -0400] "GET / HTTP/1.1" 200 8400 "-" "curl/7.74.0"
172.68.10.43 - - [01/Jul/2026:22:11:24 -0400] "GET /wp-admin/install.php?step=1 HTTP/1.1" 200 901 "-" "http://vcatroverclub.com/wp-admin/install.php?step=1"
111.7.96.160 - - [01/Jul/2026:22:11:27 -0400] "GET / HTTP/1.1" 301 228 "-" "Mozilla/5.0 (Macintosh; Intel Mac OS X 10_15_7) AppleWebKit/537.36 (KHTML, like Gecko) Chrome/96.0.4664.110 Safari/537.36"
111.7.96.160 - - [01/Jul/2026:22:11:28 -0400] "GET / HTTP/1.1" 200 8379 "http://107.13.46.68" "Mozilla/5.0 (Macintosh; Intel Mac OS X 10_15_7) AppleWebKit/537.36 (KHTML, like Gecko) Chrome/96.0.4664.110 Safari/537.36"
111.7.96.160 - - [01/Jul/2026:22:11:28 -0400] "GET / HTTP/1.1" 301 228 "-" "Mozilla/5.0 (Macintosh; Intel Mac OS X 11_0_0) AppleWebKit/537.36 (KHTML, like Gecko) Chrome/87.0.4280.88 Safari/537.36"
111.7.96.160 - - [01/Jul/2026:22:11:29 -0400] "GET / HTTP/1.1" 200 8379 "-" "Mozilla/5.0 (Macintosh; Intel Mac OS X 11_0_0) AppleWebKit/537.36 (KHTML, like Gecko) Chrome/87.0.4280.88 Safari/537.36"
111.7.96.160 - - [01/Jul/2026:22:11:30 -0400] "GET /wp-content/themes/90s-retro/js/jquery.custom.js?ver=20130729 HTTP/1.1" 200 1087 "http://drivebackmachine.net/" "Mozilla/5.0 (Macintosh; Intel Mac OS X 11_0_0) AppleWebKit/537.36 (KHTML, like Gecko) Chrome/87.0.4280.88 Safari/537.36"
111.7.96.160 - - [01/Jul/2026:22:11:30 -0400] "GET /wp-content/themes/90s-retro/js/superfish.js?ver=20130729 HTTP/1.1" 200 2663 "http://drivebackmachine.net/" "Mozilla/5.0 (Macintosh; Intel Mac OS X 11_0_0) AppleWebKit/537.36 (KHTML, like Gecko) Chrome/87.0.4280.88 Safari/537.36"
111.7.96.160 - - [01/Jul/2026:22:11:30 -0400] "GET /wp-content/themes/90s-retro/js/navigation.js?ver=20130729 HTTP/1.1" 200 802 "http://drivebackmachine.net/" "Mozilla/5.0 (Macintosh; Intel Mac OS X 11_0_0) AppleWebKit/537.36 (KHTML, like Gecko) Chrome/87.0.4280.88 Safari/537.36"
111.7.96.160 - - [01/Jul/2026:22:11:30 -0400] "GET /wp-content/themes/90s-retro/js/jquery.fitvids.js?ver=20130729 HTTP/1.1" 200 1474 "http://drivebackmachine.net/" "Mozilla/5.0 (Macintosh; Intel Mac OS X 11_0_0) AppleWebKit/537.36 (KHTML, like Gecko) Chrome/87.0.4280.88 Safari/537.36"
111.7.96.160 - - [01/Jul/2026:22:11:30 -0400] "GET /wp-includes/js/jquery/jquery-migrate.min.js?ver=3.4.1 HTTP/1.1" 200 5161 "http://drivebackmachine.net/" "Mozilla/5.0 (Macintosh; Intel Mac OS X 11_0_0) AppleWebKit/537.36 (KHTML, like Gecko) Chrome/87.0.4280.88 Safari/537.36"
111.7.96.160 - - [01/Jul/2026:22:11:30 -0400] "GET /wp-includes/js/jquery/jquery.min.js?ver=3.7.1 HTTP/1.1" 200 30659 "http://drivebackmachine.net/" "Mozilla/5.0 (Macintosh; Intel Mac OS X 11_0_0) AppleWebKit/537.36 (KHTML, like Gecko) Chrome/87.0.4280.88 Safari/537.36"
111.7.96.160 - - [01/Jul/2026:22:11:30 -0400] "GET /wp-content/themes/90s-retro/js/hoverIntent.js?ver=20130729 HTTP/1.1" 200 1902 "http://drivebackmachine.net/" "Mozilla/5.0 (Macintosh; Intel Mac OS X 11_0_0) AppleWebKit/537.36 (KHTML, like Gecko) Chrome/87.0.4280.88 Safari/537.36"
111.7.96.160 - - [01/Jul/2026:22:11:31 -0400] "GET /wp-includes/js/wp-emoji-release.min.js?ver=7.0 HTTP/1.1" 200 5664 "http://drivebackmachine.net/" "Mozilla/5.0 (Macintosh; Intel Mac OS X 11_0_0) AppleWebKit/537.36 (KHTML, like Gecko) Chrome/87.0.4280.88 Safari/537.36"
111.7.96.160 - - [01/Jul/2026:22:11:34 -0400] "GET /favicon.ico HTTP/1.1" 302 331 "-" "Mozilla/5.0 (Macintosh; Intel Mac OS X 10_15_7) AppleWebKit/537.36 (KHTML, like Gecko) Chrome/96.0.4664.110 Safari/537.36"
111.7.96.160 - - [01/Jul/2026:22:11:35 -0400] "GET /wp-includes/images/w-logo-blue-white-bg.png HTTP/1.1" 200 4350 "http://107.13.46.68/favicon.ico" "Mozilla/5.0 (Macintosh; Intel Mac OS X 10_15_7) AppleWebKit/537.36 (KHTML, like Gecko) Chrome/96.0.4664.110 Safari/537.36"
43.166.240.231 - - [01/Jul/2026:22:11:55 -0400] "GET /wp-json/ymc/v1/ HTTP/1.1" 200 6408 "-" "Mozilla/5.0 (iPhone; CPU iPhone OS 13_2_3 like Mac OS X) AppleWebKit/605.1.15 (KHTML, like Gecko) Version/13.0.3 Mobile/15E148 Safari/604.1"
93.174.93.12 - - [01/Jul/2026:22:13:59 -0400] "GET / HTTP/1.0" 301 227 "-" "Mozilla/5.0 (Linux; Android 8.0.0; G8441) AppleWebKit/537.36 (KHTML, like Gecko) Chrome/71.0.3578.99 YaBrowser/19.1.3.198.00 Mobile Safari/537.36"
43.98.162.14 - - [01/Jul/2026:22:19:18 -0400] "GET / HTTP/1.1" 400 494 "-" "curl/7.78.0"
43.134.68.29 - - [01/Jul/2026:22:20:10 -0400] "GET /wp-json/wp/v2/pages/27 HTTP/1.1" 200 16664 "-" "Mozilla/5.0 (iPhone; CPU iPhone OS 13_2_3 like Mac OS X) AppleWebKit/605.1.15 (KHTML, like Gecko) Version/13.0.3 Mobile/15E148 Safari/604.1"
43.161.233.190 - - [01/Jul/2026:22:24:53 -0400] "GET / HTTP/1.1" 301 247 "-" "Mozilla/5.0 (iPhone; CPU iPhone OS 13_2_3 like Mac OS X) AppleWebKit/605.1.15 (KHTML, like Gecko) Version/13.0.3 Mobile/15E148 Safari/604.1"
43.161.233.190 - - [01/Jul/2026:22:24:55 -0400] "GET / HTTP/1.1" 200 8398 "http://www.vcatroverclub.com" "Mozilla/5.0 (iPhone; CPU iPhone OS 13_2_3 like Mac OS X) AppleWebKit/605.1.15 (KHTML, like Gecko) Version/13.0.3 Mobile/15E148 Safari/604.1"
::1 - - [01/Jul/2026:22:30:05 -0400] "OPTIONS * HTTP/1.0" 200 126 "-" "Apache/2.4.58 (Ubuntu) OpenSSL/3.0.13 (internal dummy connection)"
170.106.152.218 - - [01/Jul/2026:22:30:44 -0400] "GET /wp-content/plugins/ymc-smart-filter/ymc2/ HTTP/1.1" 200 745 "-" "Mozilla/5.0 (iPhone; CPU iPhone OS 13_2_3 like Mac OS X) AppleWebKit/605.1.15 (KHTML, like Gecko) Version/13.0.3 Mobile/15E148 Safari/604.1"
::1 - - [01/Jul/2026:22:33:26 -0400] "OPTIONS * HTTP/1.0" 200 126 "-" "Apache/2.4.58 (Ubuntu) OpenSSL/3.0.13 (internal dummy connection)"
::1 - - [01/Jul/2026:22:33:27 -0400] "OPTIONS * HTTP/1.0" 200 126 "-" "Apache/2.4.58 (Ubuntu) OpenSSL/3.0.13 (internal dummy connection)"
199.45.155.101 - - [01/Jul/2026:22:33:33 -0400] "\x16\x03\x01" 400 494 "-" "-"
199.45.155.101 - - [01/Jul/2026:22:33:33 -0400] "GET / HTTP/1.1" 301 228 "-" "Mozilla/5.0 (compatible; CensysInspect/1.1; +https://about.censys.io/)"
199.45.155.101 - - [01/Jul/2026:22:33:34 -0400] "PRI * HTTP/2.0" 400 494 "-" "-"
199.45.155.101 - - [01/Jul/2026:22:33:37 -0400] "\x16\x03\x01" 400 494 "-" "-"
199.45.155.101 - - [01/Jul/2026:22:33:38 -0400] "GET /security.txt HTTP/1.1" 404 23455 "-" "Mozilla/5.0 (compatible; CensysInspect/1.1; +https://about.censys.io/)"
::1 - - [01/Jul/2026:22:34:14 -0400] "OPTIONS * HTTP/1.0" 200 126 "-" "Apache/2.4.58 (Ubuntu) OpenSSL/3.0.13 (internal dummy connection)"
::1 - - [01/Jul/2026:22:37:12 -0400] "OPTIONS * HTTP/1.0" 200 126 "-" "Apache/2.4.58 (Ubuntu) OpenSSL/3.0.13 (internal dummy connection)"
190.196.253.36 - - [01/Jul/2026:22:38:13 -0400] "POST /GponForm/diag_Form?images/ HTTP/1.1" 404 23506 "-" "Hello, World"
5.61.209.43 - - [01/Jul/2026:22:38:23 -0400] "GET /cgi-bin/luci/;stok=/locale HTTP/1.1" 404 454 "-" "-"
::1 - - [01/Jul/2026:22:39:32 -0400] "OPTIONS * HTTP/1.0" 200 126 "-" "Apache/2.4.58 (Ubuntu) OpenSSL/3.0.13 (internal dummy connection)"
124.156.179.141 - - [01/Jul/2026:22:40:14 -0400] "GET /wp-json/oembed/1.0/embed?url=http%3A%2F%2Fdrivebackmachine.net%2F HTTP/1.1" 200 2639 "-" "Mozilla/5.0 (iPhone; CPU iPhone OS 13_2_3 like Mac OS X) AppleWebKit/605.1.15 (KHTML, like Gecko) Version/13.0.3 Mobile/15E148 Safari/604.1"
45.79.207.71 - - [01/Jul/2026:22:40:48 -0400] "GET / HTTP/1.1" 301 228 "-" "Mozilla/5.0 zgrab/0.x"
204.76.203.206 - - [01/Jul/2026:22:43:06 -0400] "GET /SDK/webLanguage HTTP/1.1" 301 366 "-" "Mozilla/5.0"
::1 - - [01/Jul/2026:22:44:51 -0400] "OPTIONS * HTTP/1.0" 200 126 "-" "Apache/2.4.58 (Ubuntu) OpenSSL/3.0.13 (internal dummy connection)"
::1 - - [01/Jul/2026:22:48:34 -0400] "OPTIONS * HTTP/1.0" 200 126 "-" "Apache/2.4.58 (Ubuntu) OpenSSL/3.0.13 (internal dummy connection)"
::1 - - [01/Jul/2026:22:48:40 -0400] "OPTIONS * HTTP/1.0" 200 126 "-" "Apache/2.4.58 (Ubuntu) OpenSSL/3.0.13 (internal dummy connection)"
43.135.145.117 - - [01/Jul/2026:22:50:31 -0400] "GET /wp-json/wp/v2/pages/57 HTTP/1.1" 200 2801 "-" "Mozilla/5.0 (iPhone; CPU iPhone OS 13_2_3 like Mac OS X) AppleWebKit/605.1.15 (KHTML, like Gecko) Version/13.0.3 Mobile/15E148 Safari/604.1"
::1 - - [01/Jul/2026:22:52:30 -0400] "OPTIONS * HTTP/1.0" 200 126 "-" "Apache/2.4.58 (Ubuntu) OpenSSL/3.0.13 (internal dummy connection)"
::1 - - [01/Jul/2026:22:52:34 -0400] "OPTIONS * HTTP/1.0" 200 126 "-" "Apache/2.4.58 (Ubuntu) OpenSSL/3.0.13 (internal dummy connection)"
172.235.41.44 - - [01/Jul/2026:22:54:12 -0400] "GET / HTTP/1.1" 301 228 "-" "Mozilla/5.0 (Macintosh; Intel Mac OS X 13_1) AppleWebKit/537.36 (KHTML, like Gecko) Chrome/108.0.0.0 Safari/537.36"
172.235.41.44 - - [01/Jul/2026:22:54:18 -0400] "GET / HTTP/1.1" 200 8379 "http://107.13.46.68/" "Mozilla/5.0 (Macintosh; Intel Mac OS X 13_1) AppleWebKit/537.36 (KHTML, like Gecko) Chrome/108.0.0.0 Safari/537.36"
::1 - - [01/Jul/2026:22:56:06 -0400] "OPTIONS * HTTP/1.0" 200 126 "-" "Apache/2.4.58 (Ubuntu) OpenSSL/3.0.13 (internal dummy connection)"
::1 - - [01/Jul/2026:22:56:22 -0400] "OPTIONS * HTTP/1.0" 200 126 "-" "Apache/2.4.58 (Ubuntu) OpenSSL/3.0.13 (internal dummy connection)"
::1 - - [01/Jul/2026:22:57:06 -0400] "OPTIONS * HTTP/1.0" 200 126 "-" "Apache/2.4.58 (Ubuntu) OpenSSL/3.0.13 (internal dummy connection)"
37.120.205.5 - - [01/Jul/2026:22:57:24 -0400] "POST /wp-cron.php?doing_wp_cron=1782961043.8350009918212890625000 HTTP/1.1" 200 259 "-" "WordPress/7.0; http://drivebackmachine.net"
5.61.209.43 - - [01/Jul/2026:22:57:23 -0400] "GET /SDK/webLanguage HTTP/1.1" 301 403 "-" "Mozilla/5.0 (Windows NT 10.0; Win64; x64) AppleWebKit/537.36 (KHTML, like Gecko) Chrome/90.0.4430.85 Safari/537.36 Edg/90.0.818.46"
170.106.180.139 - - [01/Jul/2026:22:59:32 -0400] "GET /wp-json/oembed/1.0/embed?url=http%3A%2F%2Fdrivebackmachine.net%2F&format=xml HTTP/1.1" 200 1628 "-" "Mozilla/5.0 (iPhone; CPU iPhone OS 13_2_3 like Mac OS X) AppleWebKit/605.1.15 (KHTML, like Gecko) Version/13.0.3 Mobile/15E148 Safari/604.1"
::1 - - [01/Jul/2026:22:59:50 -0400] "OPTIONS * HTTP/1.0" 200 126 "-" "Apache/2.4.58 (Ubuntu) OpenSSL/3.0.13 (internal dummy connection)"
::1 - - [01/Jul/2026:22:59:53 -0400] "OPTIONS * HTTP/1.0" 200 126 "-" "Apache/2.4.58 (Ubuntu) OpenSSL/3.0.13 (internal dummy connection)"
::1 - - [01/Jul/2026:23:03:40 -0400] "OPTIONS * HTTP/1.0" 200 126 "-" "Apache/2.4.58 (Ubuntu) OpenSSL/3.0.13 (internal dummy connection)"
::1 - - [01/Jul/2026:23:03:41 -0400] "OPTIONS * HTTP/1.0" 200 126 "-" "Apache/2.4.58 (Ubuntu) OpenSSL/3.0.13 (internal dummy connection)"
::1 - - [01/Jul/2026:23:03:46 -0400] "OPTIONS * HTTP/1.0" 200 126 "-" "Apache/2.4.58 (Ubuntu) OpenSSL/3.0.13 (internal dummy connection)"
::1 - - [01/Jul/2026:23:04:03 -0400] "OPTIONS * HTTP/1.0" 200 126 "-" "Apache/2.4.58 (Ubuntu) OpenSSL/3.0.13 (internal dummy connection)"
::1 - - [01/Jul/2026:23:08:00 -0400] "OPTIONS * HTTP/1.0" 200 126 "-" "Apache/2.4.58 (Ubuntu) OpenSSL/3.0.13 (internal dummy connection)"
43.164.0.96 - - [01/Jul/2026:23:08:34 -0400] "GET / HTTP/1.1" 200 8398 "-" "Mozilla/5.0 (iPhone; CPU iPhone OS 13_2_3 like Mac OS X) AppleWebKit/605.1.15 (KHTML, like Gecko) Version/13.0.3 Mobile/15E148 Safari/604.1"
43.157.52.37 - - [01/Jul/2026:23:10:21 -0400] "GET /archive/embed/ HTTP/1.1" 200 6561 "-" "Mozilla/5.0 (iPhone; CPU iPhone OS 13_2_3 like Mac OS X) AppleWebKit/605.1.15 (KHTML, like Gecko) Version/13.0.3 Mobile/15E148 Safari/604.1"
::1 - - [01/Jul/2026:23:11:08 -0400] "OPTIONS * HTTP/1.0" 200 126 "-" "Apache/2.4.58 (Ubuntu) OpenSSL/3.0.13 (internal dummy connection)"
::1 - - [01/Jul/2026:23:14:44 -0400] "OPTIONS * HTTP/1.0" 200 126 "-" "Apache/2.4.58 (Ubuntu) OpenSSL/3.0.13 (internal dummy connection)"
::1 - - [01/Jul/2026:23:18:25 -0400] "OPTIONS * HTTP/1.0" 200 126 "-" "Apache/2.4.58 (Ubuntu) OpenSSL/3.0.13 (internal dummy connection)"
43.130.31.17 - - [01/Jul/2026:23:20:42 -0400] "GET /wp-content/plugins/ymc-smart-filter/ HTTP/1.1" 200 799 "-" "Mozilla/5.0 (iPhone; CPU iPhone OS 13_2_3 like Mac OS X) AppleWebKit/605.1.15 (KHTML, like Gecko) Version/13.0.3 Mobile/15E148 Safari/604.1"
178.105.183.10 - - [01/Jul/2026:23:20:45 -0400] "GET / HTTP/1.1" 301 247 "-" "2ip bot/1.1 (+https://2ip.io/bot/)"
178.105.183.10 - - [01/Jul/2026:23:20:45 -0400] "GET / HTTP/1.1" 200 8398 "http://vcatroverclub.com" "2ip bot/1.1 (+https://2ip.io/bot/)"
::1 - - [01/Jul/2026:23:22:01 -0400] "OPTIONS * HTTP/1.0" 200 126 "-" "Apache/2.4.58 (Ubuntu) OpenSSL/3.0.13 (internal dummy connection)"
::1 - - [01/Jul/2026:23:22:02 -0400] "OPTIONS * HTTP/1.0" 200 126 "-" "Apache/2.4.58 (Ubuntu) OpenSSL/3.0.13 (internal dummy connection)"
::1 - - [01/Jul/2026:23:22:11 -0400] "OPTIONS * HTTP/1.0" 200 126 "-" "Apache/2.4.58 (Ubuntu) OpenSSL/3.0.13 (internal dummy connection)"
::1 - - [01/Jul/2026:23:25:57 -0400] "OPTIONS * HTTP/1.0" 200 126 "-" "Apache/2.4.58 (Ubuntu) OpenSSL/3.0.13 (internal dummy connection)"
5.61.209.92 - - [01/Jul/2026:23:26:29 -0400] "GET /SDK/webLanguage HTTP/1.1" 301 403 "-" "Mozilla/5.0 (Windows NT 10.0; Win64; x64) AppleWebKit/537.36 (KHTML, like Gecko) Chrome/90.0.4430.85 Safari/537.36 Edg/90.0.818.46"
::1 - - [01/Jul/2026:23:28:01 -0400] "OPTIONS * HTTP/1.0" 200 126 "-" "Apache/2.4.58 (Ubuntu) OpenSSL/3.0.13 (internal dummy connection)"
45.194.67.29 - - [01/Jul/2026:23:28:55 -0400] "GET / HTTP/1.1" 400 494 "-" "curl/7.68.0"
43.157.142.101 - - [01/Jul/2026:23:29:01 -0400] "GET /wp-content/plugins/ymc-smart-filter/ymc2/src/ HTTP/1.1" 200 842 "-" "Mozilla/5.0 (iPhone; CPU iPhone OS 13_2_3 like Mac OS X) AppleWebKit/605.1.15 (KHTML, like Gecko) Version/13.0.3 Mobile/15E148 Safari/604.1"
86.48.1.198 - - [01/Jul/2026:23:29:21 -0400] "GET / HTTP/1.0" 301 247 "-" "ivre-masscan/1.3 https://github.com/robertdavidgraham/"
::1 - - [01/Jul/2026:23:29:34 -0400] "OPTIONS * HTTP/1.0" 200 126 "-" "Apache/2.4.58 (Ubuntu) OpenSSL/3.0.13 (internal dummy connection)"
::1 - - [01/Jul/2026:23:29:46 -0400] "OPTIONS * HTTP/1.0" 200 126 "-" "Apache/2.4.58 (Ubuntu) OpenSSL/3.0.13 (internal dummy connection)"
