107.13.46.68 - - [01/Jul/2026:20:14:05 -0400] "GET /wp-json/wp/v2/block-patterns/patterns?_locale=user HTTP/1.1" 200 164724 "http://drivebackmachine.net/wp-admin/post.php?post=24&action=edit" "Mozilla/5.0 (Windows NT 10.0; Win64; x64) AppleWebKit/537.36 (KHTML, like Gecko) Chrome/149.0.0.0 Safari/537.36"
107.13.46.68 - - [01/Jul/2026:20:14:05 -0400] "GET /wp-json/wp/v2/wp_pattern_category?context=view&per_page=100&_fields=id%2Cname%2Cdescription%2Cslug&_locale=user HTTP/1.1" 200 699 "http://drivebackmachine.net/wp-admin/post.php?post=24&action=edit" "Mozilla/5.0 (Windows NT 10.0; Win64; x64) AppleWebKit/537.36 (KHTML, like Gecko) Chrome/149.0.0.0 Safari/537.36"
107.13.46.68 - - [01/Jul/2026:20:14:06 -0400] "GET /wp-content/uploads/2026/07/20250203_162656-1024x713.jpg HTTP/1.1" 304 250 "http://drivebackmachine.net/wp-admin/post.php?post=24&action=edit" "Mozilla/5.0 (Windows NT 10.0; Win64; x64) AppleWebKit/537.36 (KHTML, like Gecko) Chrome/149.0.0.0 Safari/537.36"
159.223.211.139 - - [01/Jul/2026:20:14:06 -0400] "GET /ci_secrets.yml HTTP/1.1" 404 32189 "-" "Mozilla/5.0 (iPhone; CPU iPhone OS 17_5 like Mac OS X) AppleWebKit/605.1.15 (KHTML, like Gecko) Version/17.5 Mobile/15E148 Safari/605.1.15"
159.223.211.139 - - [01/Jul/2026:20:14:06 -0400] "GET /ci_report.csv HTTP/1.1" 404 32189 "-" "Mozilla/5.0 (Windows NT 10.0; Win64; x64; rv:127.0) Gecko/20100101 Firefox/127.0"
159.223.211.139 - - [01/Jul/2026:20:14:06 -0400] "GET /client/.env HTTP/1.1" 404 32189 "-" "Mozilla/5.0 (Macintosh; Intel Mac OS X 10_15_7) AppleWebKit/605.1.15 (KHTML, like Gecko) Version/17.5 Safari/605.1.15"
107.13.46.68 - - [01/Jul/2026:20:14:06 -0400] "GET /wp-json/wp/v2/model?context=view&per_page=10&orderby=count&order=desc&hide_empty=true&_fields=id%2Cname%2Ccount&_locale=user HTTP/1.1" 200 699 "http://drivebackmachine.net/wp-admin/post.php?post=24&action=edit" "Mozilla/5.0 (Windows NT 10.0; Win64; x64) AppleWebKit/537.36 (KHTML, like Gecko) Chrome/149.0.0.0 Safari/537.36"
107.13.46.68 - - [01/Jul/2026:20:14:06 -0400] "GET /wp-json/wp/v2/make?context=view&per_page=10&orderby=count&order=desc&hide_empty=true&_fields=id%2Cname%2Ccount&_locale=user HTTP/1.1" 200 699 "http://drivebackmachine.net/wp-admin/post.php?post=24&action=edit" "Mozilla/5.0 (Windows NT 10.0; Win64; x64) AppleWebKit/537.36 (KHTML, like Gecko) Chrome/149.0.0.0 Safari/537.36"
107.13.46.68 - - [01/Jul/2026:20:14:06 -0400] "GET /wp-json/wp/v2/modelyear?context=view&per_page=10&orderby=count&order=desc&hide_empty=true&_fields=id%2Cname%2Ccount&_locale=user HTTP/1.1" 200 732 "http://drivebackmachine.net/wp-admin/post.php?post=24&action=edit" "Mozilla/5.0 (Windows NT 10.0; Win64; x64) AppleWebKit/537.36 (KHTML, like Gecko) Chrome/149.0.0.0 Safari/537.36"
107.13.46.68 - - [01/Jul/2026:20:14:06 -0400] "GET /wp-json/wp/v2/modelyear?context=view&per_page=100&_fields=id%2Cname&include=7&_locale=user HTTP/1.1" 200 722 "http://drivebackmachine.net/wp-admin/post.php?post=24&action=edit" "Mozilla/5.0 (Windows NT 10.0; Win64; x64) AppleWebKit/537.36 (KHTML, like Gecko) Chrome/149.0.0.0 Safari/537.36"
159.223.211.139 - - [01/Jul/2026:20:14:06 -0400] "GET /web.config.orig HTTP/1.1" 404 32188 "-" "Mozilla/5.0 (X11; Linux x86_64; rv:127.0) Gecko/20100101 Firefox/127.0"
107.13.46.68 - - [01/Jul/2026:20:14:06 -0400] "GET /wp-json/wp/v2/taxonomies?context=edit&_locale=user HTTP/1.1" 200 14837 "http://drivebackmachine.net/wp-admin/post.php?post=24&action=edit" "Mozilla/5.0 (Windows NT 10.0; Win64; x64) AppleWebKit/537.36 (KHTML, like Gecko) Chrome/149.0.0.0 Safari/537.36"
::1 - - [01/Jul/2026:20:14:06 -0400] "OPTIONS * HTTP/1.0" 200 126 "-" "Apache/2.4.58 (Ubuntu) OpenSSL/3.0.13 (internal dummy connection)"
159.223.211.139 - - [01/Jul/2026:20:14:06 -0400] "GET /ciConfig.js HTTP/1.1" 404 32189 "-" "Mozilla/5.0 (Macintosh; Intel Mac OS X 10.15; rv:127.0) Gecko/20100101 Firefox/127.0"
159.223.211.139 - - [01/Jul/2026:20:14:06 -0400] "GET /compose/.env HTTP/1.1" 404 32189 "-" "Mozilla/5.0 (X11; Linux x86_64; rv:127.0) Gecko/20100101 Firefox/127.0"
159.223.211.139 - - [01/Jul/2026:20:14:06 -0400] "GET /web.config~ HTTP/1.1" 404 32189 "-" "Mozilla/5.0 (Windows NT 10.0; Win64; x64; rv:127.0) Gecko/20100101 Firefox/127.0"
159.223.211.139 - - [01/Jul/2026:20:14:06 -0400] "GET /cli_secrets.yml HTTP/1.1" 404 32189 "-" "Mozilla/5.0 (Macintosh; Intel Mac OS X 10_15_7) AppleWebKit/537.36 (KHTML, like Gecko) Chrome/126.0.0.0 Safari/537.36"
159.223.211.139 - - [01/Jul/2026:20:14:06 -0400] "GET /client/.env HTTP/1.1" 404 32189 "-" "Mozilla/5.0 (Linux; Android 10; K) AppleWebKit/537.36 (KHTML, like Gecko) Chrome/126.0.0.0 Mobile Safari/537.36"
159.223.211.139 - - [01/Jul/2026:20:14:06 -0400] "GET /conf.d/.env HTTP/1.1" 404 32189 "-" "Mozilla/5.0 (Macintosh; Intel Mac OS X 10_15_7) AppleWebKit/537.36 (KHTML, like Gecko) Chrome/126.0.0.0 Safari/537.36"
159.223.211.139 - - [01/Jul/2026:20:14:06 -0400] "GET /web.config.tmp HTTP/1.1" 404 32189 "-" "Mozilla/5.0 (X11; Linux x86_64; rv:127.0) Gecko/20100101 Firefox/127.0"
159.223.211.139 - - [01/Jul/2026:20:14:07 -0400] "GET /conf.d/env/.env HTTP/1.1" 404 32188 "-" "Mozilla/5.0 (Windows NT 10.0; Win64; x64) AppleWebKit/537.36 (KHTML, like Gecko) Chrome/126.0.0.0 Safari/537.36 Edg/126.0.0.0"
159.223.211.139 - - [01/Jul/2026:20:14:07 -0400] "GET /config.bak HTTP/1.1" 404 32189 "-" "Mozilla/5.0 (iPhone; CPU iPhone OS 17_5 like Mac OS X) AppleWebKit/605.1.15 (KHTML, like Gecko) Version/17.5 Mobile/15E148 Safari/605.1.15"
159.223.211.139 - - [01/Jul/2026:20:14:07 -0400] "GET /config.env HTTP/1.1" 404 32189 "-" "Mozilla/5.0 (X11; Linux x86_64; rv:127.0) Gecko/20100101 Firefox/127.0"
159.223.211.139 - - [01/Jul/2026:20:14:07 -0400] "GET /config.example.js HTTP/1.1" 404 32188 "-" "Mozilla/5.0 (Macintosh; Intel Mac OS X 10_15_7) AppleWebKit/605.1.15 (KHTML, like Gecko) Version/17.5 Safari/605.1.15"
159.223.211.139 - - [01/Jul/2026:20:14:07 -0400] "GET /config.js HTTP/1.1" 404 32188 "-" "Mozilla/5.0 (iPhone; CPU iPhone OS 17_5 like Mac OS X) AppleWebKit/605.1.15 (KHTML, like Gecko) Version/17.5 Mobile/15E148 Safari/605.1.15"
159.223.211.139 - - [01/Jul/2026:20:14:07 -0400] "GET /web.config.dev HTTP/1.1" 404 32188 "-" "Mozilla/5.0 (Macintosh; Intel Mac OS X 10_15_7) AppleWebKit/537.36 (KHTML, like Gecko) Chrome/126.0.0.0 Safari/537.36"
159.223.211.139 - - [01/Jul/2026:20:14:07 -0400] "GET /web.config.dist HTTP/1.1" 404 32189 "-" "Mozilla/5.0 (Windows NT 10.0; Win64; x64) AppleWebKit/537.36 (KHTML, like Gecko) Chrome/126.0.0.0 Safari/537.36 Edg/126.0.0.0"
159.223.211.139 - - [01/Jul/2026:20:14:08 -0400] "GET /config.json HTTP/1.1" 404 32188 "-" "Mozilla/5.0 (Macintosh; Intel Mac OS X 10.15; rv:127.0) Gecko/20100101 Firefox/127.0"
159.223.211.139 - - [01/Jul/2026:20:14:08 -0400] "GET /config.old.json HTTP/1.1" 404 32188 "-" "Mozilla/5.0 (Macintosh; Intel Mac OS X 10_15_7) AppleWebKit/605.1.15 (KHTML, like Gecko) Version/17.5 Safari/605.1.15"
159.223.211.139 - - [01/Jul/2026:20:14:08 -0400] "GET /config.php HTTP/1.1" 404 32188 "-" "Mozilla/5.0 (Windows NT 10.0; Win64; x64; rv:127.0) Gecko/20100101 Firefox/127.0"
159.223.211.139 - - [01/Jul/2026:20:14:08 -0400] "GET /config.xml HTTP/1.1" 404 32188 "-" "Mozilla/5.0 (Windows NT 10.0; Win64; x64; rv:127.0) Gecko/20100101 Firefox/127.0"
159.223.211.139 - - [01/Jul/2026:20:14:08 -0400] "GET /config.yaml HTTP/1.1" 404 32188 "-" "Mozilla/5.0 (X11; Linux x86_64; rv:127.0) Gecko/20100101 Firefox/127.0"
159.223.211.139 - - [01/Jul/2026:20:14:08 -0400] "GET /Dockerfile.bak HTTP/1.1" 404 32188 "-" "Mozilla/5.0 (Windows NT 10.0; Win64; x64) AppleWebKit/537.36 (KHTML, like Gecko) Chrome/126.0.0.0 Safari/537.36 Edg/126.0.0.0"
159.223.211.139 - - [01/Jul/2026:20:14:09 -0400] "GET /config.yml HTTP/1.1" 404 32188 "-" "Mozlila/5.0 (Linux; Android 7.0; SM-G892A Bulid/NRD90M; wv) AppleWebKit/537.36 (KHTML, like Gecko) Version/4.0 Chrome/60.0.3112.107 Moblie Safari/537.36"
159.223.211.139 - - [01/Jul/2026:20:14:09 -0400] "GET /config/.env HTTP/1.1" 404 32188 "-" "Mozilla/5.0 (Macintosh; Intel Mac OS X 10_15_7) AppleWebKit/605.1.15 (KHTML, like Gecko) Version/17.5 Safari/605.1.15"
159.223.211.139 - - [01/Jul/2026:20:14:09 -0400] "GET /config/.env.debug HTTP/1.1" 404 32188 "-" "Mozilla/5.0 (X11; Linux x86_64) AppleWebKit/537.36 (KHTML, like Gecko) Chrome/126.0.0.0 Safari/537.36"
159.223.211.139 - - [01/Jul/2026:20:14:09 -0400] "GET /config/admin_settings.yml HTTP/1.1" 404 32188 "-" "Mozilla/5.0 (X11; Linux x86_64; rv:127.0) Gecko/20100101 Firefox/127.0"
159.223.211.139 - - [01/Jul/2026:20:14:09 -0400] "GET /Dockerfile.backup HTTP/1.1" 404 32188 "-" "Mozilla/5.0 (X11; Linux x86_64) AppleWebKit/537.36 (KHTML, like Gecko) Chrome/126.0.0.0 Safari/537.36"
159.223.211.139 - - [01/Jul/2026:20:14:09 -0400] "GET /config/api_credentials.yaml HTTP/1.1" 404 32188 "-" "Mozilla/5.0 (Windows NT 10.0; Win64; x64) AppleWebKit/537.36 (KHTML, like Gecko) Chrome/126.0.0.0 Safari/537.36 Edg/126.0.0.0"
159.223.211.139 - - [01/Jul/2026:20:14:09 -0400] "GET /Dockerfile.old HTTP/1.1" 404 32188 "-" "Mozilla/5.0 (Macintosh; Intel Mac OS X 10.15; rv:127.0) Gecko/20100101 Firefox/127.0"
159.223.211.139 - - [01/Jul/2026:20:14:09 -0400] "GET /config/api_endpoints.yml HTTP/1.1" 404 32188 "-" "Mozilla/5.0 (iPhone; CPU iPhone OS 17_5 like Mac OS X) AppleWebKit/605.1.15 (KHTML, like Gecko) Version/17.5 Mobile/15E148 Safari/605.1.15"
159.223.211.139 - - [01/Jul/2026:20:14:09 -0400] "GET /config/api_keys.json HTTP/1.1" 404 32189 "-" "Mozilla/5.0 (Linux; Android 10; K) AppleWebKit/537.36 (KHTML, like Gecko) Chrome/126.0.0.0 Mobile Safari/537.36"
159.223.211.139 - - [01/Jul/2026:20:14:09 -0400] "GET /config/api_keys.yaml HTTP/1.1" 404 32188 "-" "Mozilla/5.0 (Macintosh; Intel Mac OS X 10_15_7) AppleWebKit/605.1.15 (KHTML, like Gecko) Version/17.5 Safari/605.1.15"
159.223.211.139 - - [01/Jul/2026:20:14:10 -0400] "GET /config/api_keys.yml HTTP/1.1" 404 32188 "-" "Mozilla/5.0 (X11; Linux x86_64; rv:127.0) Gecko/20100101 Firefox/127.0"
159.223.211.139 - - [01/Jul/2026:20:14:10 -0400] "GET /config/application.yml HTTP/1.1" 404 32188 "-" "Mozilla/5.0 (Macintosh; Intel Mac OS X 10_15_7) AppleWebKit/605.1.15 (KHTML, like Gecko) Version/17.5 Safari/605.1.15"
107.13.46.68 - - [01/Jul/2026:20:14:10 -0400] "GET /wp-json/wp/v2/make?context=view&per_page=100&_fields=id%2Cname&search=Geo&_locale=user HTTP/1.1" 200 722 "http://drivebackmachine.net/wp-admin/post.php?post=24&action=edit" "Mozilla/5.0 (Windows NT 10.0; Win64; x64) AppleWebKit/537.36 (KHTML, like Gecko) Chrome/149.0.0.0 Safari/537.36"
159.223.211.139 - - [01/Jul/2026:20:14:10 -0400] "GET /Dockerfile.save HTTP/1.1" 404 32188 "-" "Mozilla/5.0 (Windows NT 10.0; Win64; x64; rv:127.0) Gecko/20100101 Firefox/127.0"
159.223.211.139 - - [01/Jul/2026:20:14:10 -0400] "GET /Dockerfile.swp HTTP/1.1" 404 32188 "-" "Mozilla/5.0 (Macintosh; Intel Mac OS X 10_15_7) AppleWebKit/537.36 (KHTML, like Gecko) Chrome/126.0.0.0 Safari/537.36"
159.223.211.139 - - [01/Jul/2026:20:14:10 -0400] "GET /config/appsettings.json HTTP/1.1" 404 32188 "-" "Mozilla/5.0 (X11; Linux x86_64) AppleWebKit/537.36 (KHTML, like Gecko) Chrome/126.0.0.0 Safari/537.36"
107.13.46.68 - - [01/Jul/2026:20:14:10 -0400] "POST /wp-admin/admin-ajax.php HTTP/1.1" 200 645 "http://drivebackmachine.net/wp-admin/post.php?post=24&action=edit" "Mozilla/5.0 (Windows NT 10.0; Win64; x64) AppleWebKit/537.36 (KHTML, like Gecko) Chrome/149.0.0.0 Safari/537.36"
107.13.46.68 - - [01/Jul/2026:20:14:10 -0400] "GET /wp-json/wp/v2/make?context=view&per_page=100&_fields=id%2Cname&include=17&_locale=user HTTP/1.1" 200 722 "http://drivebackmachine.net/wp-admin/post.php?post=24&action=edit" "Mozilla/5.0 (Windows NT 10.0; Win64; x64) AppleWebKit/537.36 (KHTML, like Gecko) Chrome/149.0.0.0 Safari/537.36"
159.223.211.139 - - [01/Jul/2026:20:14:10 -0400] "GET /config/auth.json HTTP/1.1" 404 32188 "-" "Mozilla/5.0 (X11; Linux x86_64; rv:127.0) Gecko/20100101 Firefox/127.0"
159.223.211.139 - - [01/Jul/2026:20:14:11 -0400] "GET /config/auth.yml HTTP/1.1" 404 32188 "-" "Mozilla/5.0 (X11; Linux x86_64; rv:127.0) Gecko/20100101 Firefox/127.0"
159.223.211.139 - - [01/Jul/2026:20:14:11 -0400] "GET /config/auth_tokens.yml HTTP/1.1" 404 32188 "-" "Mozilla/5.0 (Linux; Android 10; K) AppleWebKit/537.36 (KHTML, like Gecko) Chrome/126.0.0.0 Mobile Safari/537.36"
159.223.211.139 - - [01/Jul/2026:20:14:11 -0400] "GET /config/authentication.yml HTTP/1.1" 404 32188 "-" "Mozilla/5.0 (iPhone; CPU iPhone OS 17_5 like Mac OS X) AppleWebKit/605.1.15 (KHTML, like Gecko) Version/17.5 Mobile/15E148 Safari/605.1.15"
107.13.46.68 - - [01/Jul/2026:20:14:12 -0400] "GET /wp-json/wp/v2/model?context=view&per_page=100&_fields=id%2Cname&search=T&_locale=user HTTP/1.1" 200 726 "http://drivebackmachine.net/wp-admin/post.php?post=24&action=edit" "Mozilla/5.0 (Windows NT 10.0; Win64; x64) AppleWebKit/537.36 (KHTML, like Gecko) Chrome/149.0.0.0 Safari/537.36"
159.223.211.139 - - [01/Jul/2026:20:14:12 -0400] "GET /config/aws-config.json HTTP/1.1" 404 32188 "-" "Mozilla/5.0 (Macintosh; Intel Mac OS X 10.15; rv:127.0) Gecko/20100101 Firefox/127.0"
107.13.46.68 - - [01/Jul/2026:20:14:13 -0400] "POST /wp-admin/admin-ajax.php HTTP/1.1" 200 645 "http://drivebackmachine.net/wp-admin/post.php?post=24&action=edit" "Mozilla/5.0 (Windows NT 10.0; Win64; x64) AppleWebKit/537.36 (KHTML, like Gecko) Chrome/149.0.0.0 Safari/537.36"
107.13.46.68 - - [01/Jul/2026:20:14:13 -0400] "GET /wp-json/wp/v2/model?context=view&per_page=100&_fields=id%2Cname&include=19&_locale=user HTTP/1.1" 200 726 "http://drivebackmachine.net/wp-admin/post.php?post=24&action=edit" "Mozilla/5.0 (Windows NT 10.0; Win64; x64) AppleWebKit/537.36 (KHTML, like Gecko) Chrome/149.0.0.0 Safari/537.36"
159.223.211.139 - - [01/Jul/2026:20:14:13 -0400] "GET /Dockerfile~ HTTP/1.1" 404 32188 "-" "Mozilla/5.0 (Linux; Android 10; K) AppleWebKit/537.36 (KHTML, like Gecko) Chrome/126.0.0.0 Mobile Safari/537.36"
107.13.46.68 - - [01/Jul/2026:20:14:13 -0400] "GET /wp-json/wp/v2/model?context=view&per_page=100&_fields=id%2Cname&search=Tracker&_locale=user HTTP/1.1" 200 726 "http://drivebackmachine.net/wp-admin/post.php?post=24&action=edit" "Mozilla/5.0 (Windows NT 10.0; Win64; x64) AppleWebKit/537.36 (KHTML, like Gecko) Chrome/149.0.0.0 Safari/537.36"
159.223.211.139 - - [01/Jul/2026:20:14:13 -0400] "GET /config/awsconfig.js HTTP/1.1" 404 32188 "-" "Mozilla/5.0 (Macintosh; Intel Mac OS X 10_15_7) AppleWebKit/537.36 (KHTML, like Gecko) Chrome/126.0.0.0 Safari/537.36"
159.223.211.139 - - [01/Jul/2026:20:14:14 -0400] "GET /config/awsconfig.json HTTP/1.1" 404 32188 "-" "Mozilla/5.0 (Macintosh; Intel Mac OS X 10.15; rv:127.0) Gecko/20100101 Firefox/127.0"
159.223.211.139 - - [01/Jul/2026:20:14:14 -0400] "GET /config/backend_routes.yml HTTP/1.1" 404 32188 "-" "Mozilla/5.0 (Windows NT 10.0; Win64; x64; rv:127.0) Gecko/20100101 Firefox/127.0"
159.223.211.139 - - [01/Jul/2026:20:14:14 -0400] "GET /config/aws.yml HTTP/1.1" 404 32188 "-" "Mozilla/5.0 (Macintosh; Intel Mac OS X 10_15_7) AppleWebKit/605.1.15 (KHTML, like Gecko) Version/17.5 Safari/605.1.15"
159.223.211.139 - - [01/Jul/2026:20:14:14 -0400] "GET /config/aws.yaml HTTP/1.1" 404 32188 "-" "Mozilla/5.0 (Macintosh; Intel Mac OS X 10.15; rv:127.0) Gecko/20100101 Firefox/127.0"
159.223.211.139 - - [01/Jul/2026:20:14:14 -0400] "GET /Dockerfile.orig HTTP/1.1" 404 32188 "-" "Mozilla/5.0 (Macintosh; Intel Mac OS X 10_15_7) AppleWebKit/537.36 (KHTML, like Gecko) Chrome/126.0.0.0 Safari/537.36"
159.223.211.139 - - [01/Jul/2026:20:14:14 -0400] "GET /config/aws_config.json HTTP/1.1" 404 32188 "-" "Mozilla/5.0 (Macintosh; Intel Mac OS X 10_15_7) AppleWebKit/605.1.15 (KHTML, like Gecko) Version/17.5 Safari/605.1.15"
159.223.211.139 - - [01/Jul/2026:20:14:14 -0400] "GET /Dockerfile.dist HTTP/1.1" 404 32188 "-" "Mozilla/5.0 (Macintosh; Intel Mac OS X 10.15; rv:127.0) Gecko/20100101 Firefox/127.0"
107.13.46.68 - - [01/Jul/2026:20:14:15 -0400] "OPTIONS /wp-json/wp/v2/literature-item/?context=edit&_locale=user HTTP/1.1" 200 16836 "http://drivebackmachine.net/wp-admin/post.php?post=24&action=edit" "Mozilla/5.0 (Windows NT 10.0; Win64; x64) AppleWebKit/537.36 (KHTML, like Gecko) Chrome/149.0.0.0 Safari/537.36"
159.223.211.139 - - [01/Jul/2026:20:14:15 -0400] "GET /config/aws.json HTTP/1.1" 404 32188 "-" "Mozilla/5.0 (X11; Linux x86_64) AppleWebKit/537.36 (KHTML, like Gecko) Chrome/126.0.0.0 Safari/537.36"
159.223.211.139 - - [01/Jul/2026:20:14:15 -0400] "GET /config/backup_config.yml HTTP/1.1" 404 32188 "-" "Mozilla/5.0 (Windows NT 10.0; Win64; x64) AppleWebKit/537.36 (KHTML, like Gecko) Chrome/126.0.0.0 Safari/537.36"
::1 - - [01/Jul/2026:20:14:15 -0400] "OPTIONS * HTTP/1.0" 200 126 "-" "Apache/2.4.58 (Ubuntu) OpenSSL/3.0.13 (internal dummy connection)"
159.223.211.139 - - [01/Jul/2026:20:14:15 -0400] "GET /config/backup_config.json HTTP/1.1" 404 32189 "-" "Mozilla/5.0 (Windows NT 10.0; Win64; x64) AppleWebKit/537.36 (KHTML, like Gecko) Chrome/126.0.0.0 Safari/537.36 Edg/126.0.0.0"
159.223.211.139 - - [01/Jul/2026:20:14:15 -0400] "GET /config/backup_schedule.yml HTTP/1.1" 404 32188 "-" "Mozilla/5.0 (Windows NT 10.0; Win64; x64) AppleWebKit/537.36 (KHTML, like Gecko) Chrome/126.0.0.0 Safari/537.36 Edg/126.0.0.0"
159.223.211.139 - - [01/Jul/2026:20:14:15 -0400] "GET /Dockerfile.tmp HTTP/1.1" 404 32189 "-" "Mozilla/5.0 (Macintosh; Intel Mac OS X 10_15_7) AppleWebKit/605.1.15 (KHTML, like Gecko) Version/17.5 Safari/605.1.15"
159.223.211.139 - - [01/Jul/2026:20:14:15 -0400] "GET /config/aws_secrets.yml HTTP/1.1" 404 32188 "-" "Mozlila/5.0 (Linux; Android 7.0; SM-G892A Bulid/NRD90M; wv) AppleWebKit/537.36 (KHTML, like Gecko) Version/4.0 Chrome/60.0.3112.107 Moblie Safari/537.36"
107.13.46.68 - - [01/Jul/2026:20:14:15 -0400] "POST /wp-admin/admin-ajax.php HTTP/1.1" 200 703 "http://drivebackmachine.net/wp-admin/post.php?post=24&action=edit" "Mozilla/5.0 (Windows NT 10.0; Win64; x64) AppleWebKit/537.36 (KHTML, like Gecko) Chrome/149.0.0.0 Safari/537.36"
159.223.211.139 - - [01/Jul/2026:20:14:15 -0400] "GET /config/aws_config.yml HTTP/1.1" 404 32188 "-" "Mozilla/5.0 (Macintosh; Intel Mac OS X 10_15_7) AppleWebKit/605.1.15 (KHTML, like Gecko) Version/17.5 Safari/605.1.15"
159.223.211.139 - - [01/Jul/2026:20:14:15 -0400] "GET /config/aws_credentials.yml HTTP/1.1" 404 32188 "-" "Mozilla/5.0 (Macintosh; Intel Mac OS X 10_15_7) AppleWebKit/537.36 (KHTML, like Gecko) Chrome/126.0.0.0 Safari/537.36"
159.223.211.139 - - [01/Jul/2026:20:14:16 -0400] "GET /config/ci_settings.yml HTTP/1.1" 404 32188 "-" "Mozilla/5.0 (Macintosh; Intel Mac OS X 10_15_7) AppleWebKit/605.1.15 (KHTML, like Gecko) Version/17.5 Safari/605.1.15"
159.223.211.139 - - [01/Jul/2026:20:14:16 -0400] "GET /config/certs.yml HTTP/1.1" 404 32188 "-" "Mozilla/5.0 (X11; Linux x86_64; rv:127.0) Gecko/20100101 Firefox/127.0"
159.223.211.139 - - [01/Jul/2026:20:14:16 -0400] "GET /Dockerfile.dev HTTP/1.1" 404 32188 "-" "Mozilla/5.0 (Macintosh; Intel Mac OS X 10.15; rv:127.0) Gecko/20100101 Firefox/127.0"
::1 - - [01/Jul/2026:20:14:16 -0400] "OPTIONS * HTTP/1.0" 200 126 "-" "Apache/2.4.58 (Ubuntu) OpenSSL/3.0.13 (internal dummy connection)"
159.223.211.139 - - [01/Jul/2026:20:14:16 -0400] "GET /Dockerfile.copy HTTP/1.1" 404 32189 "-" "Mozilla/5.0 (Windows NT 10.0; Win64; x64) AppleWebKit/537.36 (KHTML, like Gecko) Chrome/126.0.0.0 Safari/537.36"
159.223.211.139 - - [01/Jul/2026:20:14:16 -0400] "GET /Dockerfile.copy HTTP/1.1" 404 32189 "-" "Mozilla/5.0 (Macintosh; Intel Mac OS X 10.15; rv:127.0) Gecko/20100101 Firefox/127.0"
159.223.211.139 - - [01/Jul/2026:20:14:16 -0400] "GET /config/aws.json HTTP/1.1" 404 32188 "-" "Mozilla/5.0 (X11; Linux x86_64; rv:127.0) Gecko/20100101 Firefox/127.0"
159.223.211.139 - - [01/Jul/2026:20:14:16 -0400] "GET /config/cloud_deployment.yml HTTP/1.1" 404 32188 "-" "Mozilla/5.0 (X11; Linux x86_64; rv:127.0) Gecko/20100101 Firefox/127.0"
159.223.211.139 - - [01/Jul/2026:20:14:16 -0400] "GET /config/cloud_secrets.yml HTTP/1.1" 404 32188 "-" "Mozlila/5.0 (Linux; Android 7.0; SM-G892A Bulid/NRD90M; wv) AppleWebKit/537.36 (KHTML, like Gecko) Version/4.0 Chrome/60.0.3112.107 Moblie Safari/537.36"
159.223.211.139 - - [01/Jul/2026:20:14:17 -0400] "GET /config/cloudformation.yml HTTP/1.1" 404 32188 "-" "Mozilla/5.0 (Macintosh; Intel Mac OS X 10_15_7) AppleWebKit/537.36 (KHTML, like Gecko) Chrome/126.0.0.0 Safari/537.36"
::1 - - [01/Jul/2026:20:14:17 -0400] "OPTIONS * HTTP/1.0" 200 126 "-" "Apache/2.4.58 (Ubuntu) OpenSSL/3.0.13 (internal dummy connection)"
159.223.211.139 - - [01/Jul/2026:20:14:17 -0400] "GET /config/config.js HTTP/1.1" 404 32188 "-" "Mozilla/5.0 (Windows NT 10.0; Win64; x64) AppleWebKit/537.36 (KHTML, like Gecko) Chrome/126.0.0.0 Safari/537.36"
159.223.211.139 - - [01/Jul/2026:20:14:17 -0400] "GET /config/aws_secrets.yml HTTP/1.1" 404 32188 "-" "Mozilla/5.0 (iPhone; CPU iPhone OS 17_5 like Mac OS X) AppleWebKit/605.1.15 (KHTML, like Gecko) Version/17.5 Mobile/15E148 Safari/605.1.15"
159.223.211.139 - - [01/Jul/2026:20:14:17 -0400] "GET /config/config.json HTTP/1.1" 404 32188 "-" "Mozilla/5.0 (Macintosh; Intel Mac OS X 10_15_7) AppleWebKit/537.36 (KHTML, like Gecko) Chrome/126.0.0.0 Safari/537.36"
159.223.211.139 - - [01/Jul/2026:20:14:17 -0400] "GET /config/config.yaml HTTP/1.1" 404 32189 "-" "Mozilla/5.0 (iPhone; CPU iPhone OS 17_5 like Mac OS X) AppleWebKit/605.1.15 (KHTML, like Gecko) Version/17.5 Mobile/15E148 Safari/605.1.15"
159.223.211.139 - - [01/Jul/2026:20:14:17 -0400] "GET /docker-compose.yml.bak HTTP/1.1" 404 32188 "-" "Mozilla/5.0 (X11; Linux x86_64) AppleWebKit/537.36 (KHTML, like Gecko) Chrome/126.0.0.0 Safari/537.36"
107.13.46.68 - - [01/Jul/2026:20:14:17 -0400] "POST /wp-json/wp/v2/literature-item/24?_locale=user HTTP/1.1" 200 3755 "http://drivebackmachine.net/wp-admin/post.php?post=24&action=edit" "Mozilla/5.0 (Windows NT 10.0; Win64; x64) AppleWebKit/537.36 (KHTML, like Gecko) Chrome/149.0.0.0 Safari/537.36"
107.13.46.68 - - [01/Jul/2026:20:14:17 -0400] "POST /wp-admin/admin-ajax.php HTTP/1.1" 200 645 "http://drivebackmachine.net/wp-admin/post.php?post=24&action=edit" "Mozilla/5.0 (Windows NT 10.0; Win64; x64) AppleWebKit/537.36 (KHTML, like Gecko) Chrome/149.0.0.0 Safari/537.36"
159.223.211.139 - - [01/Jul/2026:20:14:17 -0400] "GET /config/aws_credentials.yml HTTP/1.1" 404 32188 "-" "Mozilla/5.0 (Macintosh; Intel Mac OS X 10_15_7) AppleWebKit/537.36 (KHTML, like Gecko) Chrome/126.0.0.0 Safari/537.36"
159.223.211.139 - - [01/Jul/2026:20:14:17 -0400] "GET /config/aws_config.yml HTTP/1.1" 404 32188 "-" "Mozilla/5.0 (Windows NT 10.0; Win64; x64) AppleWebKit/537.36 (KHTML, like Gecko) Chrome/126.0.0.0 Safari/537.36"
159.223.211.139 - - [01/Jul/2026:20:14:18 -0400] "GET /docker-compose.yml.backup HTTP/1.1" 404 32188 "-" "Mozilla/5.0 (Macintosh; Intel Mac OS X 10.15; rv:127.0) Gecko/20100101 Firefox/127.0"
::1 - - [01/Jul/2026:20:14:18 -0400] "OPTIONS * HTTP/1.0" 200 126 "-" "Apache/2.4.58 (Ubuntu) OpenSSL/3.0.13 (internal dummy connection)"
159.223.211.139 - - [01/Jul/2026:20:14:18 -0400] "GET /config/config.yml HTTP/1.1" 404 32189 "-" "Mozilla/5.0 (iPhone; CPU iPhone OS 17_5 like Mac OS X) AppleWebKit/605.1.15 (KHTML, like Gecko) Version/17.5 Mobile/15E148 Safari/605.1.15"
159.223.211.139 - - [01/Jul/2026:20:14:18 -0400] "GET /config/constant.js HTTP/1.1" 404 32188 "-" "Mozilla/5.0 (Windows NT 10.0; Win64; x64) AppleWebKit/537.36 (KHTML, like Gecko) Chrome/126.0.0.0 Safari/537.36 Edg/126.0.0.0"
159.223.211.139 - - [01/Jul/2026:20:14:18 -0400] "GET /config/credentials.json HTTP/1.1" 404 32189 "-" "Mozilla/5.0 (Macintosh; Intel Mac OS X 10_15_7) AppleWebKit/605.1.15 (KHTML, like Gecko) Version/17.5 Safari/605.1.15"
159.223.211.139 - - [01/Jul/2026:20:14:18 -0400] "GET /docker-compose.yml.old HTTP/1.1" 404 32189 "-" "Mozilla/5.0 (Macintosh; Intel Mac OS X 10_15_7) AppleWebKit/537.36 (KHTML, like Gecko) Chrome/126.0.0.0 Safari/537.36"
159.223.211.139 - - [01/Jul/2026:20:14:18 -0400] "GET /config/credentials.yml HTTP/1.1" 404 32189 "-" "Mozilla/5.0 (Linux; Android 10; K) AppleWebKit/537.36 (KHTML, like Gecko) Chrome/126.0.0.0 Mobile Safari/537.36"
159.223.211.139 - - [01/Jul/2026:20:14:18 -0400] "GET /config/credentials.yaml HTTP/1.1" 404 32189 "-" "Mozilla/5.0 (Linux; Android 10; K) AppleWebKit/537.36 (KHTML, like Gecko) Chrome/126.0.0.0 Mobile Safari/537.36"
159.223.211.139 - - [01/Jul/2026:20:14:18 -0400] "GET /docker-compose.yml.save HTTP/1.1" 404 32189 "-" "Mozilla/5.0 (X11; Linux x86_64; rv:127.0) Gecko/20100101 Firefox/127.0"
159.223.211.139 - - [01/Jul/2026:20:14:18 -0400] "GET /docker-compose.yml.swp HTTP/1.1" 404 32188 "-" "Mozilla/5.0 (X11; Linux x86_64; rv:127.0) Gecko/20100101 Firefox/127.0"
159.223.211.139 - - [01/Jul/2026:20:14:18 -0400] "GET /config/cron_jobs.yml HTTP/1.1" 404 32188 "-" "Mozilla/5.0 (Macintosh; Intel Mac OS X 10.15; rv:127.0) Gecko/20100101 Firefox/127.0"
159.223.211.139 - - [01/Jul/2026:20:14:19 -0400] "GET /config/database.json HTTP/1.1" 404 32188 "-" "Mozilla/5.0 (Macintosh; Intel Mac OS X 10_15_7) AppleWebKit/605.1.15 (KHTML, like Gecko) Version/17.5 Safari/605.1.15"
159.223.211.139 - - [01/Jul/2026:20:14:19 -0400] "GET /config/database.yaml HTTP/1.1" 404 32188 "-" "Mozlila/5.0 (Linux; Android 7.0; SM-G892A Bulid/NRD90M; wv) AppleWebKit/537.36 (KHTML, like Gecko) Version/4.0 Chrome/60.0.3112.107 Moblie Safari/537.36"
159.223.211.139 - - [01/Jul/2026:20:14:19 -0400] "GET /config/database.yml HTTP/1.1" 404 32189 "-" "Mozilla/5.0 (Windows NT 10.0; Win64; x64) AppleWebKit/537.36 (KHTML, like Gecko) Chrome/126.0.0.0 Safari/537.36"
107.13.46.68 - - [01/Jul/2026:20:14:19 -0400] "POST /wp-admin/admin-ajax.php HTTP/1.1" 200 598 "http://drivebackmachine.net/wp-admin/post.php?post=24&action=edit" "Mozilla/5.0 (Windows NT 10.0; Win64; x64) AppleWebKit/537.36 (KHTML, like Gecko) Chrome/149.0.0.0 Safari/537.36"
107.13.46.68 - - [01/Jul/2026:20:14:19 -0400] "GET /wp-admin/edit.php?post_type=literature-item HTTP/1.1" 200 14100 "http://drivebackmachine.net/wp-admin/post.php?post=24&action=edit" "Mozilla/5.0 (Windows NT 10.0; Win64; x64) AppleWebKit/537.36 (KHTML, like Gecko) Chrome/149.0.0.0 Safari/537.36"
107.13.46.68 - - [01/Jul/2026:20:14:19 -0400] "GET /wp-content/plugins/advanced-custom-fields/assets/build/js/acf-escaped-html-notice.min.js?ver=6.8.5 HTTP/1.1" 200 567 "http://drivebackmachine.net/wp-admin/edit.php?post_type=literature-item" "Mozilla/5.0 (Windows NT 10.0; Win64; x64) AppleWebKit/537.36 (KHTML, like Gecko) Chrome/149.0.0.0 Safari/537.36"
107.13.46.68 - - [01/Jul/2026:20:14:19 -0400] "GET /wp-content/plugins/advanced-custom-fields/assets/build/css/acf-global.min.css?ver=6.8.5 HTTP/1.1" 200 25649 "http://drivebackmachine.net/wp-admin/edit.php?post_type=literature-item" "Mozilla/5.0 (Windows NT 10.0; Win64; x64) AppleWebKit/537.36 (KHTML, like Gecko) Chrome/149.0.0.0 Safari/537.36"
159.223.211.139 - - [01/Jul/2026:20:14:19 -0400] "GET /config/db_config.yml HTTP/1.1" 404 32188 "-" "Mozilla/5.0 (Linux; Android 10; K) AppleWebKit/537.36 (KHTML, like Gecko) Chrome/126.0.0.0 Mobile Safari/537.36"
159.223.211.139 - - [01/Jul/2026:20:14:19 -0400] "GET /config/dbConfig.json HTTP/1.1" 404 32189 "-" "Mozilla/5.0 (Linux; Android 10; K) AppleWebKit/537.36 (KHTML, like Gecko) Chrome/126.0.0.0 Mobile Safari/537.36"
159.223.211.139 - - [01/Jul/2026:20:14:19 -0400] "GET /config/db.config.js HTTP/1.1" 404 32189 "-" "Mozilla/5.0 (iPhone; CPU iPhone OS 17_5 like Mac OS X) AppleWebKit/605.1.15 (KHTML, like Gecko) Version/17.5 Mobile/15E148 Safari/605.1.15"
107.13.46.68 - - [01/Jul/2026:20:14:19 -0400] "POST /wp-admin/admin-ajax.php HTTP/1.1" 200 652 "http://drivebackmachine.net/wp-admin/edit.php?post_type=literature-item" "Mozilla/5.0 (Windows NT 10.0; Win64; x64) AppleWebKit/537.36 (KHTML, like Gecko) Chrome/149.0.0.0 Safari/537.36"
159.223.211.139 - - [01/Jul/2026:20:14:20 -0400] "GET /config/debug.json HTTP/1.1" 404 32188 "-" "Mozilla/5.0 (Windows NT 10.0; Win64; x64; rv:127.0) Gecko/20100101 Firefox/127.0"
159.223.211.139 - - [01/Jul/2026:20:14:20 -0400] "GET /docker-compose.yml~ HTTP/1.1" 404 32188 "-" "Mozilla/5.0 (iPhone; CPU iPhone OS 17_5 like Mac OS X) AppleWebKit/605.1.15 (KHTML, like Gecko) Version/17.5 Mobile/15E148 Safari/605.1.15"
159.223.211.139 - - [01/Jul/2026:20:14:20 -0400] "GET /config/debug_settings.json HTTP/1.1" 404 32188 "-" "Mozilla/5.0 (Macintosh; Intel Mac OS X 10.15; rv:127.0) Gecko/20100101 Firefox/127.0"
159.223.211.139 - - [01/Jul/2026:20:14:20 -0400] "GET /config/default.json HTTP/1.1" 404 32188 "-" "Mozilla/5.0 (Windows NT 10.0; Win64; x64; rv:127.0) Gecko/20100101 Firefox/127.0"
159.223.211.139 - - [01/Jul/2026:20:14:20 -0400] "GET /docker-compose.yml.orig HTTP/1.1" 404 32188 "-" "Mozilla/5.0 (Windows NT 10.0; Win64; x64) AppleWebKit/537.36 (KHTML, like Gecko) Chrome/126.0.0.0 Safari/537.36 Edg/126.0.0.0"
159.223.211.139 - - [01/Jul/2026:20:14:20 -0400] "GET /config/default.yml HTTP/1.1" 404 32188 "-" "Mozilla/5.0 (X11; Linux x86_64; rv:127.0) Gecko/20100101 Firefox/127.0"
159.223.211.139 - - [01/Jul/2026:20:14:20 -0400] "GET /config/deployment.yaml HTTP/1.1" 404 32188 "-" "Mozilla/5.0 (Windows NT 10.0; Win64; x64; rv:127.0) Gecko/20100101 Firefox/127.0"
159.223.211.139 - - [01/Jul/2026:20:14:20 -0400] "GET /config/deployment.yml HTTP/1.1" 404 32188 "-" "Mozilla/5.0 (Windows NT 10.0; Win64; x64) AppleWebKit/537.36 (KHTML, like Gecko) Chrome/126.0.0.0 Safari/537.36 Edg/126.0.0.0"
159.223.211.139 - - [01/Jul/2026:20:14:20 -0400] "GET /config/deployment/helm_chart.yml HTTP/1.1" 404 32188 "-" "Mozilla/5.0 (Windows NT 10.0; Win64; x64) AppleWebKit/537.36 (KHTML, like Gecko) Chrome/126.0.0.0 Safari/537.36"
159.223.211.139 - - [01/Jul/2026:20:14:20 -0400] "GET /docker-compose.yml.copy HTTP/1.1" 404 32188 "-" "Mozilla/5.0 (X11; Linux x86_64; rv:127.0) Gecko/20100101 Firefox/127.0"
159.223.211.139 - - [01/Jul/2026:20:14:20 -0400] "GET /docker-compose.yml.tmp HTTP/1.1" 404 32188 "-" "Mozilla/5.0 (Linux; Android 10; K) AppleWebKit/537.36 (KHTML, like Gecko) Chrome/126.0.0.0 Mobile Safari/537.36"
159.223.211.139 - - [01/Jul/2026:20:14:20 -0400] "GET /config/deployment/kubernetes_config.yml HTTP/1.1" 404 32188 "-" "Mozilla/5.0 (X11; Linux x86_64) AppleWebKit/537.36 (KHTML, like Gecko) Chrome/126.0.0.0 Safari/537.36"
159.223.211.139 - - [01/Jul/2026:20:14:21 -0400] "GET /docker-compose.yml.dist HTTP/1.1" 404 32189 "-" "Mozilla/5.0 (X11; Linux x86_64; rv:127.0) Gecko/20100101 Firefox/127.0"
107.13.46.68 - - [01/Jul/2026:20:14:21 -0400] "GET /wp-admin/edit.php?post_type=page HTTP/1.1" 200 15390 "http://drivebackmachine.net/wp-admin/edit.php?post_type=literature-item" "Mozilla/5.0 (Windows NT 10.0; Win64; x64) AppleWebKit/537.36 (KHTML, like Gecko) Chrome/149.0.0.0 Safari/537.36"
159.223.211.139 - - [01/Jul/2026:20:14:21 -0400] "GET /config/dev_config.yaml HTTP/1.1" 404 32188 "-" "Mozilla/5.0 (Macintosh; Intel Mac OS X 10_15_7) AppleWebKit/605.1.15 (KHTML, like Gecko) Version/17.5 Safari/605.1.15"
107.13.46.68 - - [01/Jul/2026:20:14:21 -0400] "POST /wp-admin/admin-ajax.php HTTP/1.1" 200 652 "http://drivebackmachine.net/wp-admin/edit.php?post_type=page" "Mozilla/5.0 (Windows NT 10.0; Win64; x64) AppleWebKit/537.36 (KHTML, like Gecko) Chrome/149.0.0.0 Safari/537.36"
159.223.211.139 - - [01/Jul/2026:20:14:21 -0400] "GET /config/development.json HTTP/1.1" 404 32188 "-" "Mozilla/5.0 (X11; Linux x86_64; rv:127.0) Gecko/20100101 Firefox/127.0"
159.223.211.139 - - [01/Jul/2026:20:14:21 -0400] "GET /config/development.yml HTTP/1.1" 404 32188 "-" "Mozilla/5.0 (Macintosh; Intel Mac OS X 10.15; rv:127.0) Gecko/20100101 Firefox/127.0"
159.223.211.139 - - [01/Jul/2026:20:14:21 -0400] "GET /config/development_secrets.yml HTTP/1.1" 404 32188 "-" "Mozilla/5.0 (Windows NT 10.0; Win64; x64; rv:127.0) Gecko/20100101 Firefox/127.0"
159.223.211.139 - - [01/Jul/2026:20:14:22 -0400] "GET /config/docker-compose.yml HTTP/1.1" 404 32188 "-" "Mozilla/5.0 (Windows NT 10.0; Win64; x64) AppleWebKit/537.36 (KHTML, like Gecko) Chrome/126.0.0.0 Safari/537.36 Edg/126.0.0.0"
159.223.211.139 - - [01/Jul/2026:20:14:22 -0400] "GET /config/docker_compose.yml HTTP/1.1" 404 32188 "-" "Mozilla/5.0 (iPhone; CPU iPhone OS 17_5 like Mac OS X) AppleWebKit/605.1.15 (KHTML, like Gecko) Version/17.5 Mobile/15E148 Safari/605.1.15"
159.223.211.139 - - [01/Jul/2026:20:14:22 -0400] "GET /config/docker_secrets.yml HTTP/1.1" 404 32188 "-" "Mozilla/5.0 (X11; Linux x86_64; rv:127.0) Gecko/20100101 Firefox/127.0"
159.223.211.139 - - [01/Jul/2026:20:14:22 -0400] "GET /docker-compose.yml.dev HTTP/1.1" 404 32188 "-" "Mozilla/5.0 (Windows NT 10.0; Win64; x64) AppleWebKit/537.36 (KHTML, like Gecko) Chrome/126.0.0.0 Safari/537.36 Edg/126.0.0.0"
159.223.211.139 - - [01/Jul/2026:20:14:22 -0400] "GET /config/email.yaml HTTP/1.1" 404 32188 "-" "Mozilla/5.0 (Windows NT 10.0; Win64; x64; rv:127.0) Gecko/20100101 Firefox/127.0"
159.223.211.139 - - [01/Jul/2026:20:14:22 -0400] "GET /config/env.config.js HTTP/1.1" 404 32188 "-" "Mozilla/5.0 (iPhone; CPU iPhone OS 17_5 like Mac OS X) AppleWebKit/605.1.15 (KHTML, like Gecko) Version/17.5 Mobile/15E148 Safari/605.1.15"
159.223.211.139 - - [01/Jul/2026:20:14:22 -0400] "GET /config/env.config.json HTTP/1.1" 404 32188 "-" "Mozilla/5.0 (Windows NT 10.0; Win64; x64) AppleWebKit/537.36 (KHTML, like Gecko) Chrome/126.0.0.0 Safari/537.36 Edg/126.0.0.0"
159.223.211.139 - - [01/Jul/2026:20:14:23 -0400] "GET /Makefile.bak HTTP/1.1" 404 32188 "-" "Mozilla/5.0 (X11; Linux x86_64) AppleWebKit/537.36 (KHTML, like Gecko) Chrome/126.0.0.0 Safari/537.36"
107.13.46.68 - - [01/Jul/2026:20:14:23 -0400] "GET /wp-admin/post.php?post=27&action=edit HTTP/1.1" 200 73005 "http://drivebackmachine.net/wp-admin/edit.php?post_type=page" "Mozilla/5.0 (Windows NT 10.0; Win64; x64) AppleWebKit/537.36 (KHTML, like Gecko) Chrome/149.0.0.0 Safari/537.36"
107.13.46.68 - - [01/Jul/2026:20:14:23 -0400] "GET /wp-content/plugins/advanced-custom-fields/assets/build/css/acf-input.min.css?ver=6.8.5 HTTP/1.1" 200 10585 "http://drivebackmachine.net/wp-admin/post.php?post=27&action=edit" "Mozilla/5.0 (Windows NT 10.0; Win64; x64) AppleWebKit/537.36 (KHTML, like Gecko) Chrome/149.0.0.0 Safari/537.36"
107.13.46.68 - - [01/Jul/2026:20:14:23 -0400] "GET /wp-content/plugins/advanced-custom-fields/assets/inc/select2/4/select2.min.css?ver=4.0.13 HTTP/1.1" 200 2335 "http://drivebackmachine.net/wp-admin/post.php?post=27&action=edit" "Mozilla/5.0 (Windows NT 10.0; Win64; x64) AppleWebKit/537.36 (KHTML, like Gecko) Chrome/149.0.0.0 Safari/537.36"
107.13.46.68 - - [01/Jul/2026:20:14:23 -0400] "GET /wp-content/plugins/advanced-custom-fields/assets/inc/timepicker/jquery-ui-timepicker-addon.min.css?ver=1.6.1 HTTP/1.1" 200 905 "http://drivebackmachine.net/wp-admin/post.php?post=27&action=edit" "Mozilla/5.0 (Windows NT 10.0; Win64; x64) AppleWebKit/537.36 (KHTML, like Gecko) Chrome/149.0.0.0 Safari/537.36"
107.13.46.68 - - [01/Jul/2026:20:14:23 -0400] "GET /wp-content/plugins/advanced-custom-fields/assets/inc/datepicker/jquery-ui.min.css?ver=1.11.4 HTTP/1.1" 200 3988 "http://drivebackmachine.net/wp-admin/post.php?post=27&action=edit" "Mozilla/5.0 (Windows NT 10.0; Win64; x64) AppleWebKit/537.36 (KHTML, like Gecko) Chrome/149.0.0.0 Safari/537.36"
107.13.46.68 - - [01/Jul/2026:20:14:23 -0400] "GET /wp-content/plugins/advanced-custom-fields/assets/build/js/acf.min.js?ver=6.8.5 HTTP/1.1" 200 19908 "http://drivebackmachine.net/wp-admin/post.php?post=27&action=edit" "Mozilla/5.0 (Windows NT 10.0; Win64; x64) AppleWebKit/537.36 (KHTML, like Gecko) Chrome/149.0.0.0 Safari/537.36"
107.13.46.68 - - [01/Jul/2026:20:14:23 -0400] "GET /wp-content/plugins/advanced-custom-fields/assets/build/js/acf-input.min.js?ver=6.8.5 HTTP/1.1" 200 34486 "http://drivebackmachine.net/wp-admin/post.php?post=27&action=edit" "Mozilla/5.0 (Windows NT 10.0; Win64; x64) AppleWebKit/537.36 (KHTML, like Gecko) Chrome/149.0.0.0 Safari/537.36"
107.13.46.68 - - [01/Jul/2026:20:14:23 -0400] "GET /wp-content/plugins/advanced-custom-fields/assets/inc/timepicker/jquery-ui-timepicker-addon.min.js?ver=1.6.1 HTTP/1.1" 200 11000 "http://drivebackmachine.net/wp-admin/post.php?post=27&action=edit" "Mozilla/5.0 (Windows NT 10.0; Win64; x64) AppleWebKit/537.36 (KHTML, like Gecko) Chrome/149.0.0.0 Safari/537.36"
107.13.46.68 - - [01/Jul/2026:20:14:23 -0400] "GET /wp-content/plugins/advanced-custom-fields/assets/inc/select2/4/select2.full.min.js?ver=4.0.13 HTTP/1.1" 200 22133 "http://drivebackmachine.net/wp-admin/post.php?post=27&action=edit" "Mozilla/5.0 (Windows NT 10.0; Win64; x64) AppleWebKit/537.36 (KHTML, like Gecko) Chrome/149.0.0.0 Safari/537.36"
107.13.46.68 - - [01/Jul/2026:20:14:23 -0400] "GET /wp-content/plugins/advanced-custom-fields/assets/inc/color-picker-alpha/wp-color-picker-alpha.js?ver=3.0.0 HTTP/1.1" 200 5452 "http://drivebackmachine.net/wp-admin/post.php?post=27&action=edit" "Mozilla/5.0 (Windows NT 10.0; Win64; x64) AppleWebKit/537.36 (KHTML, like Gecko) Chrome/149.0.0.0 Safari/537.36"
159.223.211.139 - - [01/Jul/2026:20:14:23 -0400] "GET /config/env.yml HTTP/1.1" 404 32188 "-" "Mozilla/5.0 (Windows NT 10.0; Win64; x64; rv:127.0) Gecko/20100101 Firefox/127.0"
159.223.211.139 - - [01/Jul/2026:20:14:23 -0400] "GET /config/env/config.yaml HTTP/1.1" 404 32188 "-" "Mozilla/5.0 (X11; Linux x86_64) AppleWebKit/537.36 (KHTML, like Gecko) Chrome/126.0.0.0 Safari/537.36"
159.223.211.139 - - [01/Jul/2026:20:14:23 -0400] "GET /config/env/development.yaml HTTP/1.1" 404 32188 "-" "Mozilla/5.0 (Windows NT 10.0; Win64; x64) AppleWebKit/537.36 (KHTML, like Gecko) Chrome/126.0.0.0 Safari/537.36"
159.223.211.139 - - [01/Jul/2026:20:14:23 -0400] "GET /Makefile.backup HTTP/1.1" 404 32188 "-" "Mozilla/5.0 (Windows NT 10.0; Win64; x64; rv:127.0) Gecko/20100101 Firefox/127.0"
159.223.211.139 - - [01/Jul/2026:20:14:23 -0400] "GET /config/env/env_variables.yml HTTP/1.1" 404 32188 "-" "Mozilla/5.0 (iPhone; CPU iPhone OS 17_5 like Mac OS X) AppleWebKit/605.1.15 (KHTML, like Gecko) Version/17.5 Mobile/15E148 Safari/605.1.15"
159.223.211.139 - - [01/Jul/2026:20:14:23 -0400] "GET /Makefile.old HTTP/1.1" 404 32188 "-" "Mozilla/5.0 (X11; Linux x86_64) AppleWebKit/537.36 (KHTML, like Gecko) Chrome/126.0.0.0 Safari/537.36"
159.223.211.139 - - [01/Jul/2026:20:14:23 -0400] "GET /config/env/production.yaml HTTP/1.1" 404 32188 "-" "Mozilla/5.0 (Macintosh; Intel Mac OS X 10_15_7) AppleWebKit/537.36 (KHTML, like Gecko) Chrome/126.0.0.0 Safari/537.36"
159.223.211.139 - - [01/Jul/2026:20:14:23 -0400] "GET /Makefile.save HTTP/1.1" 404 32188 "-" "Mozilla/5.0 (Linux; Android 10; K) AppleWebKit/537.36 (KHTML, like Gecko) Chrome/126.0.0.0 Mobile Safari/537.36"
159.223.211.139 - - [01/Jul/2026:20:14:23 -0400] "GET /config/env_config.js HTTP/1.1" 404 32188 "-" "Mozilla/5.0 (Windows NT 10.0; Win64; x64; rv:127.0) Gecko/20100101 Firefox/127.0"
159.223.211.139 - - [01/Jul/2026:20:14:23 -0400] "GET /config/environment.yaml HTTP/1.1" 404 32188 "-" "Mozilla/5.0 (Windows NT 10.0; Win64; x64) AppleWebKit/537.36 (KHTML, like Gecko) Chrome/126.0.0.0 Safari/537.36 Edg/126.0.0.0"
107.13.46.68 - - [01/Jul/2026:20:14:23 -0400] "OPTIONS /wp-json/wp/v2/settings?_locale=user HTTP/1.1" 200 6058 "http://drivebackmachine.net/wp-admin/post.php?post=27&action=edit" "Mozilla/5.0 (Windows NT 10.0; Win64; x64) AppleWebKit/537.36 (KHTML, like Gecko) Chrome/149.0.0.0 Safari/537.36"
107.13.46.68 - - [01/Jul/2026:20:14:23 -0400] "GET /wp-json/wp/v2/templates/lookup?slug=front-page&_locale=user HTTP/1.1" 200 658 "http://drivebackmachine.net/wp-admin/post.php?post=27&action=edit" "Mozilla/5.0 (Windows NT 10.0; Win64; x64) AppleWebKit/537.36 (KHTML, like Gecko) Chrome/149.0.0.0 Safari/537.36"
107.13.46.68 - - [01/Jul/2026:20:14:23 -0400] "GET /wp-json/wp/v2/comments?context=edit&post=27&type=note&status=all&per_page=100&_locale=user HTTP/1.1" 200 693 "http://drivebackmachine.net/wp-admin/post.php?post=27&action=edit" "Mozilla/5.0 (Windows NT 10.0; Win64; x64) AppleWebKit/537.36 (KHTML, like Gecko) Chrome/149.0.0.0 Safari/537.36"
107.13.46.68 - - [01/Jul/2026:20:14:23 -0400] "GET /wp-json/wp/v2/taxonomies?context=edit&per_page=100&_locale=user HTTP/1.1" 200 14837 "http://drivebackmachine.net/wp-admin/post.php?post=27&action=edit" "Mozilla/5.0 (Windows NT 10.0; Win64; x64) AppleWebKit/537.36 (KHTML, like Gecko) Chrome/149.0.0.0 Safari/537.36"
107.13.46.68 - - [01/Jul/2026:20:14:23 -0400] "GET /wp-json/wp/v2/users/1?context=view&_fields=id%2Cname&_locale=user HTTP/1.1" 200 706 "http://drivebackmachine.net/wp-admin/post.php?post=27&action=edit" "Mozilla/5.0 (Windows NT 10.0; Win64; x64) AppleWebKit/537.36 (KHTML, like Gecko) Chrome/149.0.0.0 Safari/537.36"
107.13.46.68 - - [01/Jul/2026:20:14:24 -0400] "GET /wp-json/wp/v2/wp_pattern_category?context=view&per_page=100&_fields=id%2Cname%2Cdescription%2Cslug&_locale=user HTTP/1.1" 200 699 "http://drivebackmachine.net/wp-admin/post.php?post=27&action=edit" "Mozilla/5.0 (Windows NT 10.0; Win64; x64) AppleWebKit/537.36 (KHTML, like Gecko) Chrome/149.0.0.0 Safari/537.36"
107.13.46.68 - - [01/Jul/2026:20:14:24 -0400] "GET /wp-json/wp/v2/posts?context=edit&offset=0&order=desc&orderby=date&per_page=10&sticky=false&_locale=user HTTP/1.1" 200 699 "http://drivebackmachine.net/wp-admin/post.php?post=27&action=edit" "Mozilla/5.0 (Windows NT 10.0; Win64; x64) AppleWebKit/537.36 (KHTML, like Gecko) Chrome/149.0.0.0 Safari/537.36"
107.13.46.68 - - [01/Jul/2026:20:14:24 -0400] "GET /wp-json/wp/v2/taxonomies?context=edit&_locale=user HTTP/1.1" 200 14837 "http://drivebackmachine.net/wp-admin/post.php?post=27&action=edit" "Mozilla/5.0 (Windows NT 10.0; Win64; x64) AppleWebKit/537.36 (KHTML, like Gecko) Chrome/149.0.0.0 Safari/537.36"
159.223.211.139 - - [01/Jul/2026:20:14:24 -0400] "GET /config/environment.yml HTTP/1.1" 404 32188 "-" "Mozilla/5.0 (Linux; Android 10; K) AppleWebKit/537.36 (KHTML, like Gecko) Chrome/126.0.0.0 Mobile Safari/537.36"
107.13.46.68 - - [01/Jul/2026:20:14:24 -0400] "GET /wp-json/wp/v2/posts?context=edit&offset=0&order=desc&orderby=date&per_page=3&sticky=false&_locale=user HTTP/1.1" 200 699 "http://drivebackmachine.net/wp-admin/post.php?post=27&action=edit" "Mozilla/5.0 (Windows NT 10.0; Win64; x64) AppleWebKit/537.36 (KHTML, like Gecko) Chrome/149.0.0.0 Safari/537.36"
159.223.211.139 - - [01/Jul/2026:20:14:24 -0400] "GET /config/environment/development.yml HTTP/1.1" 404 32188 "-" "Mozilla/5.0 (Windows NT 10.0; Win64; x64) AppleWebKit/537.36 (KHTML, like Gecko) Chrome/126.0.0.0 Safari/537.36 Edg/126.0.0.0"
159.223.211.139 - - [01/Jul/2026:20:14:24 -0400] "GET /config/environment/production.yml HTTP/1.1" 404 32188 "-" "Mozilla/5.0 (Linux; Android 10; K) AppleWebKit/537.36 (KHTML, like Gecko) Chrome/126.0.0.0 Mobile Safari/537.36"
159.223.211.139 - - [01/Jul/2026:20:14:24 -0400] "GET /config/frontend_routes.yml HTTP/1.1" 404 32188 "-" "Mozilla/5.0 (Windows NT 10.0; Win64; x64) AppleWebKit/537.36 (KHTML, like Gecko) Chrome/126.0.0.0 Safari/537.36 Edg/126.0.0.0"
159.223.211.139 - - [01/Jul/2026:20:14:24 -0400] "GET /config/lambda.yml HTTP/1.1" 404 32188 "-" "Mozilla/5.0 (iPhone; CPU iPhone OS 17_5 like Mac OS X) AppleWebKit/605.1.15 (KHTML, like Gecko) Version/17.5 Mobile/15E148 Safari/605.1.15"
159.223.211.139 - - [01/Jul/2026:20:14:24 -0400] "GET /Makefile.swp HTTP/1.1" 404 32188 "-" "Mozilla/5.0 (Windows NT 10.0; Win64; x64) AppleWebKit/537.36 (KHTML, like Gecko) Chrome/126.0.0.0 Safari/537.36"
159.223.211.139 - - [01/Jul/2026:20:14:25 -0400] "GET /config/local.yml HTTP/1.1" 404 32188 "-" "Mozilla/5.0 (Windows NT 10.0; Win64; x64; rv:127.0) Gecko/20100101 Firefox/127.0"
159.223.211.139 - - [01/Jul/2026:20:14:25 -0400] "GET /config/local.json HTTP/1.1" 404 32188 "-" "Mozlila/5.0 (Linux; Android 7.0; SM-G892A Bulid/NRD90M; wv) AppleWebKit/537.36 (KHTML, like Gecko) Version/4.0 Chrome/60.0.3112.107 Moblie Safari/537.36"
159.223.211.139 - - [01/Jul/2026:20:14:25 -0400] "GET /config/main.json HTTP/1.1" 404 32188 "-" "Mozilla/5.0 (Macintosh; Intel Mac OS X 10.15; rv:127.0) Gecko/20100101 Firefox/127.0"
159.223.211.139 - - [01/Jul/2026:20:14:25 -0400] "GET /Makefile~ HTTP/1.1" 404 32188 "-" "Mozilla/5.0 (Windows NT 10.0; Win64; x64) AppleWebKit/537.36 (KHTML, like Gecko) Chrome/126.0.0.0 Safari/537.36"
107.13.46.68 - - [01/Jul/2026:20:14:25 -0400] "OPTIONS /wp-json/wp/v2/pages/?context=edit&_locale=user HTTP/1.1" 200 13842 "http://drivebackmachine.net/wp-admin/post.php?post=27&action=edit" "Mozilla/5.0 (Windows NT 10.0; Win64; x64) AppleWebKit/537.36 (KHTML, like Gecko) Chrome/149.0.0.0 Safari/537.36"
159.223.211.139 - - [01/Jul/2026:20:14:25 -0400] "GET /config/module_secrets.yml HTTP/1.1" 404 32188 "-" "Mozilla/5.0 (Macintosh; Intel Mac OS X 10.15; rv:127.0) Gecko/20100101 Firefox/127.0"
159.223.211.139 - - [01/Jul/2026:20:14:25 -0400] "GET /config/module_settings.yml HTTP/1.1" 404 32188 "-" "Mozilla/5.0 (Macintosh; Intel Mac OS X 10_15_7) AppleWebKit/605.1.15 (KHTML, like Gecko) Version/17.5 Safari/605.1.15"
159.223.211.139 - - [01/Jul/2026:20:14:25 -0400] "GET /config/oauth.yaml HTTP/1.1" 404 32188 "-" "Mozilla/5.0 (Linux; Android 10; K) AppleWebKit/537.36 (KHTML, like Gecko) Chrome/126.0.0.0 Mobile Safari/537.36"
159.223.211.139 - - [01/Jul/2026:20:14:25 -0400] "GET /config/oauth.yml HTTP/1.1" 404 32188 "-" "Mozilla/5.0 (Macintosh; Intel Mac OS X 10.15; rv:127.0) Gecko/20100101 Firefox/127.0"
159.223.211.139 - - [01/Jul/2026:20:14:25 -0400] "GET /Makefile.orig HTTP/1.1" 404 32188 "-" "Mozilla/5.0 (iPhone; CPU iPhone OS 17_5 like Mac OS X) AppleWebKit/605.1.15 (KHTML, like Gecko) Version/17.5 Mobile/15E148 Safari/605.1.15"
159.223.211.139 - - [01/Jul/2026:20:14:25 -0400] "GET /Makefile.copy HTTP/1.1" 404 32188 "-" "Mozilla/5.0 (Windows NT 10.0; Win64; x64) AppleWebKit/537.36 (KHTML, like Gecko) Chrome/126.0.0.0 Safari/537.36 Edg/126.0.0.0"
159.223.211.139 - - [01/Jul/2026:20:14:25 -0400] "GET /config/parameters.yml HTTP/1.1" 404 32188 "-" "Mozilla/5.0 (Windows NT 10.0; Win64; x64) AppleWebKit/537.36 (KHTML, like Gecko) Chrome/126.0.0.0 Safari/537.36"
159.223.211.139 - - [01/Jul/2026:20:14:25 -0400] "GET /Makefile.tmp HTTP/1.1" 404 32188 "-" "Mozlila/5.0 (Linux; Android 7.0; SM-G892A Bulid/NRD90M; wv) AppleWebKit/537.36 (KHTML, like Gecko) Version/4.0 Chrome/60.0.3112.107 Moblie Safari/537.36"
107.13.46.68 - - [01/Jul/2026:20:14:26 -0400] "GET /wp-json/wp/v2/blocks?context=edit&per_page=100&page=1&_locale=user HTTP/1.1" 200 699 "http://drivebackmachine.net/wp-admin/post.php?post=27&action=edit" "Mozilla/5.0 (Windows NT 10.0; Win64; x64) AppleWebKit/537.36 (KHTML, like Gecko) Chrome/149.0.0.0 Safari/537.36"
107.13.46.68 - - [01/Jul/2026:20:14:26 -0400] "GET /wp-json/wp/v2/block-patterns/patterns?_locale=user HTTP/1.1" 200 164723 "http://drivebackmachine.net/wp-admin/post.php?post=27&action=edit" "Mozilla/5.0 (Windows NT 10.0; Win64; x64) AppleWebKit/537.36 (KHTML, like Gecko) Chrome/149.0.0.0 Safari/537.36"
159.223.211.139 - - [01/Jul/2026:20:14:26 -0400] "GET /config/plugins.js HTTP/1.1" 404 32188 "-" "Mozilla/5.0 (iPhone; CPU iPhone OS 17_5 like Mac OS X) AppleWebKit/605.1.15 (KHTML, like Gecko) Version/17.5 Mobile/15E148 Safari/605.1.15"
159.223.211.139 - - [01/Jul/2026:20:14:26 -0400] "GET /config/private_routes.yml HTTP/1.1" 404 32188 "-" "Mozilla/5.0 (Macintosh; Intel Mac OS X 10_15_7) AppleWebKit/537.36 (KHTML, like Gecko) Chrome/126.0.0.0 Safari/537.36"
159.223.211.139 - - [01/Jul/2026:20:14:26 -0400] "GET /config/probuildKeys.js HTTP/1.1" 404 32188 "-" "Mozilla/5.0 (Macintosh; Intel Mac OS X 10_15_7) AppleWebKit/605.1.15 (KHTML, like Gecko) Version/17.5 Safari/605.1.15"
159.223.211.139 - - [01/Jul/2026:20:14:26 -0400] "GET /config/prod_config.yaml HTTP/1.1" 404 32188 "-" "Mozilla/5.0 (X11; Linux x86_64) AppleWebKit/537.36 (KHTML, like Gecko) Chrome/126.0.0.0 Safari/537.36"
159.223.211.139 - - [01/Jul/2026:20:14:26 -0400] "GET /config/production.json HTTP/1.1" 404 32188 "-" "Mozilla/5.0 (Linux; Android 10; K) AppleWebKit/537.36 (KHTML, like Gecko) Chrome/126.0.0.0 Mobile Safari/537.36"
159.223.211.139 - - [01/Jul/2026:20:14:26 -0400] "GET /config/production_routes.yml HTTP/1.1" 404 32188 "-" "Mozilla/5.0 (X11; Linux x86_64; rv:127.0) Gecko/20100101 Firefox/127.0"
159.223.211.139 - - [01/Jul/2026:20:14:26 -0400] "GET /config/production.yml HTTP/1.1" 404 32188 "-" "Mozilla/5.0 (Linux; Android 10; K) AppleWebKit/537.36 (KHTML, like Gecko) Chrome/126.0.0.0 Mobile Safari/537.36"
159.223.211.139 - - [01/Jul/2026:20:14:27 -0400] "GET /Makefile.dist HTTP/1.1" 404 32188 "-" "Mozilla/5.0 (Macintosh; Intel Mac OS X 10_15_7) AppleWebKit/537.36 (KHTML, like Gecko) Chrome/126.0.0.0 Safari/537.36"
159.223.211.139 - - [01/Jul/2026:20:14:27 -0400] "GET /config/production_secrets.yml HTTP/1.1" 404 32188 "-" "Mozilla/5.0 (X11; Linux x86_64; rv:127.0) Gecko/20100101 Firefox/127.0"
159.223.211.139 - - [01/Jul/2026:20:14:27 -0400] "GET /config/public_config.yaml HTTP/1.1" 404 32188 "-" "Mozilla/5.0 (iPhone; CPU iPhone OS 17_5 like Mac OS X) AppleWebKit/605.1.15 (KHTML, like Gecko) Version/17.5 Mobile/15E148 Safari/605.1.15"
159.223.211.139 - - [01/Jul/2026:20:14:27 -0400] "GET /config/public_routes.yml HTTP/1.1" 404 32188 "-" "Mozilla/5.0 (iPhone; CPU iPhone OS 17_5 like Mac OS X) AppleWebKit/605.1.15 (KHTML, like Gecko) Version/17.5 Mobile/15E148 Safari/605.1.15"
159.223.211.139 - - [01/Jul/2026:20:14:27 -0400] "GET /Makefile.dev HTTP/1.1" 404 32188 "-" "Mozilla/5.0 (Macintosh; Intel Mac OS X 10_15_7) AppleWebKit/605.1.15 (KHTML, like Gecko) Version/17.5 Safari/605.1.15"
159.223.211.139 - - [01/Jul/2026:20:14:27 -0400] "GET /config/routes.js HTTP/1.1" 404 32188 "-" "Mozilla/5.0 (Macintosh; Intel Mac OS X 10_15_7) AppleWebKit/537.36 (KHTML, like Gecko) Chrome/126.0.0.0 Safari/537.36"
159.223.211.139 - - [01/Jul/2026:20:14:27 -0400] "GET /config/routes.yml HTTP/1.1" 404 32188 "-" "Mozilla/5.0 (Macintosh; Intel Mac OS X 10_15_7) AppleWebKit/537.36 (KHTML, like Gecko) Chrome/126.0.0.0 Safari/537.36"
159.223.211.139 - - [01/Jul/2026:20:14:27 -0400] "GET /config/s3_config.yml HTTP/1.1" 404 32188 "-" "Mozilla/5.0 (Linux; Android 10; K) AppleWebKit/537.36 (KHTML, like Gecko) Chrome/126.0.0.0 Mobile Safari/537.36"
