159.223.211.139 - - [01/Jul/2026:20:15:48 -0400] "GET /server.js HTTP/1.1" 404 32188 "-" "Mozilla/5.0 (Macintosh; Intel Mac OS X 10_15_7) AppleWebKit/537.36 (KHTML, like Gecko) Chrome/126.0.0.0 Safari/537.36"
159.223.211.139 - - [01/Jul/2026:20:15:49 -0400] "GET /server-status HTTP/1.1" 403 493 "-" "Mozilla/5.0 (Macintosh; Intel Mac OS X 10.15; rv:127.0) Gecko/20100101 Firefox/127.0"
159.223.211.139 - - [01/Jul/2026:20:15:50 -0400] "GET /server/config.example.js HTTP/1.1" 404 32188 "-" "Mozilla/5.0 (Windows NT 10.0; Win64; x64; rv:127.0) Gecko/20100101 Firefox/127.0"
159.223.211.139 - - [01/Jul/2026:20:15:50 -0400] "GET /server.log HTTP/1.1" 404 32188 "-" "Mozlila/5.0 (Linux; Android 7.0; SM-G892A Bulid/NRD90M; wv) AppleWebKit/537.36 (KHTML, like Gecko) Version/4.0 Chrome/60.0.3112.107 Moblie Safari/537.36"
159.223.211.139 - - [01/Jul/2026:20:15:50 -0400] "GET /server/config.js HTTP/1.1" 404 32188 "-" "Mozilla/5.0 (Windows NT 10.0; Win64; x64) AppleWebKit/537.36 (KHTML, like Gecko) Chrome/126.0.0.0 Safari/537.36"
159.223.211.139 - - [01/Jul/2026:20:15:50 -0400] "GET /server.php HTTP/1.1" 404 32188 "-" "Mozilla/5.0 (Windows NT 10.0; Win64; x64; rv:127.0) Gecko/20100101 Firefox/127.0"
159.223.211.139 - - [01/Jul/2026:20:15:50 -0400] "GET /server/.env HTTP/1.1" 404 32188 "-" "Mozilla/5.0 (Linux; Android 10; K) AppleWebKit/537.36 (KHTML, like Gecko) Chrome/126.0.0.0 Mobile Safari/537.36"
159.223.211.139 - - [01/Jul/2026:20:15:50 -0400] "GET /server/config/plugins.js HTTP/1.1" 404 32188 "-" "Mozilla/5.0 (X11; Linux x86_64; rv:127.0) Gecko/20100101 Firefox/127.0"
159.223.211.139 - - [01/Jul/2026:20:15:50 -0400] "GET /server/index.js HTTP/1.1" 404 32188 "-" "Mozilla/5.0 (Windows NT 10.0; Win64; x64) AppleWebKit/537.36 (KHTML, like Gecko) Chrome/126.0.0.0 Safari/537.36 Edg/126.0.0.0"
159.223.211.139 - - [01/Jul/2026:20:15:50 -0400] "GET /server/src/email.js HTTP/1.1" 404 32188 "-" "Mozilla/5.0 (Windows NT 10.0; Win64; x64) AppleWebKit/537.36 (KHTML, like Gecko) Chrome/126.0.0.0 Safari/537.36 Edg/126.0.0.0"
159.223.211.139 - - [01/Jul/2026:20:15:51 -0400] "GET /server_handler.py HTTP/1.1" 404 32188 "-" "Mozilla/5.0 (Windows NT 10.0; Win64; x64) AppleWebKit/537.36 (KHTML, like Gecko) Chrome/126.0.0.0 Safari/537.36"
159.223.211.139 - - [01/Jul/2026:20:15:52 -0400] "GET /server_config.rb HTTP/1.1" 404 32188 "-" "Mozilla/5.0 (Windows NT 10.0; Win64; x64) AppleWebKit/537.36 (KHTML, like Gecko) Chrome/126.0.0.0 Safari/537.36"
159.223.211.139 - - [01/Jul/2026:20:15:52 -0400] "GET /server_info.php HTTP/1.1" 404 32188 "-" "Mozilla/5.0 (Macintosh; Intel Mac OS X 10_15_7) AppleWebKit/605.1.15 (KHTML, like Gecko) Version/17.5 Safari/605.1.15"
159.223.211.139 - - [01/Jul/2026:20:15:52 -0400] "GET /server_info/phpinfo.php HTTP/1.1" 404 32188 "-" "Mozilla/5.0 (Linux; Android 10; K) AppleWebKit/537.36 (KHTML, like Gecko) Chrome/126.0.0.0 Mobile Safari/537.36"
159.223.211.139 - - [01/Jul/2026:20:15:52 -0400] "GET /server_initializer.py HTTP/1.1" 404 32188 "-" "Mozilla/5.0 (Macintosh; Intel Mac OS X 10_15_7) AppleWebKit/605.1.15 (KHTML, like Gecko) Version/17.5 Safari/605.1.15"
159.223.211.139 - - [01/Jul/2026:20:15:53 -0400] "GET /server_initializer.rb HTTP/1.1" 404 32188 "-" "Mozlila/5.0 (Linux; Android 7.0; SM-G892A Bulid/NRD90M; wv) AppleWebKit/537.36 (KHTML, like Gecko) Version/4.0 Chrome/60.0.3112.107 Moblie Safari/537.36"
159.223.211.139 - - [01/Jul/2026:20:15:53 -0400] "GET /server_logs.yml HTTP/1.1" 404 32188 "-" "Mozilla/5.0 (Windows NT 10.0; Win64; x64) AppleWebKit/537.36 (KHTML, like Gecko) Chrome/126.0.0.0 Safari/537.36"
159.223.211.139 - - [01/Jul/2026:20:15:53 -0400] "GET /server_secrets.yml HTTP/1.1" 404 32188 "-" "Mozilla/5.0 (X11; Linux x86_64) AppleWebKit/537.36 (KHTML, like Gecko) Chrome/126.0.0.0 Safari/537.36"
159.223.211.139 - - [01/Jul/2026:20:15:54 -0400] "GET /server_config.yml HTTP/1.1" 404 32188 "-" "Mozilla/5.0 (iPhone; CPU iPhone OS 17_5 like Mac OS X) AppleWebKit/605.1.15 (KHTML, like Gecko) Version/17.5 Mobile/15E148 Safari/605.1.15"
159.223.211.139 - - [01/Jul/2026:20:15:54 -0400] "GET /server_data.csv HTTP/1.1" 404 32188 "-" "Mozilla/5.0 (X11; Linux x86_64) AppleWebKit/537.36 (KHTML, like Gecko) Chrome/126.0.0.0 Safari/537.36"
159.223.211.139 - - [01/Jul/2026:20:15:54 -0400] "GET /server_usage.csv HTTP/1.1" 404 32188 "-" "Mozilla/5.0 (Windows NT 10.0; Win64; x64) AppleWebKit/537.36 (KHTML, like Gecko) Chrome/126.0.0.0 Safari/537.36"
159.223.211.139 - - [01/Jul/2026:20:15:54 -0400] "GET /service-account.json HTTP/1.1" 404 32188 "-" "Mozilla/5.0 (Windows NT 10.0; Win64; x64; rv:127.0) Gecko/20100101 Firefox/127.0"
159.223.211.139 - - [01/Jul/2026:20:15:54 -0400] "GET /services.yaml HTTP/1.1" 404 32188 "-" "Mozilla/5.0 (iPhone; CPU iPhone OS 17_5 like Mac OS X) AppleWebKit/605.1.15 (KHTML, like Gecko) Version/17.5 Mobile/15E148 Safari/605.1.15"
159.223.211.139 - - [01/Jul/2026:20:15:54 -0400] "GET /services/config/.env HTTP/1.1" 404 32188 "-" "Mozilla/5.0 (iPhone; CPU iPhone OS 17_5 like Mac OS X) AppleWebKit/605.1.15 (KHTML, like Gecko) Version/17.5 Mobile/15E148 Safari/605.1.15"
107.13.46.68 - - [01/Jul/2026:20:15:54 -0400] "POST /wp-admin/admin-ajax.php HTTP/1.1" 200 704 "http://drivebackmachine.net/wp-admin/post.php?post=27&action=edit" "Mozilla/5.0 (Windows NT 10.0; Win64; x64) AppleWebKit/537.36 (KHTML, like Gecko) Chrome/149.0.0.0 Safari/537.36"
159.223.211.139 - - [01/Jul/2026:20:15:55 -0400] "GET /servidor.env HTTP/1.1" 404 32188 "-" "Mozilla/5.0 (Macintosh; Intel Mac OS X 10.15; rv:127.0) Gecko/20100101 Firefox/127.0"
159.223.211.139 - - [01/Jul/2026:20:15:55 -0400] "GET /ses_config.js HTTP/1.1" 404 32189 "-" "Mozilla/5.0 (Macintosh; Intel Mac OS X 10.15; rv:127.0) Gecko/20100101 Firefox/127.0"
159.223.211.139 - - [01/Jul/2026:20:15:55 -0400] "GET /sessions/.env HTTP/1.1" 404 32189 "-" "Mozilla/5.0 (X11; Linux x86_64; rv:127.0) Gecko/20100101 Firefox/127.0"
159.223.211.139 - - [01/Jul/2026:20:15:55 -0400] "GET /ses_config.json HTTP/1.1" 404 32188 "-" "Mozilla/5.0 (iPhone; CPU iPhone OS 17_5 like Mac OS X) AppleWebKit/605.1.15 (KHTML, like Gecko) Version/17.5 Mobile/15E148 Safari/605.1.15"
159.223.211.139 - - [01/Jul/2026:20:15:55 -0400] "GET /sessions/session.json HTTP/1.1" 404 32188 "-" "Mozilla/5.0 (Windows NT 10.0; Win64; x64) AppleWebKit/537.36 (KHTML, like Gecko) Chrome/126.0.0.0 Safari/537.36"
159.223.211.139 - - [01/Jul/2026:20:15:55 -0400] "GET /server_config.yml HTTP/1.1" 404 32189 "-" "Mozilla/5.0 (X11; Linux x86_64; rv:127.0) Gecko/20100101 Firefox/127.0"
159.223.211.139 - - [01/Jul/2026:20:15:55 -0400] "GET /server_data.csv HTTP/1.1" 404 32188 "-" "Mozilla/5.0 (Macintosh; Intel Mac OS X 10_15_7) AppleWebKit/605.1.15 (KHTML, like Gecko) Version/17.5 Safari/605.1.15"
159.223.211.139 - - [01/Jul/2026:20:15:55 -0400] "GET /settings.js HTTP/1.1" 404 32188 "-" "Mozilla/5.0 (iPhone; CPU iPhone OS 17_5 like Mac OS X) AppleWebKit/605.1.15 (KHTML, like Gecko) Version/17.5 Mobile/15E148 Safari/605.1.15"
159.223.211.139 - - [01/Jul/2026:20:15:56 -0400] "GET /settings.json HTTP/1.1" 404 32188 "-" "Mozilla/5.0 (X11; Linux x86_64; rv:127.0) Gecko/20100101 Firefox/127.0"
159.223.211.139 - - [01/Jul/2026:20:15:56 -0400] "GET /settings.py HTTP/1.1" 404 32188 "-" "Mozlila/5.0 (Linux; Android 7.0; SM-G892A Bulid/NRD90M; wv) AppleWebKit/537.36 (KHTML, like Gecko) Version/4.0 Chrome/60.0.3112.107 Moblie Safari/537.36"
159.223.211.139 - - [01/Jul/2026:20:15:56 -0400] "GET /settings.yml HTTP/1.1" 404 32188 "-" "Mozilla/5.0 (Windows NT 10.0; Win64; x64) AppleWebKit/537.36 (KHTML, like Gecko) Chrome/126.0.0.0 Safari/537.36"
159.223.211.139 - - [01/Jul/2026:20:15:56 -0400] "GET /settings_backup.csv HTTP/1.1" 404 32188 "-" "Mozilla/5.0 (X11; Linux x86_64; rv:127.0) Gecko/20100101 Firefox/127.0"
159.223.211.139 - - [01/Jul/2026:20:15:56 -0400] "GET /settings_data.csv HTTP/1.1" 404 32188 "-" "Mozilla/5.0 (Macintosh; Intel Mac OS X 10_15_7) AppleWebKit/537.36 (KHTML, like Gecko) Chrome/126.0.0.0 Safari/537.36"
159.223.211.139 - - [01/Jul/2026:20:15:56 -0400] "GET /settings_loader.rb HTTP/1.1" 404 32189 "-" "Mozilla/5.0 (Windows NT 10.0; Win64; x64) AppleWebKit/537.36 (KHTML, like Gecko) Chrome/126.0.0.0 Safari/537.36"
159.223.211.139 - - [01/Jul/2026:20:15:57 -0400] "GET /settings_logs.yaml HTTP/1.1" 404 32188 "-" "Mozilla/5.0 (Windows NT 10.0; Win64; x64) AppleWebKit/537.36 (KHTML, like Gecko) Chrome/126.0.0.0 Safari/537.36"
159.223.211.139 - - [01/Jul/2026:20:15:57 -0400] "GET /settings_manager.rb HTTP/1.1" 404 32188 "-" "Mozlila/5.0 (Linux; Android 7.0; SM-G892A Bulid/NRD90M; wv) AppleWebKit/537.36 (KHTML, like Gecko) Version/4.0 Chrome/60.0.3112.107 Moblie Safari/537.36"
159.223.211.139 - - [01/Jul/2026:20:15:57 -0400] "GET /settings_updater.py HTTP/1.1" 404 32188 "-" "Mozilla/5.0 (iPhone; CPU iPhone OS 17_5 like Mac OS X) AppleWebKit/605.1.15 (KHTML, like Gecko) Version/17.5 Mobile/15E148 Safari/605.1.15"
159.223.211.139 - - [01/Jul/2026:20:15:57 -0400] "GET /shared/.env HTTP/1.1" 404 32189 "-" "Mozilla/5.0 (Windows NT 10.0; Win64; x64) AppleWebKit/537.36 (KHTML, like Gecko) Chrome/126.0.0.0 Safari/537.36 Edg/126.0.0.0"
159.223.211.139 - - [01/Jul/2026:20:15:57 -0400] "GET /shared/config.env HTTP/1.1" 404 32189 "-" "Mozilla/5.0 (Linux; Android 10; K) AppleWebKit/537.36 (KHTML, like Gecko) Chrome/126.0.0.0 Mobile Safari/537.36"
159.223.211.139 - - [01/Jul/2026:20:15:57 -0400] "GET /shared/config/.env HTTP/1.1" 404 32189 "-" "Mozilla/5.0 (Macintosh; Intel Mac OS X 10_15_7) AppleWebKit/537.36 (KHTML, like Gecko) Chrome/126.0.0.0 Safari/537.36"
159.223.211.139 - - [01/Jul/2026:20:15:57 -0400] "GET /shared/config/config.env HTTP/1.1" 404 32188 "-" "Mozilla/5.0 (Windows NT 10.0; Win64; x64) AppleWebKit/537.36 (KHTML, like Gecko) Chrome/126.0.0.0 Safari/537.36 Edg/126.0.0.0"
159.223.211.139 - - [01/Jul/2026:20:15:57 -0400] "GET /shared/config/config.js HTTP/1.1" 404 32188 "-" "Mozilla/5.0 (Macintosh; Intel Mac OS X 10_15_7) AppleWebKit/605.1.15 (KHTML, like Gecko) Version/17.5 Safari/605.1.15"
159.223.211.139 - - [01/Jul/2026:20:15:57 -0400] "GET /shibboleth/.env HTTP/1.1" 404 32188 "-" "Mozilla/5.0 (Macintosh; Intel Mac OS X 10_15_7) AppleWebKit/605.1.15 (KHTML, like Gecko) Version/17.5 Safari/605.1.15"
159.223.211.139 - - [01/Jul/2026:20:15:58 -0400] "GET /shop/.env HTTP/1.1" 404 32188 "-" "Mozilla/5.0 (Macintosh; Intel Mac OS X 10.15; rv:127.0) Gecko/20100101 Firefox/127.0"
159.223.211.139 - - [01/Jul/2026:20:15:58 -0400] "GET /shopify/.env HTTP/1.1" 404 32188 "-" "Mozilla/5.0 (Windows NT 10.0; Win64; x64) AppleWebKit/537.36 (KHTML, like Gecko) Chrome/126.0.0.0 Safari/537.36 Edg/126.0.0.0"
159.223.211.139 - - [01/Jul/2026:20:15:58 -0400] "GET /sirim/.env HTTP/1.1" 404 32188 "-" "Mozilla/5.0 (Macintosh; Intel Mac OS X 10_15_7) AppleWebKit/605.1.15 (KHTML, like Gecko) Version/17.5 Safari/605.1.15"
159.223.211.139 - - [01/Jul/2026:20:15:58 -0400] "GET /site/.env HTTP/1.1" 404 32188 "-" "Mozlila/5.0 (Linux; Android 7.0; SM-G892A Bulid/NRD90M; wv) AppleWebKit/537.36 (KHTML, like Gecko) Version/4.0 Chrome/60.0.3112.107 Moblie Safari/537.36"
159.223.211.139 - - [01/Jul/2026:20:15:58 -0400] "GET /site-info.php HTTP/1.1" 404 32188 "-" "Mozilla/5.0 (Windows NT 10.0; Win64; x64) AppleWebKit/537.36 (KHTML, like Gecko) Chrome/126.0.0.0 Safari/537.36 Edg/126.0.0.0"
107.13.46.68 - - [01/Jul/2026:20:16:00 -0400] "GET /wp-json/wp/v2/types?context=edit&per_page=100&_locale=user HTTP/1.1" 200 30873 "http://drivebackmachine.net/wp-admin/post.php?post=27&action=edit" "Mozilla/5.0 (Windows NT 10.0; Win64; x64) AppleWebKit/537.36 (KHTML, like Gecko) Chrome/149.0.0.0 Safari/537.36"
107.13.46.68 - - [01/Jul/2026:20:16:00 -0400] "GET /wp-json/wp/v2/types/post?context=edit&_locale=user HTTP/1.1" 200 3109 "http://drivebackmachine.net/wp-admin/post.php?post=27&action=edit" "Mozilla/5.0 (Windows NT 10.0; Win64; x64) AppleWebKit/537.36 (KHTML, like Gecko) Chrome/149.0.0.0 Safari/537.36"
107.13.46.68 - - [01/Jul/2026:20:16:00 -0400] "GET /wp-json/wp/v2/taxonomies?context=edit&type=post&per_page=100&_locale=user HTTP/1.1" 200 4640 "http://drivebackmachine.net/wp-admin/post.php?post=27&action=edit" "Mozilla/5.0 (Windows NT 10.0; Win64; x64) AppleWebKit/537.36 (KHTML, like Gecko) Chrome/149.0.0.0 Safari/537.36"
::1 - - [01/Jul/2026:20:16:03 -0400] "OPTIONS * HTTP/1.0" 200 126 "-" "Apache/2.4.58 (Ubuntu) OpenSSL/3.0.13 (internal dummy connection)"
::1 - - [01/Jul/2026:20:16:04 -0400] "OPTIONS * HTTP/1.0" 200 126 "-" "Apache/2.4.58 (Ubuntu) OpenSSL/3.0.13 (internal dummy connection)"
107.13.46.68 - - [01/Jul/2026:20:16:04 -0400] "POST /wp-admin/admin-ajax.php HTTP/1.1" 200 703 "http://drivebackmachine.net/wp-admin/post.php?post=27&action=edit" "Mozilla/5.0 (Windows NT 10.0; Win64; x64) AppleWebKit/537.36 (KHTML, like Gecko) Chrome/149.0.0.0 Safari/537.36"
107.13.46.68 - - [01/Jul/2026:20:16:05 -0400] "GET /wp-json/wp/v2/types/literature-item?context=edit&_locale=user HTTP/1.1" 200 3375 "http://drivebackmachine.net/wp-admin/post.php?post=27&action=edit" "Mozilla/5.0 (Windows NT 10.0; Win64; x64) AppleWebKit/537.36 (KHTML, like Gecko) Chrome/149.0.0.0 Safari/537.36"
107.13.46.68 - - [01/Jul/2026:20:16:05 -0400] "GET /wp-json/wp/v2/taxonomies?context=edit&type=literature-item&per_page=100&_locale=user HTTP/1.1" 200 6523 "http://drivebackmachine.net/wp-admin/post.php?post=27&action=edit" "Mozilla/5.0 (Windows NT 10.0; Win64; x64) AppleWebKit/537.36 (KHTML, like Gecko) Chrome/149.0.0.0 Safari/537.36"
107.13.46.68 - - [01/Jul/2026:20:16:05 -0400] "GET /wp-json/wp/v2/literature-item?context=edit&offset=0&order=desc&orderby=date&per_page=10&ignore_sticky=false&_locale=user HTTP/1.1" 200 3591 "http://drivebackmachine.net/wp-admin/post.php?post=27&action=edit" "Mozilla/5.0 (Windows NT 10.0; Win64; x64) AppleWebKit/537.36 (KHTML, like Gecko) Chrome/149.0.0.0 Safari/537.36"
::1 - - [01/Jul/2026:20:16:05 -0400] "OPTIONS * HTTP/1.0" 200 126 "-" "Apache/2.4.58 (Ubuntu) OpenSSL/3.0.13 (internal dummy connection)"
159.223.211.139 - - [01/Jul/2026:20:16:05 -0400] "GET /source/.env HTTP/1.1" 404 32189 "-" "Mozilla/5.0 (Windows NT 10.0; Win64; x64) AppleWebKit/537.36 (KHTML, like Gecko) Chrome/126.0.0.0 Safari/537.36 Edg/126.0.0.0"
159.223.211.139 - - [01/Jul/2026:20:16:06 -0400] "GET /sqlconnection.js HTTP/1.1" 404 32189 "-" "Mozilla/5.0 (X11; Linux x86_64) AppleWebKit/537.36 (KHTML, like Gecko) Chrome/126.0.0.0 Safari/537.36"
159.223.211.139 - - [01/Jul/2026:20:16:06 -0400] "GET /sql/secrets.yml HTTP/1.1" 404 32189 "-" "Mozilla/5.0 (X11; Linux x86_64; rv:127.0) Gecko/20100101 Firefox/127.0"
159.223.211.139 - - [01/Jul/2026:20:16:06 -0400] "GET /sources/.env HTTP/1.1" 404 32189 "-" "Mozilla/5.0 (X11; Linux x86_64; rv:127.0) Gecko/20100101 Firefox/127.0"
159.223.211.139 - - [01/Jul/2026:20:16:06 -0400] "GET /src/server/utils/sendmail.js HTTP/1.1" 404 32189 "-" "Mozilla/5.0 (Windows NT 10.0; Win64; x64) AppleWebKit/537.36 (KHTML, like Gecko) Chrome/126.0.0.0 Safari/537.36 Edg/126.0.0.0"
159.223.211.139 - - [01/Jul/2026:20:16:06 -0400] "GET /sites/.env HTTP/1.1" 404 32189 "-" "Mozilla/5.0 (Macintosh; Intel Mac OS X 10_15_7) AppleWebKit/605.1.15 (KHTML, like Gecko) Version/17.5 Safari/605.1.15"
159.223.211.139 - - [01/Jul/2026:20:16:06 -0400] "GET /sms.py HTTP/1.1" 404 32189 "-" "Mozilla/5.0 (Macintosh; Intel Mac OS X 10_15_7) AppleWebKit/605.1.15 (KHTML, like Gecko) Version/17.5 Safari/605.1.15"
159.223.211.139 - - [01/Jul/2026:20:16:06 -0400] "GET /sitestatic/.env HTTP/1.1" 404 32189 "-" "Mozilla/5.0 (Windows NT 10.0; Win64; x64) AppleWebKit/537.36 (KHTML, like Gecko) Chrome/126.0.0.0 Safari/537.36 Edg/126.0.0.0"
159.223.211.139 - - [01/Jul/2026:20:16:06 -0400] "GET /sitemaps/.env HTTP/1.1" 404 32188 "-" "Mozilla/5.0 (Windows NT 10.0; Win64; x64) AppleWebKit/537.36 (KHTML, like Gecko) Chrome/126.0.0.0 Safari/537.36 Edg/126.0.0.0"
159.223.211.139 - - [01/Jul/2026:20:16:06 -0400] "GET /staging.yml HTTP/1.1" 404 32189 "-" "Mozilla/5.0 (iPhone; CPU iPhone OS 17_5 like Mac OS X) AppleWebKit/605.1.15 (KHTML, like Gecko) Version/17.5 Mobile/15E148 Safari/605.1.15"
159.223.211.139 - - [01/Jul/2026:20:16:07 -0400] "GET /stagingConfig.js HTTP/1.1" 404 32189 "-" "Mozilla/5.0 (Windows NT 10.0; Win64; x64) AppleWebKit/537.36 (KHTML, like Gecko) Chrome/126.0.0.0 Safari/537.36"
159.223.211.139 - - [01/Jul/2026:20:16:07 -0400] "GET /stag/.env HTTP/1.1" 404 32189 "-" "Mozilla/5.0 (Windows NT 10.0; Win64; x64; rv:127.0) Gecko/20100101 Firefox/127.0"
159.223.211.139 - - [01/Jul/2026:20:16:07 -0400] "GET /staging/.env HTTP/1.1" 404 32189 "-" "Mozilla/5.0 (Linux; Android 10; K) AppleWebKit/537.36 (KHTML, like Gecko) Chrome/126.0.0.0 Mobile Safari/537.36"
159.223.211.139 - - [01/Jul/2026:20:16:07 -0400] "GET /staging_report.csv HTTP/1.1" 404 32189 "-" "Mozilla/5.0 (Windows NT 10.0; Win64; x64) AppleWebKit/537.36 (KHTML, like Gecko) Chrome/126.0.0.0 Safari/537.36"
159.223.211.139 - - [01/Jul/2026:20:16:07 -0400] "GET /stage/.env HTTP/1.1" 404 32189 "-" "Mozlila/5.0 (Linux; Android 7.0; SM-G892A Bulid/NRD90M; wv) AppleWebKit/537.36 (KHTML, like Gecko) Version/4.0 Chrome/60.0.3112.107 Moblie Safari/537.36"
159.223.211.139 - - [01/Jul/2026:20:16:07 -0400] "GET /staging_secrets.yml HTTP/1.1" 404 32189 "-" "Mozilla/5.0 (Windows NT 10.0; Win64; x64; rv:127.0) Gecko/20100101 Firefox/127.0"
159.223.211.139 - - [01/Jul/2026:20:16:08 -0400] "GET /static-html/.env HTTP/1.1" 404 32188 "-" "Mozilla/5.0 (iPhone; CPU iPhone OS 17_5 like Mac OS X) AppleWebKit/605.1.15 (KHTML, like Gecko) Version/17.5 Mobile/15E148 Safari/605.1.15"
159.223.211.139 - - [01/Jul/2026:20:16:08 -0400] "GET /static/.env HTTP/1.1" 404 32188 "-" "Mozilla/5.0 (Windows NT 10.0; Win64; x64) AppleWebKit/537.36 (KHTML, like Gecko) Chrome/126.0.0.0 Safari/537.36"
159.223.211.139 - - [01/Jul/2026:20:16:08 -0400] "GET /static_prod/.env HTTP/1.1" 404 32188 "-" "Mozilla/5.0 (Macintosh; Intel Mac OS X 10_15_7) AppleWebKit/537.36 (KHTML, like Gecko) Chrome/126.0.0.0 Safari/537.36"
159.223.211.139 - - [01/Jul/2026:20:16:08 -0400] "GET /static_user/.env HTTP/1.1" 404 32189 "-" "Mozlila/5.0 (Linux; Android 7.0; SM-G892A Bulid/NRD90M; wv) AppleWebKit/537.36 (KHTML, like Gecko) Version/4.0 Chrome/60.0.3112.107 Moblie Safari/537.36"
159.223.211.139 - - [01/Jul/2026:20:16:08 -0400] "GET /staticfiles/.env HTTP/1.1" 404 32188 "-" "Mozilla/5.0 (Windows NT 10.0; Win64; x64) AppleWebKit/537.36 (KHTML, like Gecko) Chrome/126.0.0.0 Safari/537.36 Edg/126.0.0.0"
159.223.211.139 - - [01/Jul/2026:20:16:08 -0400] "GET /stats/.env HTTP/1.1" 404 32188 "-" "Mozilla/5.0 (Windows NT 10.0; Win64; x64) AppleWebKit/537.36 (KHTML, like Gecko) Chrome/126.0.0.0 Safari/537.36"
159.223.211.139 - - [01/Jul/2026:20:16:08 -0400] "GET /status.php HTTP/1.1" 404 32188 "-" "Mozilla/5.0 (Windows NT 10.0; Win64; x64) AppleWebKit/537.36 (KHTML, like Gecko) Chrome/126.0.0.0 Safari/537.36"
159.223.211.139 - - [01/Jul/2026:20:16:08 -0400] "GET /storage/.env HTTP/1.1" 404 32188 "-" "Mozilla/5.0 (Macintosh; Intel Mac OS X 10_15_7) AppleWebKit/537.36 (KHTML, like Gecko) Chrome/126.0.0.0 Safari/537.36"
159.223.211.139 - - [01/Jul/2026:20:16:08 -0400] "GET /stockapi/.env HTTP/1.1" 404 32188 "-" "Mozlila/5.0 (Linux; Android 7.0; SM-G892A Bulid/NRD90M; wv) AppleWebKit/537.36 (KHTML, like Gecko) Version/4.0 Chrome/60.0.3112.107 Moblie Safari/537.36"
159.223.211.139 - - [01/Jul/2026:20:16:09 -0400] "GET /store/.env HTTP/1.1" 404 32188 "-" "Mozilla/5.0 (Windows NT 10.0; Win64; x64) AppleWebKit/537.36 (KHTML, like Gecko) Chrome/126.0.0.0 Safari/537.36"
159.223.211.139 - - [01/Jul/2026:20:16:09 -0400] "GET /stripe-php/.env HTTP/1.1" 404 32189 "-" "Mozilla/5.0 (X11; Linux x86_64; rv:127.0) Gecko/20100101 Firefox/127.0"
107.13.46.68 - - [01/Jul/2026:20:16:09 -0400] "GET /wp-json/wp/v2/literature-item?context=edit&offset=0&order=asc&orderby=title&per_page=10&ignore_sticky=false&_locale=user HTTP/1.1" 200 3590 "http://drivebackmachine.net/wp-admin/post.php?post=27&action=edit" "Mozilla/5.0 (Windows NT 10.0; Win64; x64) AppleWebKit/537.36 (KHTML, like Gecko) Chrome/149.0.0.0 Safari/537.36"
159.223.211.139 - - [01/Jul/2026:20:16:09 -0400] "GET /stripe/.env HTTP/1.1" 404 32188 "-" "Mozilla/5.0 (Windows NT 10.0; Win64; x64) AppleWebKit/537.36 (KHTML, like Gecko) Chrome/126.0.0.0 Safari/537.36 Edg/126.0.0.0"
159.223.211.139 - - [01/Jul/2026:20:16:09 -0400] "GET /style/.env HTTP/1.1" 404 32188 "-" "Mozilla/5.0 (X11; Linux x86_64; rv:127.0) Gecko/20100101 Firefox/127.0"
159.223.211.139 - - [01/Jul/2026:20:16:10 -0400] "GET /styles/.env HTTP/1.1" 404 32188 "-" "Mozilla/5.0 (Macintosh; Intel Mac OS X 10_15_7) AppleWebKit/605.1.15 (KHTML, like Gecko) Version/17.5 Safari/605.1.15"
159.223.211.139 - - [01/Jul/2026:20:16:10 -0400] "GET /stylesheets/ HTTP/1.1" 404 32188 "-" "Mozlila/5.0 (Linux; Android 7.0; SM-G892A Bulid/NRD90M; wv) AppleWebKit/537.36 (KHTML, like Gecko) Version/4.0 Chrome/60.0.3112.107 Moblie Safari/537.36"
159.223.211.139 - - [01/Jul/2026:20:16:10 -0400] "GET /stylesheets/.env HTTP/1.1" 404 32188 "-" "Mozilla/5.0 (X11; Linux x86_64; rv:127.0) Gecko/20100101 Firefox/127.0"
159.223.211.139 - - [01/Jul/2026:20:16:10 -0400] "GET /subdomains/.env HTTP/1.1" 404 32189 "-" "Mozlila/5.0 (Linux; Android 7.0; SM-G892A Bulid/NRD90M; wv) AppleWebKit/537.36 (KHTML, like Gecko) Version/4.0 Chrome/60.0.3112.107 Moblie Safari/537.36"
159.223.211.139 - - [01/Jul/2026:20:16:11 -0400] "GET /supermind/.env HTTP/1.1" 404 32188 "-" "Mozilla/5.0 (X11; Linux x86_64; rv:127.0) Gecko/20100101 Firefox/127.0"
159.223.211.139 - - [01/Jul/2026:20:16:11 -0400] "GET /support/.env HTTP/1.1" 404 32188 "-" "Mozilla/5.0 (Macintosh; Intel Mac OS X 10.15; rv:127.0) Gecko/20100101 Firefox/127.0"
159.223.211.139 - - [01/Jul/2026:20:16:11 -0400] "GET /support/phpinfo.php HTTP/1.1" 404 32189 "-" "Mozilla/5.0 (Macintosh; Intel Mac OS X 10.15; rv:127.0) Gecko/20100101 Firefox/127.0"
159.223.211.139 - - [01/Jul/2026:20:16:11 -0400] "GET /swagger.js HTTP/1.1" 404 32189 "-" "Mozilla/5.0 (Windows NT 10.0; Win64; x64) AppleWebKit/537.36 (KHTML, like Gecko) Chrome/126.0.0.0 Safari/537.36 Edg/126.0.0.0"
159.223.211.139 - - [01/Jul/2026:20:16:11 -0400] "GET /swarm/secrets.yaml HTTP/1.1" 404 32188 "-" "Mozilla/5.0 (Windows NT 10.0; Win64; x64; rv:127.0) Gecko/20100101 Firefox/127.0"
159.223.211.139 - - [01/Jul/2026:20:16:11 -0400] "GET /swagger.json HTTP/1.1" 404 32188 "-" "Mozilla/5.0 (Macintosh; Intel Mac OS X 10_15_7) AppleWebKit/605.1.15 (KHTML, like Gecko) Version/17.5 Safari/605.1.15"
159.223.211.139 - - [01/Jul/2026:20:16:11 -0400] "GET /swarm/secrets.yml HTTP/1.1" 404 32188 "-" "Mozlila/5.0 (Linux; Android 7.0; SM-G892A Bulid/NRD90M; wv) AppleWebKit/537.36 (KHTML, like Gecko) Version/4.0 Chrome/60.0.3112.107 Moblie Safari/537.36"
159.223.211.139 - - [01/Jul/2026:20:16:11 -0400] "GET /symfony/.env HTTP/1.1" 404 32188 "-" "Mozilla/5.0 (Linux; Android 10; K) AppleWebKit/537.36 (KHTML, like Gecko) Chrome/126.0.0.0 Mobile Safari/537.36"
159.223.211.139 - - [01/Jul/2026:20:16:11 -0400] "GET /symfony/_profiler/phpinfo HTTP/1.1" 404 32189 "-" "Mozlila/5.0 (Linux; Android 7.0; SM-G892A Bulid/NRD90M; wv) AppleWebKit/537.36 (KHTML, like Gecko) Version/4.0 Chrome/60.0.3112.107 Moblie Safari/537.36"
159.223.211.139 - - [01/Jul/2026:20:16:11 -0400] "GET /sys_phpinfo.php HTTP/1.1" 404 32188 "-" "Mozilla/5.0 (Macintosh; Intel Mac OS X 10.15; rv:127.0) Gecko/20100101 Firefox/127.0"
159.223.211.139 - - [01/Jul/2026:20:16:11 -0400] "GET /system.js HTTP/1.1" 404 32189 "-" "Mozilla/5.0 (X11; Linux x86_64; rv:127.0) Gecko/20100101 Firefox/127.0"
159.223.211.139 - - [01/Jul/2026:20:16:12 -0400] "GET /target/.env HTTP/1.1" 404 32188 "-" "Mozilla/5.0 (Windows NT 10.0; Win64; x64; rv:127.0) Gecko/20100101 Firefox/127.0"
159.223.211.139 - - [01/Jul/2026:20:16:12 -0400] "GET /task_api/.env HTTP/1.1" 404 32188 "-" "Mozlila/5.0 (Linux; Android 7.0; SM-G892A Bulid/NRD90M; wv) AppleWebKit/537.36 (KHTML, like Gecko) Version/4.0 Chrome/60.0.3112.107 Moblie Safari/537.36"
159.223.211.139 - - [01/Jul/2026:20:16:12 -0400] "GET /task_scheduler.rb HTTP/1.1" 404 32188 "-" "Mozilla/5.0 (Windows NT 10.0; Win64; x64; rv:127.0) Gecko/20100101 Firefox/127.0"
159.223.211.139 - - [01/Jul/2026:20:16:13 -0400] "GET /task_scheduler.yml HTTP/1.1" 404 32188 "-" "Mozilla/5.0 (Windows NT 10.0; Win64; x64) AppleWebKit/537.36 (KHTML, like Gecko) Chrome/126.0.0.0 Safari/537.36"
159.223.211.139 - - [01/Jul/2026:20:16:13 -0400] "GET /tempScript.js HTTP/1.1" 404 32188 "-" "Mozilla/5.0 (Macintosh; Intel Mac OS X 10_15_7) AppleWebKit/537.36 (KHTML, like Gecko) Chrome/126.0.0.0 Safari/537.36"
159.223.211.139 - - [01/Jul/2026:20:16:13 -0400] "GET /techsupport.php HTTP/1.1" 404 32188 "-" "Mozilla/5.0 (Macintosh; Intel Mac OS X 10_15_7) AppleWebKit/537.36 (KHTML, like Gecko) Chrome/126.0.0.0 Safari/537.36"
159.223.211.139 - - [01/Jul/2026:20:16:13 -0400] "GET /template/.env HTTP/1.1" 404 32188 "-" "Mozilla/5.0 (X11; Linux x86_64) AppleWebKit/537.36 (KHTML, like Gecko) Chrome/126.0.0.0 Safari/537.36"
159.223.211.139 - - [01/Jul/2026:20:16:13 -0400] "GET /template/scripts/additional/config/plugins.js HTTP/1.1" 404 32188 "-" "Mozilla/5.0 (Macintosh; Intel Mac OS X 10_15_7) AppleWebKit/537.36 (KHTML, like Gecko) Chrome/126.0.0.0 Safari/537.36"
159.223.211.139 - - [01/Jul/2026:20:16:13 -0400] "GET /templates/.env HTTP/1.1" 404 32188 "-" "Mozilla/5.0 (Macintosh; Intel Mac OS X 10_15_7) AppleWebKit/537.36 (KHTML, like Gecko) Chrome/126.0.0.0 Safari/537.36"
159.223.211.139 - - [01/Jul/2026:20:16:13 -0400] "GET /terraform.tfstate HTTP/1.1" 404 32188 "-" "Mozilla/5.0 (Windows NT 10.0; Win64; x64) AppleWebKit/537.36 (KHTML, like Gecko) Chrome/126.0.0.0 Safari/537.36 Edg/126.0.0.0"
159.223.211.139 - - [01/Jul/2026:20:16:13 -0400] "GET /terraform.tfvars HTTP/1.1" 404 32188 "-" "Mozlila/5.0 (Linux; Android 7.0; SM-G892A Bulid/NRD90M; wv) AppleWebKit/537.36 (KHTML, like Gecko) Version/4.0 Chrome/60.0.3112.107 Moblie Safari/537.36"
107.13.46.68 - - [01/Jul/2026:20:16:13 -0400] "GET /wp-json/wp/v2/literature-item?context=edit&offset=0&order=asc&orderby=title&per_page=100&ignore_sticky=false&_locale=user HTTP/1.1" 200 3590 "http://drivebackmachine.net/wp-admin/post.php?post=27&action=edit" "Mozilla/5.0 (Windows NT 10.0; Win64; x64) AppleWebKit/537.36 (KHTML, like Gecko) Chrome/149.0.0.0 Safari/537.36"
159.223.211.139 - - [01/Jul/2026:20:16:13 -0400] "GET /test.php HTTP/1.1" 404 32188 "-" "Mozilla/5.0 (X11; Linux x86_64; rv:127.0) Gecko/20100101 Firefox/127.0"
159.223.211.139 - - [01/Jul/2026:20:16:13 -0400] "GET /test/.env HTTP/1.1" 404 32188 "-" "Mozilla/5.0 (X11; Linux x86_64) AppleWebKit/537.36 (KHTML, like Gecko) Chrome/126.0.0.0 Safari/537.36"
159.223.211.139 - - [01/Jul/2026:20:16:13 -0400] "GET /test/api_key.js HTTP/1.1" 404 32188 "-" "Mozilla/5.0 (Linux; Android 10; K) AppleWebKit/537.36 (KHTML, like Gecko) Chrome/126.0.0.0 Mobile Safari/537.36"
159.223.211.139 - - [01/Jul/2026:20:16:13 -0400] "GET /test/api_key.js HTTP/1.1" 404 32188 "-" "Mozilla/5.0 (Windows NT 10.0; Win64; x64) AppleWebKit/537.36 (KHTML, like Gecko) Chrome/126.0.0.0 Safari/537.36 Edg/126.0.0.0"
159.223.211.139 - - [01/Jul/2026:20:16:14 -0400] "GET /test/config/.env HTTP/1.1" 404 32188 "-" "Mozilla/5.0 (Linux; Android 10; K) AppleWebKit/537.36 (KHTML, like Gecko) Chrome/126.0.0.0 Mobile Safari/537.36"
159.223.211.139 - - [01/Jul/2026:20:16:14 -0400] "GET /test/debug.log HTTP/1.1" 404 32188 "-" "Mozilla/5.0 (Macintosh; Intel Mac OS X 10_15_7) AppleWebKit/537.36 (KHTML, like Gecko) Chrome/126.0.0.0 Safari/537.36"
107.13.46.68 - - [01/Jul/2026:20:16:14 -0400] "POST /wp-admin/admin-ajax.php HTTP/1.1" 200 703 "http://drivebackmachine.net/wp-admin/post.php?post=27&action=edit" "Mozilla/5.0 (Windows NT 10.0; Win64; x64) AppleWebKit/537.36 (KHTML, like Gecko) Chrome/149.0.0.0 Safari/537.36"
159.223.211.139 - - [01/Jul/2026:20:16:14 -0400] "GET /tester.php HTTP/1.1" 404 32188 "-" "Mozlila/5.0 (Linux; Android 7.0; SM-G892A Bulid/NRD90M; wv) AppleWebKit/537.36 (KHTML, like Gecko) Version/4.0 Chrome/60.0.3112.107 Moblie Safari/537.36"
159.223.211.139 - - [01/Jul/2026:20:16:14 -0400] "GET /testing.php HTTP/1.1" 404 32188 "-" "Mozilla/5.0 (Macintosh; Intel Mac OS X 10_15_7) AppleWebKit/537.36 (KHTML, like Gecko) Chrome/126.0.0.0 Safari/537.36"
159.223.211.139 - - [01/Jul/2026:20:16:14 -0400] "GET /tests/.env HTTP/1.1" 404 32188 "-" "Mozilla/5.0 (X11; Linux x86_64) AppleWebKit/537.36 (KHTML, like Gecko) Chrome/126.0.0.0 Safari/537.36"
159.223.211.139 - - [01/Jul/2026:20:16:15 -0400] "GET /tests/config.json HTTP/1.1" 404 32188 "-" "Mozilla/5.0 (Macintosh; Intel Mac OS X 10_15_7) AppleWebKit/605.1.15 (KHTML, like Gecko) Version/17.5 Safari/605.1.15"
159.223.211.139 - - [01/Jul/2026:20:16:15 -0400] "GET /tests/config/.env HTTP/1.1" 404 32188 "-" "Mozilla/5.0 (Macintosh; Intel Mac OS X 10.15; rv:127.0) Gecko/20100101 Firefox/127.0"
159.223.211.139 - - [01/Jul/2026:20:16:15 -0400] "GET /tests/debug.log HTTP/1.1" 404 32188 "-" "Mozilla/5.0 (Macintosh; Intel Mac OS X 10_15_7) AppleWebKit/537.36 (KHTML, like Gecko) Chrome/126.0.0.0 Safari/537.36"
159.223.211.139 - - [01/Jul/2026:20:16:15 -0400] "GET /tests/debugging_output.log HTTP/1.1" 404 32188 "-" "Mozilla/5.0 (Windows NT 10.0; Win64; x64) AppleWebKit/537.36 (KHTML, like Gecko) Chrome/126.0.0.0 Safari/537.36"
159.223.211.139 - - [01/Jul/2026:20:16:15 -0400] "GET /testwork.json HTTP/1.1" 404 32188 "-" "Mozilla/5.0 (Macintosh; Intel Mac OS X 10_15_7) AppleWebKit/605.1.15 (KHTML, like Gecko) Version/17.5 Safari/605.1.15"
159.223.211.139 - - [01/Jul/2026:20:16:15 -0400] "GET /tests/phpinfo.php HTTP/1.1" 404 32188 "-" "Mozilla/5.0 (Macintosh; Intel Mac OS X 10.15; rv:127.0) Gecko/20100101 Firefox/127.0"
159.223.211.139 - - [01/Jul/2026:20:16:15 -0400] "GET /theme/.env HTTP/1.1" 404 32188 "-" "Mozilla/5.0 (Macintosh; Intel Mac OS X 10.15; rv:127.0) Gecko/20100101 Firefox/127.0"
159.223.211.139 - - [01/Jul/2026:20:16:15 -0400] "GET /thumb/.env HTTP/1.1" 404 32188 "-" "Mozilla/5.0 (Windows NT 10.0; Win64; x64) AppleWebKit/537.36 (KHTML, like Gecko) Chrome/126.0.0.0 Safari/537.36 Edg/126.0.0.0"
159.223.211.139 - - [01/Jul/2026:20:16:15 -0400] "GET /thumbs/.env HTTP/1.1" 404 32188 "-" "Mozilla/5.0 (Windows NT 10.0; Win64; x64; rv:127.0) Gecko/20100101 Firefox/127.0"
159.223.211.139 - - [01/Jul/2026:20:16:15 -0400] "GET /time.php HTTP/1.1" 404 32188 "-" "Mozilla/5.0 (Windows NT 10.0; Win64; x64; rv:127.0) Gecko/20100101 Firefox/127.0"
159.223.211.139 - - [01/Jul/2026:20:16:16 -0400] "GET /token.php HTTP/1.1" 404 32188 "-" "Mozilla/5.0 (Macintosh; Intel Mac OS X 10_15_7) AppleWebKit/605.1.15 (KHTML, like Gecko) Version/17.5 Safari/605.1.15"
159.223.211.139 - - [01/Jul/2026:20:16:16 -0400] "GET /tokens.json HTTP/1.1" 404 32188 "-" "Mozilla/5.0 (Windows NT 10.0; Win64; x64; rv:127.0) Gecko/20100101 Firefox/127.0"
159.223.211.139 - - [01/Jul/2026:20:16:16 -0400] "GET /tokens/secrets.yml HTTP/1.1" 404 32188 "-" "Mozilla/5.0 (iPhone; CPU iPhone OS 17_5 like Mac OS X) AppleWebKit/605.1.15 (KHTML, like Gecko) Version/17.5 Mobile/15E148 Safari/605.1.15"
159.223.211.139 - - [01/Jul/2026:20:16:16 -0400] "GET /tool/phpinfo.php HTTP/1.1" 404 32188 "-" "Mozilla/5.0 (X11; Linux x86_64; rv:127.0) Gecko/20100101 Firefox/127.0"
159.223.211.139 - - [01/Jul/2026:20:16:16 -0400] "GET /tools/.env HTTP/1.1" 404 32188 "-" "Mozilla/5.0 (iPhone; CPU iPhone OS 17_5 like Mac OS X) AppleWebKit/605.1.15 (KHTML, like Gecko) Version/17.5 Mobile/15E148 Safari/605.1.15"
159.223.211.139 - - [01/Jul/2026:20:16:16 -0400] "GET /traffic_report.csv HTTP/1.1" 404 32188 "-" "Mozilla/5.0 (Linux; Android 10; K) AppleWebKit/537.36 (KHTML, like Gecko) Chrome/126.0.0.0 Mobile Safari/537.36"
159.223.211.139 - - [01/Jul/2026:20:16:16 -0400] "GET /ubuntu/.env HTTP/1.1" 404 32188 "-" "Mozilla/5.0 (X11; Linux x86_64) AppleWebKit/537.36 (KHTML, like Gecko) Chrome/126.0.0.0 Safari/537.36"
159.223.211.139 - - [01/Jul/2026:20:16:17 -0400] "GET /up.php HTTP/1.1" 404 32188 "-" "Mozilla/5.0 (Linux; Android 10; K) AppleWebKit/537.36 (KHTML, like Gecko) Chrome/126.0.0.0 Mobile Safari/537.36"
159.223.211.139 - - [01/Jul/2026:20:16:17 -0400] "GET /upload/.env HTTP/1.1" 404 32188 "-" "Mozilla/5.0 (X11; Linux x86_64; rv:127.0) Gecko/20100101 Firefox/127.0"
159.223.211.139 - - [01/Jul/2026:20:16:17 -0400] "GET /upfiles/.env HTTP/1.1" 404 32188 "-" "Mozilla/5.0 (Linux; Android 10; K) AppleWebKit/537.36 (KHTML, like Gecko) Chrome/126.0.0.0 Mobile Safari/537.36"
159.223.211.139 - - [01/Jul/2026:20:16:17 -0400] "GET /uploads/.env HTTP/1.1" 404 32188 "-" "Mozilla/5.0 (Macintosh; Intel Mac OS X 10_15_7) AppleWebKit/605.1.15 (KHTML, like Gecko) Version/17.5 Safari/605.1.15"
159.223.211.139 - - [01/Jul/2026:20:16:17 -0400] "GET /user/.env HTTP/1.1" 404 32188 "-" "Mozilla/5.0 (X11; Linux x86_64; rv:127.0) Gecko/20100101 Firefox/127.0"
159.223.211.139 - - [01/Jul/2026:20:16:17 -0400] "GET /user/config.json HTTP/1.1" 404 32188 "-" "Mozilla/5.0 (X11; Linux x86_64; rv:127.0) Gecko/20100101 Firefox/127.0"
159.223.211.139 - - [01/Jul/2026:20:16:17 -0400] "GET /user/config/config.js HTTP/1.1" 404 32188 "-" "Mozilla/5.0 (Macintosh; Intel Mac OS X 10.15; rv:127.0) Gecko/20100101 Firefox/127.0"
159.223.211.139 - - [01/Jul/2026:20:16:17 -0400] "GET /userAPI.js HTTP/1.1" 404 32188 "-" "Mozilla/5.0 (Macintosh; Intel Mac OS X 10.15; rv:127.0) Gecko/20100101 Firefox/127.0"
159.223.211.139 - - [01/Jul/2026:20:16:18 -0400] "GET /user_data.csv HTTP/1.1" 404 32188 "-" "Mozilla/5.0 (X11; Linux x86_64; rv:127.0) Gecko/20100101 Firefox/127.0"
159.223.211.139 - - [01/Jul/2026:20:16:18 -0400] "GET /user_logs.yaml HTTP/1.1" 404 32188 "-" "Mozilla/5.0 (iPhone; CPU iPhone OS 17_5 like Mac OS X) AppleWebKit/605.1.15 (KHTML, like Gecko) Version/17.5 Mobile/15E148 Safari/605.1.15"
159.223.211.139 - - [01/Jul/2026:20:16:18 -0400] "GET /users.json HTTP/1.1" 404 32188 "-" "Mozilla/5.0 (Macintosh; Intel Mac OS X 10_15_7) AppleWebKit/605.1.15 (KHTML, like Gecko) Version/17.5 Safari/605.1.15"
159.223.211.139 - - [01/Jul/2026:20:16:18 -0400] "GET /utility.js HTTP/1.1" 404 32188 "-" "Mozilla/5.0 (Windows NT 10.0; Win64; x64) AppleWebKit/537.36 (KHTML, like Gecko) Chrome/126.0.0.0 Safari/537.36"
159.223.211.139 - - [01/Jul/2026:20:16:18 -0400] "GET /v1/.env HTTP/1.1" 404 32188 "-" "Mozilla/5.0 (Macintosh; Intel Mac OS X 10.15; rv:127.0) Gecko/20100101 Firefox/127.0"
159.223.211.139 - - [01/Jul/2026:20:16:18 -0400] "GET /v2/.env HTTP/1.1" 404 32188 "-" "Mozilla/5.0 (Macintosh; Intel Mac OS X 10_15_7) AppleWebKit/605.1.15 (KHTML, like Gecko) Version/17.5 Safari/605.1.15"
159.223.211.139 - - [01/Jul/2026:20:16:18 -0400] "GET /v3/.env HTTP/1.1" 404 32188 "-" "Mozilla/5.0 (Windows NT 10.0; Win64; x64) AppleWebKit/537.36 (KHTML, like Gecko) Chrome/126.0.0.0 Safari/537.36"
159.223.211.139 - - [01/Jul/2026:20:16:19 -0400] "GET /vendor/.env HTTP/1.1" 404 32188 "-" "Mozlila/5.0 (Linux; Android 7.0; SM-G892A Bulid/NRD90M; wv) AppleWebKit/537.36 (KHTML, like Gecko) Version/4.0 Chrome/60.0.3112.107 Moblie Safari/537.36"
159.223.211.139 - - [01/Jul/2026:20:16:19 -0400] "GET /vendor/config/.env HTTP/1.1" 404 32188 "-" "Mozilla/5.0 (Windows NT 10.0; Win64; x64) AppleWebKit/537.36 (KHTML, like Gecko) Chrome/126.0.0.0 Safari/537.36 Edg/126.0.0.0"
159.223.211.139 - - [01/Jul/2026:20:16:19 -0400] "GET /vendor/phpinfo.php HTTP/1.1" 404 32188 "-" "Mozilla/5.0 (Windows NT 10.0; Win64; x64) AppleWebKit/537.36 (KHTML, like Gecko) Chrome/126.0.0.0 Safari/537.36 Edg/126.0.0.0"
159.223.211.139 - - [01/Jul/2026:20:16:19 -0400] "GET /videos/.env HTTP/1.1" 404 32188 "-" "Mozilla/5.0 (Windows NT 10.0; Win64; x64) AppleWebKit/537.36 (KHTML, like Gecko) Chrome/126.0.0.0 Safari/537.36"
159.223.211.139 - - [01/Jul/2026:20:16:21 -0400] "GET /web_logging.yml HTTP/1.1" 404 32188 "-" "Mozilla/5.0 (Windows NT 10.0; Win64; x64; rv:127.0) Gecko/20100101 Firefox/127.0"
159.223.211.139 - - [01/Jul/2026:20:16:21 -0400] "GET /web_logs.yaml HTTP/1.1" 404 32188 "-" "Mozilla/5.0 (Windows NT 10.0; Win64; x64) AppleWebKit/537.36 (KHTML, like Gecko) Chrome/126.0.0.0 Safari/537.36 Edg/126.0.0.0"
::1 - - [01/Jul/2026:20:16:23 -0400] "OPTIONS * HTTP/1.0" 200 126 "-" "Apache/2.4.58 (Ubuntu) OpenSSL/3.0.13 (internal dummy connection)"
::1 - - [01/Jul/2026:20:16:24 -0400] "OPTIONS * HTTP/1.0" 200 126 "-" "Apache/2.4.58 (Ubuntu) OpenSSL/3.0.13 (internal dummy connection)"
107.13.46.68 - - [01/Jul/2026:20:16:24 -0400] "POST /wp-json/wp/v2/pages/27/autosaves?_locale=user HTTP/1.1" 200 3694 "http://drivebackmachine.net/wp-admin/post.php?post=27&action=edit" "Mozilla/5.0 (Windows NT 10.0; Win64; x64) AppleWebKit/537.36 (KHTML, like Gecko) Chrome/149.0.0.0 Safari/537.36"
::1 - - [01/Jul/2026:20:16:25 -0400] "OPTIONS * HTTP/1.0" 200 126 "-" "Apache/2.4.58 (Ubuntu) OpenSSL/3.0.13 (internal dummy connection)"
107.13.46.68 - - [01/Jul/2026:20:16:25 -0400] "POST /wp-admin/admin-ajax.php HTTP/1.1" 200 703 "http://drivebackmachine.net/wp-admin/post.php?post=27&action=edit" "Mozilla/5.0 (Windows NT 10.0; Win64; x64) AppleWebKit/537.36 (KHTML, like Gecko) Chrome/149.0.0.0 Safari/537.36"
::1 - - [01/Jul/2026:20:16:26 -0400] "OPTIONS * HTTP/1.0" 200 126 "-" "Apache/2.4.58 (Ubuntu) OpenSSL/3.0.13 (internal dummy connection)"
159.223.211.139 - - [01/Jul/2026:20:16:26 -0400] "GET /web_secrets.yml HTTP/1.1" 404 32189 "-" "Mozilla/5.0 (Windows NT 10.0; Win64; x64) AppleWebKit/537.36 (KHTML, like Gecko) Chrome/126.0.0.0 Safari/537.36"
159.223.211.139 - - [01/Jul/2026:20:16:27 -0400] "GET /web_settings.yml HTTP/1.1" 404 32189 "-" "Mozilla/5.0 (Macintosh; Intel Mac OS X 10.15; rv:127.0) Gecko/20100101 Firefox/127.0"
159.223.211.139 - - [01/Jul/2026:20:16:27 -0400] "GET /web_routes.js HTTP/1.1" 404 32189 "-" "Mozilla/5.0 (iPhone; CPU iPhone OS 17_5 like Mac OS X) AppleWebKit/605.1.15 (KHTML, like Gecko) Version/17.5 Mobile/15E148 Safari/605.1.15"
::1 - - [01/Jul/2026:20:16:27 -0400] "OPTIONS * HTTP/1.0" 200 126 "-" "Apache/2.4.58 (Ubuntu) OpenSSL/3.0.13 (internal dummy connection)"
159.223.211.139 - - [01/Jul/2026:20:16:27 -0400] "GET /webserver-master/config/config.js HTTP/1.1" 404 32189 "-" "Mozilla/5.0 (Linux; Android 10; K) AppleWebKit/537.36 (KHTML, like Gecko) Chrome/126.0.0.0 Mobile Safari/537.36"
159.223.211.139 - - [01/Jul/2026:20:16:27 -0400] "GET /webserver/config/config.js HTTP/1.1" 404 32189 "-" "Mozilla/5.0 (Windows NT 10.0; Win64; x64) AppleWebKit/537.36 (KHTML, like Gecko) Chrome/126.0.0.0 Safari/537.36 Edg/126.0.0.0"
159.223.211.139 - - [01/Jul/2026:20:16:27 -0400] "GET /worker_api.js HTTP/1.1" 404 32189 "-" "Mozlila/5.0 (Linux; Android 7.0; SM-G892A Bulid/NRD90M; wv) AppleWebKit/537.36 (KHTML, like Gecko) Version/4.0 Chrome/60.0.3112.107 Moblie Safari/537.36"
159.223.211.139 - - [01/Jul/2026:20:16:27 -0400] "GET /workerConfig.js HTTP/1.1" 404 32188 "-" "Mozilla/5.0 (Windows NT 10.0; Win64; x64) AppleWebKit/537.36 (KHTML, like Gecko) Chrome/126.0.0.0 Safari/537.36"
159.223.211.139 - - [01/Jul/2026:20:16:27 -0400] "GET /worker_logging.yaml HTTP/1.1" 404 32189 "-" "Mozilla/5.0 (X11; Linux x86_64) AppleWebKit/537.36 (KHTML, like Gecko) Chrome/126.0.0.0 Safari/537.36"
159.223.211.139 - - [01/Jul/2026:20:16:28 -0400] "GET /worker_logs.yaml HTTP/1.1" 404 32189 "-" "Mozilla/5.0 (Macintosh; Intel Mac OS X 10.15; rv:127.0) Gecko/20100101 Firefox/127.0"
159.223.211.139 - - [01/Jul/2026:20:16:28 -0400] "GET /worker_logs.json HTTP/1.1" 404 32189 "-" "Mozilla/5.0 (Windows NT 10.0; Win64; x64) AppleWebKit/537.36 (KHTML, like Gecko) Chrome/126.0.0.0 Safari/537.36"
159.223.211.139 - - [01/Jul/2026:20:16:28 -0400] "GET /worker_logs.yml HTTP/1.1" 404 32189 "-" "Mozilla/5.0 (Linux; Android 10; K) AppleWebKit/537.36 (KHTML, like Gecko) Chrome/126.0.0.0 Mobile Safari/537.36"
159.223.211.139 - - [01/Jul/2026:20:16:28 -0400] "GET /web_routes.yaml HTTP/1.1" 404 32189 "-" "Mozilla/5.0 (iPhone; CPU iPhone OS 17_5 like Mac OS X) AppleWebKit/605.1.15 (KHTML, like Gecko) Version/17.5 Mobile/15E148 Safari/605.1.15"
159.223.211.139 - - [01/Jul/2026:20:16:28 -0400] "GET /webConfig.js HTTP/1.1" 404 32189 "-" "Mozilla/5.0 (Macintosh; Intel Mac OS X 10_15_7) AppleWebKit/605.1.15 (KHTML, like Gecko) Version/17.5 Safari/605.1.15"
159.223.211.139 - - [01/Jul/2026:20:16:28 -0400] "GET /wp-config.php HTTP/1.1" 200 203 "-" "Mozilla/5.0 (Windows NT 10.0; Win64; x64) AppleWebKit/537.36 (KHTML, like Gecko) Chrome/126.0.0.0 Safari/537.36 Edg/126.0.0.0"
159.223.211.139 - - [01/Jul/2026:20:16:28 -0400] "GET /workflows/.env HTTP/1.1" 404 32189 "-" "Mozilla/5.0 (Macintosh; Intel Mac OS X 10.15; rv:127.0) Gecko/20100101 Firefox/127.0"
159.223.211.139 - - [01/Jul/2026:20:16:28 -0400] "GET /wp-config.php.bak HTTP/1.1" 404 32189 "-" "Mozilla/5.0 (Macintosh; Intel Mac OS X 10.15; rv:127.0) Gecko/20100101 Firefox/127.0"
159.223.211.139 - - [01/Jul/2026:20:16:29 -0400] "GET /www/.env HTTP/1.1" 404 32188 "-" "Mozilla/5.0 (iPhone; CPU iPhone OS 17_5 like Mac OS X) AppleWebKit/605.1.15 (KHTML, like Gecko) Version/17.5 Mobile/15E148 Safari/605.1.15"
::1 - - [01/Jul/2026:20:16:34 -0400] "OPTIONS * HTTP/1.0" 200 126 "-" "Apache/2.4.58 (Ubuntu) OpenSSL/3.0.13 (internal dummy connection)"
::1 - - [01/Jul/2026:20:16:35 -0400] "OPTIONS * HTTP/1.0" 200 126 "-" "Apache/2.4.58 (Ubuntu) OpenSSL/3.0.13 (internal dummy connection)"
::1 - - [01/Jul/2026:20:16:36 -0400] "OPTIONS * HTTP/1.0" 200 126 "-" "Apache/2.4.58 (Ubuntu) OpenSSL/3.0.13 (internal dummy connection)"
107.13.46.68 - - [01/Jul/2026:20:16:36 -0400] "POST /wp-admin/admin-ajax.php HTTP/1.1" 200 704 "http://drivebackmachine.net/wp-admin/post.php?post=27&action=edit" "Mozilla/5.0 (Windows NT 10.0; Win64; x64) AppleWebKit/537.36 (KHTML, like Gecko) Chrome/149.0.0.0 Safari/537.36"
::1 - - [01/Jul/2026:20:16:37 -0400] "OPTIONS * HTTP/1.0" 200 126 "-" "Apache/2.4.58 (Ubuntu) OpenSSL/3.0.13 (internal dummy connection)"
::1 - - [01/Jul/2026:20:16:38 -0400] "OPTIONS * HTTP/1.0" 200 126 "-" "Apache/2.4.58 (Ubuntu) OpenSSL/3.0.13 (internal dummy connection)"
::1 - - [01/Jul/2026:20:16:39 -0400] "OPTIONS * HTTP/1.0" 200 126 "-" "Apache/2.4.58 (Ubuntu) OpenSSL/3.0.13 (internal dummy connection)"
::1 - - [01/Jul/2026:20:16:40 -0400] "OPTIONS * HTTP/1.0" 200 126 "-" "Apache/2.4.58 (Ubuntu) OpenSSL/3.0.13 (internal dummy connection)"
::1 - - [01/Jul/2026:20:16:41 -0400] "OPTIONS * HTTP/1.0" 200 126 "-" "Apache/2.4.58 (Ubuntu) OpenSSL/3.0.13 (internal dummy connection)"
::1 - - [01/Jul/2026:20:16:42 -0400] "OPTIONS * HTTP/1.0" 200 126 "-" "Apache/2.4.58 (Ubuntu) OpenSSL/3.0.13 (internal dummy connection)"
::1 - - [01/Jul/2026:20:16:43 -0400] "OPTIONS * HTTP/1.0" 200 126 "-" "Apache/2.4.58 (Ubuntu) OpenSSL/3.0.13 (internal dummy connection)"
::1 - - [01/Jul/2026:20:16:44 -0400] "OPTIONS * HTTP/1.0" 200 126 "-" "Apache/2.4.58 (Ubuntu) OpenSSL/3.0.13 (internal dummy connection)"
::1 - - [01/Jul/2026:20:16:45 -0400] "OPTIONS * HTTP/1.0" 200 126 "-" "Apache/2.4.58 (Ubuntu) OpenSSL/3.0.13 (internal dummy connection)"
107.13.46.68 - - [01/Jul/2026:20:17:02 -0400] "POST /wp-admin/admin-ajax.php HTTP/1.1" 200 704 "http://drivebackmachine.net/wp-admin/post.php?post=27&action=edit" "Mozilla/5.0 (Windows NT 10.0; Win64; x64) AppleWebKit/537.36 (KHTML, like Gecko) Chrome/149.0.0.0 Safari/537.36"
107.13.46.68 - - [01/Jul/2026:20:17:12 -0400] "POST /wp-admin/admin-ajax.php HTTP/1.1" 200 704 "http://drivebackmachine.net/wp-admin/post.php?post=27&action=edit" "Mozilla/5.0 (Windows NT 10.0; Win64; x64) AppleWebKit/537.36 (KHTML, like Gecko) Chrome/149.0.0.0 Safari/537.36"
107.13.46.68 - - [01/Jul/2026:20:17:22 -0400] "POST /wp-admin/admin-ajax.php HTTP/1.1" 200 704 "http://drivebackmachine.net/wp-admin/post.php?post=27&action=edit" "Mozilla/5.0 (Windows NT 10.0; Win64; x64) AppleWebKit/537.36 (KHTML, like Gecko) Chrome/149.0.0.0 Safari/537.36"
107.13.46.68 - - [01/Jul/2026:20:17:32 -0400] "POST /wp-admin/admin-ajax.php HTTP/1.1" 200 704 "http://drivebackmachine.net/wp-admin/post.php?post=27&action=edit" "Mozilla/5.0 (Windows NT 10.0; Win64; x64) AppleWebKit/537.36 (KHTML, like Gecko) Chrome/149.0.0.0 Safari/537.36"
107.13.46.68 - - [01/Jul/2026:20:17:34 -0400] "GET /wp-json/wp/v2/literature-item?context=edit&offset=0&order=desc&orderby=date&per_page=3&ignore_sticky=false&_locale=user HTTP/1.1" 200 3590 "http://drivebackmachine.net/wp-admin/post.php?post=27&action=edit" "Mozilla/5.0 (Windows NT 10.0; Win64; x64) AppleWebKit/537.36 (KHTML, like Gecko) Chrome/149.0.0.0 Safari/537.36"
107.13.46.68 - - [01/Jul/2026:20:17:34 -0400] "GET /wp-json/wp/v2/media/26?context=view&_locale=user HTTP/1.1" 200 6023 "http://drivebackmachine.net/wp-admin/post.php?post=27&action=edit" "Mozilla/5.0 (Windows NT 10.0; Win64; x64) AppleWebKit/537.36 (KHTML, like Gecko) Chrome/149.0.0.0 Safari/537.36"
107.13.46.68 - - [01/Jul/2026:20:17:34 -0400] "GET /wp-json/wp/v2/literature-item?context=edit&offset=0&order=desc&orderby=date&per_page=6&sticky=false&_locale=user HTTP/1.1" 200 3591 "http://drivebackmachine.net/wp-admin/post.php?post=27&action=edit" "Mozilla/5.0 (Windows NT 10.0; Win64; x64) AppleWebKit/537.36 (KHTML, like Gecko) Chrome/149.0.0.0 Safari/537.36"
107.13.46.68 - - [01/Jul/2026:20:17:34 -0400] "GET /wp-json/wp/v2/taxonomies/category?context=edit&_locale=user HTTP/1.1" 200 2736 "http://drivebackmachine.net/wp-admin/post.php?post=27&action=edit" "Mozilla/5.0 (Windows NT 10.0; Win64; x64) AppleWebKit/537.36 (KHTML, like Gecko) Chrome/149.0.0.0 Safari/537.36"
107.13.46.68 - - [01/Jul/2026:20:17:34 -0400] "GET /wp-json/wp/v2/categories?context=view&post=24&per_page=100&_locale=user HTTP/1.1" 403 789 "http://drivebackmachine.net/wp-admin/post.php?post=27&action=edit" "Mozilla/5.0 (Windows NT 10.0; Win64; x64) AppleWebKit/537.36 (KHTML, like Gecko) Chrome/149.0.0.0 Safari/537.36"
107.13.46.68 - - [01/Jul/2026:20:17:34 -0400] "GET /wp-content/uploads/2026/07/20250203_162656-scaled.jpg HTTP/1.1" 200 490845 "-" "Mozilla/5.0 (Windows NT 10.0; Win64; x64) AppleWebKit/537.36 (KHTML, like Gecko) Chrome/149.0.0.0 Safari/537.36"
107.13.46.68 - - [01/Jul/2026:20:17:42 -0400] "POST /wp-admin/admin-ajax.php HTTP/1.1" 200 704 "http://drivebackmachine.net/wp-admin/post.php?post=27&action=edit" "Mozilla/5.0 (Windows NT 10.0; Win64; x64) AppleWebKit/537.36 (KHTML, like Gecko) Chrome/149.0.0.0 Safari/537.36"
107.13.46.68 - - [01/Jul/2026:20:17:52 -0400] "POST /wp-admin/admin-ajax.php HTTP/1.1" 200 704 "http://drivebackmachine.net/wp-admin/post.php?post=27&action=edit" "Mozilla/5.0 (Windows NT 10.0; Win64; x64) AppleWebKit/537.36 (KHTML, like Gecko) Chrome/149.0.0.0 Safari/537.36"
107.13.46.68 - - [01/Jul/2026:20:18:25 -0400] "POST /wp-json/wp/v2/pages/27/autosaves?_locale=user HTTP/1.1" 200 3670 "http://drivebackmachine.net/wp-admin/post.php?post=27&action=edit" "Mozilla/5.0 (Windows NT 10.0; Win64; x64) AppleWebKit/537.36 (KHTML, like Gecko) Chrome/149.0.0.0 Safari/537.36"
107.13.46.68 - - [01/Jul/2026:20:18:31 -0400] "POST /wp-admin/admin-ajax.php HTTP/1.1" 200 704 "http://drivebackmachine.net/wp-admin/post.php?post=27&action=edit" "Mozilla/5.0 (Windows NT 10.0; Win64; x64) AppleWebKit/537.36 (KHTML, like Gecko) Chrome/149.0.0.0 Safari/537.36"
107.13.46.68 - - [01/Jul/2026:20:18:41 -0400] "POST /wp-admin/admin-ajax.php HTTP/1.1" 200 704 "http://drivebackmachine.net/wp-admin/post.php?post=27&action=edit" "Mozilla/5.0 (Windows NT 10.0; Win64; x64) AppleWebKit/537.36 (KHTML, like Gecko) Chrome/149.0.0.0 Safari/537.36"
107.13.46.68 - - [01/Jul/2026:20:18:45 -0400] "OPTIONS /wp-json/wp/v2/literature-item/?context=edit&_locale=user HTTP/1.1" 200 16836 "http://drivebackmachine.net/wp-admin/post.php?post=27&action=edit" "Mozilla/5.0 (Windows NT 10.0; Win64; x64) AppleWebKit/537.36 (KHTML, like Gecko) Chrome/149.0.0.0 Safari/537.36"
107.13.46.68 - - [01/Jul/2026:20:18:51 -0400] "POST /wp-admin/admin-ajax.php HTTP/1.1" 200 704 "http://drivebackmachine.net/wp-admin/post.php?post=27&action=edit" "Mozilla/5.0 (Windows NT 10.0; Win64; x64) AppleWebKit/537.36 (KHTML, like Gecko) Chrome/149.0.0.0 Safari/537.36"
107.13.46.68 - - [01/Jul/2026:20:19:01 -0400] "POST /wp-admin/admin-ajax.php HTTP/1.1" 200 704 "http://drivebackmachine.net/wp-admin/post.php?post=27&action=edit" "Mozilla/5.0 (Windows NT 10.0; Win64; x64) AppleWebKit/537.36 (KHTML, like Gecko) Chrome/149.0.0.0 Safari/537.36"
107.13.46.68 - - [01/Jul/2026:20:19:11 -0400] "POST /wp-admin/admin-ajax.php HTTP/1.1" 200 704 "http://drivebackmachine.net/wp-admin/post.php?post=27&action=edit" "Mozilla/5.0 (Windows NT 10.0; Win64; x64) AppleWebKit/537.36 (KHTML, like Gecko) Chrome/149.0.0.0 Safari/537.36"
107.13.46.68 - - [01/Jul/2026:20:19:21 -0400] "POST /wp-admin/admin-ajax.php HTTP/1.1" 200 704 "http://drivebackmachine.net/wp-admin/post.php?post=27&action=edit" "Mozilla/5.0 (Windows NT 10.0; Win64; x64) AppleWebKit/537.36 (KHTML, like Gecko) Chrome/149.0.0.0 Safari/537.36"
107.13.46.68 - - [01/Jul/2026:20:19:25 -0400] "POST /wp-json/wp/v2/pages/27/autosaves?_locale=user HTTP/1.1" 200 3796 "http://drivebackmachine.net/wp-admin/post.php?post=27&action=edit" "Mozilla/5.0 (Windows NT 10.0; Win64; x64) AppleWebKit/537.36 (KHTML, like Gecko) Chrome/149.0.0.0 Safari/537.36"
107.13.46.68 - - [01/Jul/2026:20:19:31 -0400] "POST /wp-admin/admin-ajax.php HTTP/1.1" 200 704 "http://drivebackmachine.net/wp-admin/post.php?post=27&action=edit" "Mozilla/5.0 (Windows NT 10.0; Win64; x64) AppleWebKit/537.36 (KHTML, like Gecko) Chrome/149.0.0.0 Safari/537.36"
43.157.22.109 - - [01/Jul/2026:20:19:35 -0400] "GET /wp-json/wp/v2/pages/2 HTTP/1.1" 200 3630 "-" "Mozilla/5.0 (iPhone; CPU iPhone OS 13_2_3 like Mac OS X) AppleWebKit/605.1.15 (KHTML, like Gecko) Version/13.0.3 Mobile/15E148 Safari/604.1"
107.13.46.68 - - [01/Jul/2026:20:19:41 -0400] "POST /wp-admin/admin-ajax.php HTTP/1.1" 200 704 "http://drivebackmachine.net/wp-admin/post.php?post=27&action=edit" "Mozilla/5.0 (Windows NT 10.0; Win64; x64) AppleWebKit/537.36 (KHTML, like Gecko) Chrome/149.0.0.0 Safari/537.36"
107.13.46.68 - - [01/Jul/2026:20:19:51 -0400] "POST /wp-admin/admin-ajax.php HTTP/1.1" 200 704 "http://drivebackmachine.net/wp-admin/post.php?post=27&action=edit" "Mozilla/5.0 (Windows NT 10.0; Win64; x64) AppleWebKit/537.36 (KHTML, like Gecko) Chrome/149.0.0.0 Safari/537.36"
