159.223.211.139 - - [01/Jul/2026:20:13:24 -0400] "GET /access_logs.yml HTTP/1.1" 404 32188 "-" "Mozilla/5.0 (Windows NT 10.0; Win64; x64) AppleWebKit/537.36 (KHTML, like Gecko) Chrome/126.0.0.0 Safari/537.36"
159.223.211.139 - - [01/Jul/2026:20:13:24 -0400] "GET /activity_logger.rb HTTP/1.1" 404 32188 "-" "Mozilla/5.0 (Linux; Android 10; K) AppleWebKit/537.36 (KHTML, like Gecko) Chrome/126.0.0.0 Mobile Safari/537.36"
159.223.211.139 - - [01/Jul/2026:20:13:24 -0400] "GET /admin/.env HTTP/1.1" 404 32188 "-" "Mozilla/5.0 (Windows NT 10.0; Win64; x64; rv:127.0) Gecko/20100101 Firefox/127.0"
159.223.211.139 - - [01/Jul/2026:20:13:24 -0400] "GET /admin/phpinfo.php HTTP/1.1" 404 32188 "-" "Mozilla/5.0 (Macintosh; Intel Mac OS X 10_15_7) AppleWebKit/605.1.15 (KHTML, like Gecko) Version/17.5 Safari/605.1.15"
159.223.211.139 - - [01/Jul/2026:20:13:24 -0400] "GET /admin/server_info.php HTTP/1.1" 404 32188 "-" "Mozilla/5.0 (Macintosh; Intel Mac OS X 10.15; rv:127.0) Gecko/20100101 Firefox/127.0"
159.223.211.139 - - [01/Jul/2026:20:13:24 -0400] "GET /admin/sys_phpinfo.php HTTP/1.1" 404 32188 "-" "Mozlila/5.0 (Linux; Android 7.0; SM-G892A Bulid/NRD90M; wv) AppleWebKit/537.36 (KHTML, like Gecko) Version/4.0 Chrome/60.0.3112.107 Moblie Safari/537.36"
107.13.46.68 - - [01/Jul/2026:20:13:25 -0400] "POST /wp-admin/admin-ajax.php HTTP/1.1" 200 598 "http://drivebackmachine.net/wp-admin/post-new.php?post_type=literature-item" "Mozilla/5.0 (Windows NT 10.0; Win64; x64) AppleWebKit/537.36 (KHTML, like Gecko) Chrome/149.0.0.0 Safari/537.36"
107.13.46.68 - - [01/Jul/2026:20:13:25 -0400] "GET /wp-admin/edit.php?post_type=literature-item HTTP/1.1" 200 14076 "http://drivebackmachine.net/wp-admin/post.php?post=24&action=edit" "Mozilla/5.0 (Windows NT 10.0; Win64; x64) AppleWebKit/537.36 (KHTML, like Gecko) Chrome/149.0.0.0 Safari/537.36"
107.13.46.68 - - [01/Jul/2026:20:13:25 -0400] "POST /wp-admin/admin-ajax.php HTTP/1.1" 200 652 "http://drivebackmachine.net/wp-admin/edit.php?post_type=literature-item" "Mozilla/5.0 (Windows NT 10.0; Win64; x64) AppleWebKit/537.36 (KHTML, like Gecko) Chrome/149.0.0.0 Safari/537.36"
159.223.211.139 - - [01/Jul/2026:20:13:25 -0400] "GET /admin_phpinfo.php HTTP/1.1" 404 32188 "-" "Mozlila/5.0 (Linux; Android 7.0; SM-G892A Bulid/NRD90M; wv) AppleWebKit/537.36 (KHTML, like Gecko) Version/4.0 Chrome/60.0.3112.107 Moblie Safari/537.36"
159.223.211.139 - - [01/Jul/2026:20:13:25 -0400] "GET /admin_report.csv HTTP/1.1" 404 32188 "-" "Mozilla/5.0 (Windows NT 10.0; Win64; x64; rv:127.0) Gecko/20100101 Firefox/127.0"
159.223.211.139 - - [01/Jul/2026:20:13:25 -0400] "GET /admin_routes.yaml HTTP/1.1" 404 32188 "-" "Mozlila/5.0 (Linux; Android 7.0; SM-G892A Bulid/NRD90M; wv) AppleWebKit/537.36 (KHTML, like Gecko) Version/4.0 Chrome/60.0.3112.107 Moblie Safari/537.36"
159.223.211.139 - - [01/Jul/2026:20:13:25 -0400] "GET /admin_routes.yml HTTP/1.1" 404 32188 "-" "Mozilla/5.0 (Windows NT 10.0; Win64; x64; rv:127.0) Gecko/20100101 Firefox/127.0"
159.223.211.139 - - [01/Jul/2026:20:13:25 -0400] "GET /adminPanel.js HTTP/1.1" 404 32188 "-" "Mozilla/5.0 (iPhone; CPU iPhone OS 17_5 like Mac OS X) AppleWebKit/605.1.15 (KHTML, like Gecko) Version/17.5 Mobile/15E148 Safari/605.1.15"
159.223.211.139 - - [01/Jul/2026:20:13:25 -0400] "GET /config.php.orig HTTP/1.1" 404 32188 "-" "Mozilla/5.0 (Windows NT 10.0; Win64; x64; rv:127.0) Gecko/20100101 Firefox/127.0"
159.223.211.139 - - [01/Jul/2026:20:13:25 -0400] "GET /.git/packed-refs HTTP/1.1" 404 32188 "-" "Mozilla/5.0 (Linux; Android 10; K) AppleWebKit/537.36 (KHTML, like Gecko) Chrome/126.0.0.0 Mobile Safari/537.36"
159.223.211.139 - - [01/Jul/2026:20:13:25 -0400] "POST / HTTP/1.1" 200 6770 "-" "Mozilla/5.0 (X11; Linux x86_64; rv:127.0) Gecko/20100101 Firefox/127.0"
159.223.211.139 - - [01/Jul/2026:20:13:26 -0400] "GET /admin_secrets.yml HTTP/1.1" 404 32188 "-" "Mozlila/5.0 (Linux; Android 7.0; SM-G892A Bulid/NRD90M; wv) AppleWebKit/537.36 (KHTML, like Gecko) Version/4.0 Chrome/60.0.3112.107 Moblie Safari/537.36"
159.223.211.139 - - [01/Jul/2026:20:13:26 -0400] "GET /config.php.copy HTTP/1.1" 404 32188 "-" "Mozilla/5.0 (Macintosh; Intel Mac OS X 10_15_7) AppleWebKit/537.36 (KHTML, like Gecko) Chrome/126.0.0.0 Safari/537.36"
159.223.211.139 - - [01/Jul/2026:20:13:26 -0400] "GET /config.php.tmp HTTP/1.1" 404 32188 "-" "Mozilla/5.0 (Windows NT 10.0; Win64; x64) AppleWebKit/537.36 (KHTML, like Gecko) Chrome/126.0.0.0 Safari/537.36"
159.223.211.139 - - [01/Jul/2026:20:13:26 -0400] "GET /admincontrol/sys_phpinfo.php HTTP/1.1" 404 32188 "-" "Mozilla/5.0 (Macintosh; Intel Mac OS X 10.15; rv:127.0) Gecko/20100101 Firefox/127.0"
107.13.46.68 - - [01/Jul/2026:20:13:26 -0400] "GET /wp-admin/edit-tags.php?taxonomy=make&post_type=literature-item HTTP/1.1" 200 19749 "http://drivebackmachine.net/wp-admin/edit.php?post_type=literature-item" "Mozilla/5.0 (Windows NT 10.0; Win64; x64) AppleWebKit/537.36 (KHTML, like Gecko) Chrome/149.0.0.0 Safari/537.36"
159.223.211.139 - - [01/Jul/2026:20:13:27 -0400] "GET /adminpanel/credentials.yaml HTTP/1.1" 404 32188 "-" "Mozilla/5.0 (X11; Linux x86_64) AppleWebKit/537.36 (KHTML, like Gecko) Chrome/126.0.0.0 Safari/537.36"
159.223.211.139 - - [01/Jul/2026:20:13:27 -0400] "GET /adminpanel/phpinfo.php HTTP/1.1" 404 32188 "-" "Mozilla/5.0 (Macintosh; Intel Mac OS X 10.15; rv:127.0) Gecko/20100101 Firefox/127.0"
159.223.211.139 - - [01/Jul/2026:20:13:27 -0400] "GET /ansible/aws.yml HTTP/1.1" 404 32188 "-" "Mozilla/5.0 (iPhone; CPU iPhone OS 17_5 like Mac OS X) AppleWebKit/605.1.15 (KHTML, like Gecko) Version/17.5 Mobile/15E148 Safari/605.1.15"
159.223.211.139 - - [01/Jul/2026:20:13:27 -0400] "GET /apache.php HTTP/1.1" 404 32188 "-" "Mozilla/5.0 (Macintosh; Intel Mac OS X 10_15_7) AppleWebKit/537.36 (KHTML, like Gecko) Chrome/126.0.0.0 Safari/537.36"
159.223.211.139 - - [01/Jul/2026:20:13:27 -0400] "GET /apache/phpinfo.php HTTP/1.1" 404 32188 "-" "Mozilla/5.0 (iPhone; CPU iPhone OS 17_5 like Mac OS X) AppleWebKit/605.1.15 (KHTML, like Gecko) Version/17.5 Mobile/15E148 Safari/605.1.15"
159.223.211.139 - - [01/Jul/2026:20:13:27 -0400] "GET /apache2.php HTTP/1.1" 404 32188 "-" "Mozilla/5.0 (Macintosh; Intel Mac OS X 10_15_7) AppleWebKit/605.1.15 (KHTML, like Gecko) Version/17.5 Safari/605.1.15"
159.223.211.139 - - [01/Jul/2026:20:13:27 -0400] "GET /config.php.dist HTTP/1.1" 404 32188 "-" "Mozilla/5.0 (Macintosh; Intel Mac OS X 10.15; rv:127.0) Gecko/20100101 Firefox/127.0"
159.223.211.139 - - [01/Jul/2026:20:13:27 -0400] "GET /api.js HTTP/1.1" 404 32188 "-" "Mozilla/5.0 (Macintosh; Intel Mac OS X 10_15_7) AppleWebKit/537.36 (KHTML, like Gecko) Chrome/126.0.0.0 Safari/537.36"
159.223.211.139 - - [01/Jul/2026:20:13:27 -0400] "GET /api.log HTTP/1.1" 404 32188 "-" "Mozilla/5.0 (Macintosh; Intel Mac OS X 10.15; rv:127.0) Gecko/20100101 Firefox/127.0"
159.223.211.139 - - [01/Jul/2026:20:13:27 -0400] "GET /api/.env HTTP/1.1" 404 32188 "-" "Mozilla/5.0 (Macintosh; Intel Mac OS X 10_15_7) AppleWebKit/605.1.15 (KHTML, like Gecko) Version/17.5 Safari/605.1.15"
159.223.211.139 - - [01/Jul/2026:20:13:27 -0400] "GET /api/aws/index.js HTTP/1.1" 404 32188 "-" "Mozilla/5.0 (X11; Linux x86_64; rv:127.0) Gecko/20100101 Firefox/127.0"
159.223.211.139 - - [01/Jul/2026:20:13:27 -0400] "GET /config.php.dev HTTP/1.1" 404 32188 "-" "Mozlila/5.0 (Linux; Android 7.0; SM-G892A Bulid/NRD90M; wv) AppleWebKit/537.36 (KHTML, like Gecko) Version/4.0 Chrome/60.0.3112.107 Moblie Safari/537.36"
159.223.211.139 - - [01/Jul/2026:20:13:27 -0400] "GET /api/config.env HTTP/1.1" 404 32188 "-" "Mozlila/5.0 (Linux; Android 7.0; SM-G892A Bulid/NRD90M; wv) AppleWebKit/537.36 (KHTML, like Gecko) Version/4.0 Chrome/60.0.3112.107 Moblie Safari/537.36"
159.223.211.139 - - [01/Jul/2026:20:13:27 -0400] "GET /api/shared/config/.env HTTP/1.1" 404 32189 "-" "Mozilla/5.0 (Macintosh; Intel Mac OS X 10.15; rv:127.0) Gecko/20100101 Firefox/127.0"
159.223.211.139 - - [01/Jul/2026:20:13:27 -0400] "GET /settings.py.bak HTTP/1.1" 404 32188 "-" "Mozilla/5.0 (Linux; Android 10; K) AppleWebKit/537.36 (KHTML, like Gecko) Chrome/126.0.0.0 Mobile Safari/537.36"
159.223.211.139 - - [01/Jul/2026:20:13:28 -0400] "GET /api/shared/config.env HTTP/1.1" 404 32188 "-" "Mozilla/5.0 (Macintosh; Intel Mac OS X 10_15_7) AppleWebKit/605.1.15 (KHTML, like Gecko) Version/17.5 Safari/605.1.15"
159.223.211.139 - - [01/Jul/2026:20:13:28 -0400] "GET /.git/FETCH_HEAD HTTP/1.1" 404 32188 "-" "Mozilla/5.0 (Macintosh; Intel Mac OS X 10_15_7) AppleWebKit/605.1.15 (KHTML, like Gecko) Version/17.5 Safari/605.1.15"
159.223.211.139 - - [01/Jul/2026:20:13:28 -0400] "GET /api/shared/.env HTTP/1.1" 404 32188 "-" "Mozilla/5.0 (X11; Linux x86_64; rv:127.0) Gecko/20100101 Firefox/127.0"
159.223.211.139 - - [01/Jul/2026:20:13:28 -0400] "POST / HTTP/1.1" 200 6770 "-" "Mozilla/5.0 (Windows NT 10.0; Win64; x64) AppleWebKit/537.36 (KHTML, like Gecko) Chrome/126.0.0.0 Safari/537.36 Edg/126.0.0.0"
159.223.211.139 - - [01/Jul/2026:20:13:28 -0400] "GET /settings.py.backup HTTP/1.1" 404 32188 "-" "Mozilla/5.0 (Windows NT 10.0; Win64; x64) AppleWebKit/537.36 (KHTML, like Gecko) Chrome/126.0.0.0 Safari/537.36 Edg/126.0.0.0"
159.223.211.139 - - [01/Jul/2026:20:13:28 -0400] "GET /settings.py.old HTTP/1.1" 404 32188 "-" "Mozilla/5.0 (Macintosh; Intel Mac OS X 10.15; rv:127.0) Gecko/20100101 Firefox/127.0"
159.223.211.139 - - [01/Jul/2026:20:13:28 -0400] "GET /api/shared/config/config.env HTTP/1.1" 404 32188 "-" "Mozilla/5.0 (Macintosh; Intel Mac OS X 10.15; rv:127.0) Gecko/20100101 Firefox/127.0"
159.223.211.139 - - [01/Jul/2026:20:13:29 -0400] "GET /api1/.env HTTP/1.1" 404 32188 "-" "Mozilla/5.0 (Macintosh; Intel Mac OS X 10_15_7) AppleWebKit/537.36 (KHTML, like Gecko) Chrome/126.0.0.0 Safari/537.36"
159.223.211.139 - - [01/Jul/2026:20:13:29 -0400] "GET /api2/.env HTTP/1.1" 404 32188 "-" "Mozilla/5.0 (Windows NT 10.0; Win64; x64; rv:127.0) Gecko/20100101 Firefox/127.0"
159.223.211.139 - - [01/Jul/2026:20:13:29 -0400] "GET /api3/.env HTTP/1.1" 404 32188 "-" "Mozilla/5.0 (Linux; Android 10; K) AppleWebKit/537.36 (KHTML, like Gecko) Chrome/126.0.0.0 Mobile Safari/537.36"
159.223.211.139 - - [01/Jul/2026:20:13:29 -0400] "GET /api4/.env HTTP/1.1" 404 32188 "-" "Mozlila/5.0 (Linux; Android 7.0; SM-G892A Bulid/NRD90M; wv) AppleWebKit/537.36 (KHTML, like Gecko) Version/4.0 Chrome/60.0.3112.107 Moblie Safari/537.36"
159.223.211.139 - - [01/Jul/2026:20:13:29 -0400] "GET /api5/.env HTTP/1.1" 404 32189 "-" "Mozilla/5.0 (iPhone; CPU iPhone OS 17_5 like Mac OS X) AppleWebKit/605.1.15 (KHTML, like Gecko) Version/17.5 Mobile/15E148 Safari/605.1.15"
159.223.211.139 - - [01/Jul/2026:20:13:31 -0400] "GET /api_caller.py HTTP/1.1" 404 32188 "-" "Mozilla/5.0 (Macintosh; Intel Mac OS X 10_15_7) AppleWebKit/605.1.15 (KHTML, like Gecko) Version/17.5 Safari/605.1.15"
::1 - - [01/Jul/2026:20:13:32 -0400] "OPTIONS * HTTP/1.0" 200 126 "-" "Apache/2.4.58 (Ubuntu) OpenSSL/3.0.13 (internal dummy connection)"
::1 - - [01/Jul/2026:20:13:33 -0400] "OPTIONS * HTTP/1.0" 200 126 "-" "Apache/2.4.58 (Ubuntu) OpenSSL/3.0.13 (internal dummy connection)"
107.13.46.68 - - [01/Jul/2026:20:13:33 -0400] "GET /wp-admin/edit-tags.php?taxonomy=make&post_type=literature-item HTTP/1.1" 200 19750 "http://drivebackmachine.net/wp-admin/edit-tags.php?taxonomy=make&post_type=literature-item" "Mozilla/5.0 (Windows NT 10.0; Win64; x64) AppleWebKit/537.36 (KHTML, like Gecko) Chrome/149.0.0.0 Safari/537.36"
::1 - - [01/Jul/2026:20:13:34 -0400] "OPTIONS * HTTP/1.0" 200 126 "-" "Apache/2.4.58 (Ubuntu) OpenSSL/3.0.13 (internal dummy connection)"
::1 - - [01/Jul/2026:20:13:35 -0400] "OPTIONS * HTTP/1.0" 200 126 "-" "Apache/2.4.58 (Ubuntu) OpenSSL/3.0.13 (internal dummy connection)"
107.13.46.68 - - [01/Jul/2026:20:13:35 -0400] "POST /wp-admin/admin-ajax.php HTTP/1.1" 200 598 "http://drivebackmachine.net/wp-admin/edit-tags.php?taxonomy=make&post_type=literature-item" "Mozilla/5.0 (Windows NT 10.0; Win64; x64) AppleWebKit/537.36 (KHTML, like Gecko) Chrome/149.0.0.0 Safari/537.36"
::1 - - [01/Jul/2026:20:13:36 -0400] "OPTIONS * HTTP/1.0" 200 126 "-" "Apache/2.4.58 (Ubuntu) OpenSSL/3.0.13 (internal dummy connection)"
::1 - - [01/Jul/2026:20:13:37 -0400] "OPTIONS * HTTP/1.0" 200 126 "-" "Apache/2.4.58 (Ubuntu) OpenSSL/3.0.13 (internal dummy connection)"
107.13.46.68 - - [01/Jul/2026:20:13:37 -0400] "POST /wp-admin/admin-ajax.php HTTP/1.1" 200 598 "http://drivebackmachine.net/wp-admin/edit-tags.php?taxonomy=make&post_type=literature-item" "Mozilla/5.0 (Windows NT 10.0; Win64; x64) AppleWebKit/537.36 (KHTML, like Gecko) Chrome/149.0.0.0 Safari/537.36"
::1 - - [01/Jul/2026:20:13:38 -0400] "OPTIONS * HTTP/1.0" 200 126 "-" "Apache/2.4.58 (Ubuntu) OpenSSL/3.0.13 (internal dummy connection)"
::1 - - [01/Jul/2026:20:13:39 -0400] "OPTIONS * HTTP/1.0" 200 126 "-" "Apache/2.4.58 (Ubuntu) OpenSSL/3.0.13 (internal dummy connection)"
159.223.211.139 - - [01/Jul/2026:20:13:39 -0400] "GET /api_fetcher.rb HTTP/1.1" 404 32189 "-" "Mozilla/5.0 (Macintosh; Intel Mac OS X 10.15; rv:127.0) Gecko/20100101 Firefox/127.0"
159.223.211.139 - - [01/Jul/2026:20:13:39 -0400] "GET /api_caller.rb HTTP/1.1" 404 32189 "-" "Mozilla/5.0 (Linux; Android 10; K) AppleWebKit/537.36 (KHTML, like Gecko) Chrome/126.0.0.0 Mobile Safari/537.36"
159.223.211.139 - - [01/Jul/2026:20:13:40 -0400] "GET /api_calls.js HTTP/1.1" 404 32189 "-" "Mozilla/5.0 (iPhone; CPU iPhone OS 17_5 like Mac OS X) AppleWebKit/605.1.15 (KHTML, like Gecko) Version/17.5 Mobile/15E148 Safari/605.1.15"
::1 - - [01/Jul/2026:20:13:40 -0400] "OPTIONS * HTTP/1.0" 200 126 "-" "Apache/2.4.58 (Ubuntu) OpenSSL/3.0.13 (internal dummy connection)"
159.223.211.139 - - [01/Jul/2026:20:13:40 -0400] "GET /api_handler.rb HTTP/1.1" 404 32189 "-" "Mozilla/5.0 (Macintosh; Intel Mac OS X 10_15_7) AppleWebKit/537.36 (KHTML, like Gecko) Chrome/126.0.0.0 Safari/537.36"
159.223.211.139 - - [01/Jul/2026:20:13:40 -0400] "GET /settings.py.save HTTP/1.1" 404 32189 "-" "Mozilla/5.0 (Macintosh; Intel Mac OS X 10_15_7) AppleWebKit/537.36 (KHTML, like Gecko) Chrome/126.0.0.0 Safari/537.36"
159.223.211.139 - - [01/Jul/2026:20:13:40 -0400] "POST / HTTP/1.1" 200 6771 "-" "Mozilla/5.0 (iPhone; CPU iPhone OS 17_5 like Mac OS X) AppleWebKit/605.1.15 (KHTML, like Gecko) Version/17.5 Mobile/15E148 Safari/605.1.15"
159.223.211.139 - - [01/Jul/2026:20:13:40 -0400] "GET /api_handler.py HTTP/1.1" 404 32189 "-" "Mozilla/5.0 (Windows NT 10.0; Win64; x64) AppleWebKit/537.36 (KHTML, like Gecko) Chrome/126.0.0.0 Safari/537.36 Edg/126.0.0.0"
159.223.211.139 - - [01/Jul/2026:20:13:40 -0400] "GET /api_connector.rb HTTP/1.1" 404 32189 "-" "Mozilla/5.0 (X11; Linux x86_64) AppleWebKit/537.36 (KHTML, like Gecko) Chrome/126.0.0.0 Safari/537.36"
159.223.211.139 - - [01/Jul/2026:20:13:40 -0400] "GET /settings.py~ HTTP/1.1" 404 32189 "-" "Mozilla/5.0 (Windows NT 10.0; Win64; x64) AppleWebKit/537.36 (KHTML, like Gecko) Chrome/126.0.0.0 Safari/537.36"
159.223.211.139 - - [01/Jul/2026:20:13:40 -0400] "GET /api_keys.yaml HTTP/1.1" 404 32189 "-" "Mozilla/5.0 (iPhone; CPU iPhone OS 17_5 like Mac OS X) AppleWebKit/605.1.15 (KHTML, like Gecko) Version/17.5 Mobile/15E148 Safari/605.1.15"
159.223.211.139 - - [01/Jul/2026:20:13:40 -0400] "GET /api_keys/secrets.yaml HTTP/1.1" 404 32189 "-" "Mozilla/5.0 (iPhone; CPU iPhone OS 17_5 like Mac OS X) AppleWebKit/605.1.15 (KHTML, like Gecko) Version/17.5 Mobile/15E148 Safari/605.1.15"
159.223.211.139 - - [01/Jul/2026:20:13:40 -0400] "GET /settings.py.copy HTTP/1.1" 404 32189 "-" "Mozilla/5.0 (Windows NT 10.0; Win64; x64) AppleWebKit/537.36 (KHTML, like Gecko) Chrome/126.0.0.0 Safari/537.36 Edg/126.0.0.0"
159.223.211.139 - - [01/Jul/2026:20:13:40 -0400] "GET /api_keys.json HTTP/1.1" 404 32189 "-" "Mozilla/5.0 (X11; Linux x86_64) AppleWebKit/537.36 (KHTML, like Gecko) Chrome/126.0.0.0 Safari/537.36"
159.223.211.139 - - [01/Jul/2026:20:13:40 -0400] "GET /api_keys/.env HTTP/1.1" 404 32189 "-" "Mozilla/5.0 (Windows NT 10.0; Win64; x64) AppleWebKit/537.36 (KHTML, like Gecko) Chrome/126.0.0.0 Safari/537.36"
159.223.211.139 - - [01/Jul/2026:20:13:41 -0400] "GET /.git/COMMIT_EDITMSG HTTP/1.1" 404 32189 "-" "Mozilla/5.0 (X11; Linux x86_64; rv:127.0) Gecko/20100101 Firefox/127.0"
159.223.211.139 - - [01/Jul/2026:20:13:41 -0400] "GET /settings.py.swp HTTP/1.1" 404 32188 "-" "Mozilla/5.0 (Windows NT 10.0; Win64; x64) AppleWebKit/537.36 (KHTML, like Gecko) Chrome/126.0.0.0 Safari/537.36 Edg/126.0.0.0"
159.223.211.139 - - [01/Jul/2026:20:13:41 -0400] "GET /api_logs/logging_config.yml HTTP/1.1" 404 32189 "-" "Mozilla/5.0 (Macintosh; Intel Mac OS X 10.15; rv:127.0) Gecko/20100101 Firefox/127.0"
159.223.211.139 - - [01/Jul/2026:20:13:41 -0400] "GET /api_processor.rb HTTP/1.1" 404 32189 "-" "Mozilla/5.0 (Macintosh; Intel Mac OS X 10.15; rv:127.0) Gecko/20100101 Firefox/127.0"
159.223.211.139 - - [01/Jul/2026:20:13:41 -0400] "GET /api_manager.py HTTP/1.1" 404 32188 "-" "Mozilla/5.0 (iPhone; CPU iPhone OS 17_5 like Mac OS X) AppleWebKit/605.1.15 (KHTML, like Gecko) Version/17.5 Mobile/15E148 Safari/605.1.15"
159.223.211.139 - - [01/Jul/2026:20:13:41 -0400] "GET /api_logs/logs.yml HTTP/1.1" 404 32189 "-" "Mozilla/5.0 (X11; Linux x86_64) AppleWebKit/537.36 (KHTML, like Gecko) Chrome/126.0.0.0 Safari/537.36"
159.223.211.139 - - [01/Jul/2026:20:13:41 -0400] "GET /settings.py.orig HTTP/1.1" 404 32189 "-" "Mozilla/5.0 (Macintosh; Intel Mac OS X 10.15; rv:127.0) Gecko/20100101 Firefox/127.0"
159.223.211.139 - - [01/Jul/2026:20:13:41 -0400] "GET /.git/COMMIT_EDITMSG HTTP/1.1" 404 32188 "-" "Mozilla/5.0 (Linux; Android 10; K) AppleWebKit/537.36 (KHTML, like Gecko) Chrome/126.0.0.0 Mobile Safari/537.36"
159.223.211.139 - - [01/Jul/2026:20:13:41 -0400] "GET /api_routes.js HTTP/1.1" 404 32189 "-" "Mozilla/5.0 (Macintosh; Intel Mac OS X 10_15_7) AppleWebKit/537.36 (KHTML, like Gecko) Chrome/126.0.0.0 Safari/537.36"
159.223.211.139 - - [01/Jul/2026:20:13:42 -0400] "GET /settings.py.copy HTTP/1.1" 404 32189 "-" "Mozilla/5.0 (Windows NT 10.0; Win64; x64; rv:127.0) Gecko/20100101 Firefox/127.0"
159.223.211.139 - - [01/Jul/2026:20:13:42 -0400] "GET /api_routes.yml HTTP/1.1" 404 32189 "-" "Mozilla/5.0 (Linux; Android 10; K) AppleWebKit/537.36 (KHTML, like Gecko) Chrome/126.0.0.0 Mobile Safari/537.36"
159.223.211.139 - - [01/Jul/2026:20:13:42 -0400] "GET /api_routes/routes.yml HTTP/1.1" 404 32189 "-" "Mozilla/5.0 (Macintosh; Intel Mac OS X 10_15_7) AppleWebKit/605.1.15 (KHTML, like Gecko) Version/17.5 Safari/605.1.15"
159.223.211.139 - - [01/Jul/2026:20:13:42 -0400] "GET /api_routes/routes_parser.py HTTP/1.1" 404 32189 "-" "Mozilla/5.0 (X11; Linux x86_64) AppleWebKit/537.36 (KHTML, like Gecko) Chrome/126.0.0.0 Safari/537.36"
107.13.46.68 - - [01/Jul/2026:20:13:42 -0400] "POST /wp-admin/admin-ajax.php HTTP/1.1" 200 1676 "http://drivebackmachine.net/wp-admin/edit-tags.php?taxonomy=make&post_type=literature-item" "Mozilla/5.0 (Windows NT 10.0; Win64; x64) AppleWebKit/537.36 (KHTML, like Gecko) Chrome/149.0.0.0 Safari/537.36"
159.223.211.139 - - [01/Jul/2026:20:13:43 -0400] "POST / HTTP/1.1" 200 6770 "-" "Mozilla/5.0 (Windows NT 10.0; Win64; x64) AppleWebKit/537.36 (KHTML, like Gecko) Chrome/126.0.0.0 Safari/537.36"
159.223.211.139 - - [01/Jul/2026:20:13:43 -0400] "GET /api_routes_config.yml HTTP/1.1" 404 32188 "-" "Mozilla/5.0 (Linux; Android 10; K) AppleWebKit/537.36 (KHTML, like Gecko) Chrome/126.0.0.0 Mobile Safari/537.36"
159.223.211.139 - - [01/Jul/2026:20:13:43 -0400] "GET /api_usage.csv HTTP/1.1" 404 32188 "-" "Mozilla/5.0 (Macintosh; Intel Mac OS X 10.15; rv:127.0) Gecko/20100101 Firefox/127.0"
159.223.211.139 - - [01/Jul/2026:20:13:43 -0400] "GET /settings.py.tmp HTTP/1.1" 404 32189 "-" "Mozlila/5.0 (Linux; Android 7.0; SM-G892A Bulid/NRD90M; wv) AppleWebKit/537.36 (KHTML, like Gecko) Version/4.0 Chrome/60.0.3112.107 Moblie Safari/537.36"
159.223.211.139 - - [01/Jul/2026:20:13:43 -0400] "GET /api_script.py HTTP/1.1" 404 32188 "-" "Mozilla/5.0 (Windows NT 10.0; Win64; x64; rv:127.0) Gecko/20100101 Firefox/127.0"
159.223.211.139 - - [01/Jul/2026:20:13:43 -0400] "GET /settings.py.dist HTTP/1.1" 404 32188 "-" "Mozilla/5.0 (X11; Linux x86_64) AppleWebKit/537.36 (KHTML, like Gecko) Chrome/126.0.0.0 Safari/537.36"
159.223.211.139 - - [01/Jul/2026:20:13:43 -0400] "GET /apis/config/config.js HTTP/1.1" 404 32188 "-" "Mozilla/5.0 (Macintosh; Intel Mac OS X 10.15; rv:127.0) Gecko/20100101 Firefox/127.0"
159.223.211.139 - - [01/Jul/2026:20:13:43 -0400] "GET /app.js HTTP/1.1" 404 32188 "-" "Mozilla/5.0 (Windows NT 10.0; Win64; x64) AppleWebKit/537.36 (KHTML, like Gecko) Chrome/126.0.0.0 Safari/537.36"
159.223.211.139 - - [01/Jul/2026:20:13:43 -0400] "GET /app.log HTTP/1.1" 404 32188 "-" "Mozilla/5.0 (Macintosh; Intel Mac OS X 10_15_7) AppleWebKit/537.36 (KHTML, like Gecko) Chrome/126.0.0.0 Safari/537.36"
159.223.211.139 - - [01/Jul/2026:20:13:43 -0400] "GET /app.py HTTP/1.1" 404 32188 "-" "Mozilla/5.0 (Macintosh; Intel Mac OS X 10_15_7) AppleWebKit/605.1.15 (KHTML, like Gecko) Version/17.5 Safari/605.1.15"
159.223.211.139 - - [01/Jul/2026:20:13:44 -0400] "GET /app/.env HTTP/1.1" 404 32188 "-" "Mozilla/5.0 (Macintosh; Intel Mac OS X 10_15_7) AppleWebKit/537.36 (KHTML, like Gecko) Chrome/126.0.0.0 Safari/537.36"
159.223.211.139 - - [01/Jul/2026:20:13:44 -0400] "GET /settings.py.dev HTTP/1.1" 404 32188 "-" "Mozlila/5.0 (Linux; Android 7.0; SM-G892A Bulid/NRD90M; wv) AppleWebKit/537.36 (KHTML, like Gecko) Version/4.0 Chrome/60.0.3112.107 Moblie Safari/537.36"
159.223.211.139 - - [01/Jul/2026:20:13:44 -0400] "GET /app/config/db.config.js HTTP/1.1" 404 32189 "-" "Mozilla/5.0 (iPhone; CPU iPhone OS 17_5 like Mac OS X) AppleWebKit/605.1.15 (KHTML, like Gecko) Version/17.5 Mobile/15E148 Safari/605.1.15"
159.223.211.139 - - [01/Jul/2026:20:13:44 -0400] "GET /app/api/email/controllers/email.js HTTP/1.1" 404 32189 "-" "Mozilla/5.0 (Macintosh; Intel Mac OS X 10_15_7) AppleWebKit/537.36 (KHTML, like Gecko) Chrome/126.0.0.0 Safari/537.36"
159.223.211.139 - - [01/Jul/2026:20:13:44 -0400] "GET /app_dir/.env HTTP/1.1" 404 32189 "-" "Mozilla/5.0 (X11; Linux x86_64; rv:127.0) Gecko/20100101 Firefox/127.0"
159.223.211.139 - - [01/Jul/2026:20:13:44 -0400] "GET /application.properties.bak HTTP/1.1" 404 32189 "-" "Mozilla/5.0 (Windows NT 10.0; Win64; x64) AppleWebKit/537.36 (KHTML, like Gecko) Chrome/126.0.0.0 Safari/537.36 Edg/126.0.0.0"
159.223.211.139 - - [01/Jul/2026:20:13:44 -0400] "GET /application.yml HTTP/1.1" 404 32189 "-" "Mozilla/5.0 (X11; Linux x86_64) AppleWebKit/537.36 (KHTML, like Gecko) Chrome/126.0.0.0 Safari/537.36"
159.223.211.139 - - [01/Jul/2026:20:13:44 -0400] "GET /application.properties.backup HTTP/1.1" 404 32188 "-" "Mozilla/5.0 (Windows NT 10.0; Win64; x64) AppleWebKit/537.36 (KHTML, like Gecko) Chrome/126.0.0.0 Safari/537.36"
159.223.211.139 - - [01/Jul/2026:20:13:44 -0400] "GET /application/.env HTTP/1.1" 404 32189 "-" "Mozilla/5.0 (Linux; Android 10; K) AppleWebKit/537.36 (KHTML, like Gecko) Chrome/126.0.0.0 Mobile Safari/537.36"
159.223.211.139 - - [01/Jul/2026:20:13:45 -0400] "GET /apps/.env HTTP/1.1" 404 32188 "-" "Mozilla/5.0 (Linux; Android 10; K) AppleWebKit/537.36 (KHTML, like Gecko) Chrome/126.0.0.0 Mobile Safari/537.36"
159.223.211.139 - - [01/Jul/2026:20:13:45 -0400] "GET /appsettings.json HTTP/1.1" 404 32188 "-" "Mozilla/5.0 (Windows NT 10.0; Win64; x64; rv:127.0) Gecko/20100101 Firefox/127.0"
159.223.211.139 - - [01/Jul/2026:20:13:45 -0400] "GET /assembly/ HTTP/1.1" 404 32188 "-" "Mozilla/5.0 (X11; Linux x86_64) AppleWebKit/537.36 (KHTML, like Gecko) Chrome/126.0.0.0 Safari/537.36"
159.223.211.139 - - [01/Jul/2026:20:13:45 -0400] "GET /application.properties.old HTTP/1.1" 404 32188 "-" "Mozilla/5.0 (Macintosh; Intel Mac OS X 10.15; rv:127.0) Gecko/20100101 Firefox/127.0"
159.223.211.139 - - [01/Jul/2026:20:13:45 -0400] "GET /audit_log.csv HTTP/1.1" 404 32188 "-" "Mozilla/5.0 (X11; Linux x86_64; rv:127.0) Gecko/20100101 Firefox/127.0"
159.223.211.139 - - [01/Jul/2026:20:13:45 -0400] "GET /application.properties.save HTTP/1.1" 404 32188 "-" "Mozilla/5.0 (Linux; Android 10; K) AppleWebKit/537.36 (KHTML, like Gecko) Chrome/126.0.0.0 Mobile Safari/537.36"
159.223.211.139 - - [01/Jul/2026:20:13:45 -0400] "GET /audio/.env HTTP/1.1" 404 32188 "-" "Mozilla/5.0 (Macintosh; Intel Mac OS X 10_15_7) AppleWebKit/537.36 (KHTML, like Gecko) Chrome/126.0.0.0 Safari/537.36"
159.223.211.139 - - [01/Jul/2026:20:13:45 -0400] "GET /auth.js HTTP/1.1" 404 32188 "-" "Mozilla/5.0 (X11; Linux x86_64; rv:127.0) Gecko/20100101 Firefox/127.0"
159.223.211.139 - - [01/Jul/2026:20:13:45 -0400] "GET /auth.json HTTP/1.1" 404 32188 "-" "Mozlila/5.0 (Linux; Android 7.0; SM-G892A Bulid/NRD90M; wv) AppleWebKit/537.36 (KHTML, like Gecko) Version/4.0 Chrome/60.0.3112.107 Moblie Safari/537.36"
159.223.211.139 - - [01/Jul/2026:20:13:46 -0400] "GET /auth/auth_handler.py HTTP/1.1" 404 32188 "-" "Mozilla/5.0 (Windows NT 10.0; Win64; x64) AppleWebKit/537.36 (KHTML, like Gecko) Chrome/126.0.0.0 Safari/537.36"
159.223.211.139 - - [01/Jul/2026:20:13:46 -0400] "GET /auth/credentials.json HTTP/1.1" 404 32188 "-" "Mozilla/5.0 (Windows NT 10.0; Win64; x64; rv:127.0) Gecko/20100101 Firefox/127.0"
107.13.46.68 - - [01/Jul/2026:20:13:46 -0400] "POST /wp-admin/admin-ajax.php HTTP/1.1" 200 1678 "http://drivebackmachine.net/wp-admin/edit-tags.php?taxonomy=make&post_type=literature-item" "Mozilla/5.0 (Windows NT 10.0; Win64; x64) AppleWebKit/537.36 (KHTML, like Gecko) Chrome/149.0.0.0 Safari/537.36"
159.223.211.139 - - [01/Jul/2026:20:13:46 -0400] "GET /auth_manager.rb HTTP/1.1" 404 32188 "-" "Mozilla/5.0 (X11; Linux x86_64; rv:127.0) Gecko/20100101 Firefox/127.0"
159.223.211.139 - - [01/Jul/2026:20:13:46 -0400] "GET /application.properties.swp HTTP/1.1" 404 32188 "-" "Mozlila/5.0 (Linux; Android 7.0; SM-G892A Bulid/NRD90M; wv) AppleWebKit/537.36 (KHTML, like Gecko) Version/4.0 Chrome/60.0.3112.107 Moblie Safari/537.36"
159.223.211.139 - - [01/Jul/2026:20:13:46 -0400] "GET /auth_secrets.yaml HTTP/1.1" 404 32188 "-" "Mozilla/5.0 (X11; Linux x86_64; rv:127.0) Gecko/20100101 Firefox/127.0"
159.223.211.139 - - [01/Jul/2026:20:13:46 -0400] "GET /auth_token.json HTTP/1.1" 404 32188 "-" "Mozilla/5.0 (X11; Linux x86_64; rv:127.0) Gecko/20100101 Firefox/127.0"
159.223.211.139 - - [01/Jul/2026:20:13:46 -0400] "GET /application.properties~ HTTP/1.1" 404 32188 "-" "Mozilla/5.0 (iPhone; CPU iPhone OS 17_5 like Mac OS X) AppleWebKit/605.1.15 (KHTML, like Gecko) Version/17.5 Mobile/15E148 Safari/605.1.15"
159.223.211.139 - - [01/Jul/2026:20:13:46 -0400] "GET /automation_script.rb HTTP/1.1" 404 32188 "-" "Mozilla/5.0 (Linux; Android 10; K) AppleWebKit/537.36 (KHTML, like Gecko) Chrome/126.0.0.0 Mobile Safari/537.36"
159.223.211.139 - - [01/Jul/2026:20:13:47 -0400] "GET /automation_task.py HTTP/1.1" 404 32188 "-" "Mozilla/5.0 (Macintosh; Intel Mac OS X 10_15_7) AppleWebKit/605.1.15 (KHTML, like Gecko) Version/17.5 Safari/605.1.15"
159.223.211.139 - - [01/Jul/2026:20:13:47 -0400] "GET /application.properties.orig HTTP/1.1" 404 32188 "-" "Mozilla/5.0 (Windows NT 10.0; Win64; x64; rv:127.0) Gecko/20100101 Firefox/127.0"
159.223.211.139 - - [01/Jul/2026:20:13:47 -0400] "GET /aws-config.json HTTP/1.1" 404 32188 "-" "Mozilla/5.0 (Windows NT 10.0; Win64; x64) AppleWebKit/537.36 (KHTML, like Gecko) Chrome/126.0.0.0 Safari/537.36"
107.13.46.68 - - [01/Jul/2026:20:13:47 -0400] "GET /wp-admin/edit-tags.php?taxonomy=model&post_type=literature-item HTTP/1.1" 200 19748 "http://drivebackmachine.net/wp-admin/edit-tags.php?taxonomy=make&post_type=literature-item" "Mozilla/5.0 (Windows NT 10.0; Win64; x64) AppleWebKit/537.36 (KHTML, like Gecko) Chrome/149.0.0.0 Safari/537.36"
159.223.211.139 - - [01/Jul/2026:20:13:47 -0400] "GET /aws-secret.yaml HTTP/1.1" 404 32188 "-" "Mozilla/5.0 (X11; Linux x86_64) AppleWebKit/537.36 (KHTML, like Gecko) Chrome/126.0.0.0 Safari/537.36"
159.223.211.139 - - [01/Jul/2026:20:13:47 -0400] "GET /aws.html HTTP/1.1" 404 32188 "-" "Mozilla/5.0 (Macintosh; Intel Mac OS X 10_15_7) AppleWebKit/605.1.15 (KHTML, like Gecko) Version/17.5 Safari/605.1.15"
159.223.211.139 - - [01/Jul/2026:20:13:48 -0400] "GET /aws.log HTTP/1.1" 404 32188 "-" "Mozilla/5.0 (Macintosh; Intel Mac OS X 10_15_7) AppleWebKit/605.1.15 (KHTML, like Gecko) Version/17.5 Safari/605.1.15"
159.223.211.139 - - [01/Jul/2026:20:13:48 -0400] "GET /application.properties.copy HTTP/1.1" 404 32188 "-" "Mozilla/5.0 (iPhone; CPU iPhone OS 17_5 like Mac OS X) AppleWebKit/605.1.15 (KHTML, like Gecko) Version/17.5 Mobile/15E148 Safari/605.1.15"
159.223.211.139 - - [01/Jul/2026:20:13:48 -0400] "GET /aws.yaml HTTP/1.1" 404 32188 "-" "Mozilla/5.0 (Windows NT 10.0; Win64; x64) AppleWebKit/537.36 (KHTML, like Gecko) Chrome/126.0.0.0 Safari/537.36 Edg/126.0.0.0"
159.223.211.139 - - [01/Jul/2026:20:13:48 -0400] "GET /aws.yml HTTP/1.1" 404 32188 "-" "Mozilla/5.0 (X11; Linux x86_64) AppleWebKit/537.36 (KHTML, like Gecko) Chrome/126.0.0.0 Safari/537.36"
159.223.211.139 - - [01/Jul/2026:20:13:48 -0400] "GET /application.properties.tmp HTTP/1.1" 404 32188 "-" "Mozilla/5.0 (X11; Linux x86_64; rv:127.0) Gecko/20100101 Firefox/127.0"
159.223.211.139 - - [01/Jul/2026:20:13:48 -0400] "GET /awsConfig.csv HTTP/1.1" 404 32188 "-" "Mozilla/5.0 (Macintosh; Intel Mac OS X 10_15_7) AppleWebKit/537.36 (KHTML, like Gecko) Chrome/126.0.0.0 Safari/537.36"
159.223.211.139 - - [01/Jul/2026:20:13:48 -0400] "GET /awsSettings.js HTTP/1.1" 404 32188 "-" "Mozilla/5.0 (iPhone; CPU iPhone OS 17_5 like Mac OS X) AppleWebKit/605.1.15 (KHTML, like Gecko) Version/17.5 Mobile/15E148 Safari/605.1.15"
159.223.211.139 - - [01/Jul/2026:20:13:48 -0400] "GET /awsConfig.yml HTTP/1.1" 404 32188 "-" "Mozilla/5.0 (Linux; Android 10; K) AppleWebKit/537.36 (KHTML, like Gecko) Chrome/126.0.0.0 Mobile Safari/537.36"
159.223.211.139 - - [01/Jul/2026:20:13:48 -0400] "GET /aws_config.csv HTTP/1.1" 404 32188 "-" "Mozilla/5.0 (Windows NT 10.0; Win64; x64) AppleWebKit/537.36 (KHTML, like Gecko) Chrome/126.0.0.0 Safari/537.36"
159.223.211.139 - - [01/Jul/2026:20:13:49 -0400] "GET /application.properties.dist HTTP/1.1" 404 32188 "-" "Mozilla/5.0 (Macintosh; Intel Mac OS X 10_15_7) AppleWebKit/605.1.15 (KHTML, like Gecko) Version/17.5 Safari/605.1.15"
159.223.211.139 - - [01/Jul/2026:20:13:49 -0400] "GET /aws_config.json HTTP/1.1" 404 32188 "-" "Mozilla/5.0 (X11; Linux x86_64; rv:127.0) Gecko/20100101 Firefox/127.0"
159.223.211.139 - - [01/Jul/2026:20:13:49 -0400] "GET /aws_logs.yml HTTP/1.1" 404 32188 "-" "Mozilla/5.0 (Macintosh; Intel Mac OS X 10_15_7) AppleWebKit/605.1.15 (KHTML, like Gecko) Version/17.5 Safari/605.1.15"
159.223.211.139 - - [01/Jul/2026:20:13:49 -0400] "GET /aws_report.csv HTTP/1.1" 404 32188 "-" "Mozilla/5.0 (X11; Linux x86_64; rv:127.0) Gecko/20100101 Firefox/127.0"
159.223.211.139 - - [01/Jul/2026:20:13:49 -0400] "GET /aws_secrets.yml HTTP/1.1" 404 32188 "-" "Mozilla/5.0 (iPhone; CPU iPhone OS 17_5 like Mac OS X) AppleWebKit/605.1.15 (KHTML, like Gecko) Version/17.5 Mobile/15E148 Safari/605.1.15"
159.223.211.139 - - [01/Jul/2026:20:13:49 -0400] "GET /application.properties.dev HTTP/1.1" 404 32188 "-" "Mozilla/5.0 (X11; Linux x86_64) AppleWebKit/537.36 (KHTML, like Gecko) Chrome/126.0.0.0 Safari/537.36"
159.223.211.139 - - [01/Jul/2026:20:13:49 -0400] "GET /awsconfig.js HTTP/1.1" 404 32188 "-" "Mozilla/5.0 (X11; Linux x86_64; rv:127.0) Gecko/20100101 Firefox/127.0"
159.223.211.139 - - [01/Jul/2026:20:13:49 -0400] "GET /.htaccess.bak HTTP/1.1" 403 493 "-" "Mozilla/5.0 (Macintosh; Intel Mac OS X 10_15_7) AppleWebKit/537.36 (KHTML, like Gecko) Chrome/126.0.0.0 Safari/537.36"
159.223.211.139 - - [01/Jul/2026:20:13:49 -0400] "GET /awsconfig.json HTTP/1.1" 404 32188 "-" "Mozilla/5.0 (Macintosh; Intel Mac OS X 10.15; rv:127.0) Gecko/20100101 Firefox/127.0"
159.223.211.139 - - [01/Jul/2026:20:13:49 -0400] "GET /awstats/.env HTTP/1.1" 404 32188 "-" "Mozilla/5.0 (Windows NT 10.0; Win64; x64) AppleWebKit/537.36 (KHTML, like Gecko) Chrome/126.0.0.0 Safari/537.36 Edg/126.0.0.0"
159.223.211.139 - - [01/Jul/2026:20:13:50 -0400] "GET /awstats/config.js HTTP/1.1" 404 32188 "-" "Mozilla/5.0 (Macintosh; Intel Mac OS X 10_15_7) AppleWebKit/605.1.15 (KHTML, like Gecko) Version/17.5 Safari/605.1.15"
159.223.211.139 - - [01/Jul/2026:20:13:50 -0400] "GET /.htaccess.backup HTTP/1.1" 403 493 "-" "Mozilla/5.0 (iPhone; CPU iPhone OS 17_5 like Mac OS X) AppleWebKit/605.1.15 (KHTML, like Gecko) Version/17.5 Mobile/15E148 Safari/605.1.15"
159.223.211.139 - - [01/Jul/2026:20:13:50 -0400] "GET /back/.env HTTP/1.1" 404 32188 "-" "Mozilla/5.0 (Macintosh; Intel Mac OS X 10_15_7) AppleWebKit/605.1.15 (KHTML, like Gecko) Version/17.5 Safari/605.1.15"
159.223.211.139 - - [01/Jul/2026:20:13:50 -0400] "GET /.htaccess.old HTTP/1.1" 403 493 "-" "Mozilla/5.0 (Windows NT 10.0; Win64; x64; rv:127.0) Gecko/20100101 Firefox/127.0"
159.223.211.139 - - [01/Jul/2026:20:13:50 -0400] "GET /backend/.env HTTP/1.1" 404 32188 "-" "Mozilla/5.0 (Windows NT 10.0; Win64; x64) AppleWebKit/537.36 (KHTML, like Gecko) Chrome/126.0.0.0 Safari/537.36 Edg/126.0.0.0"
159.223.211.139 - - [01/Jul/2026:20:13:50 -0400] "GET /backend/config/plugins.js HTTP/1.1" 404 32188 "-" "Mozilla/5.0 (Windows NT 10.0; Win64; x64; rv:127.0) Gecko/20100101 Firefox/127.0"
159.223.211.139 - - [01/Jul/2026:20:13:50 -0400] "GET /backend_logs.yaml HTTP/1.1" 404 32188 "-" "Mozilla/5.0 (X11; Linux x86_64; rv:127.0) Gecko/20100101 Firefox/127.0"
159.223.211.139 - - [01/Jul/2026:20:13:50 -0400] "GET /backup.log HTTP/1.1" 404 32188 "-" "Mozilla/5.0 (Windows NT 10.0; Win64; x64) AppleWebKit/537.36 (KHTML, like Gecko) Chrome/126.0.0.0 Safari/537.36"
159.223.211.139 - - [01/Jul/2026:20:13:50 -0400] "GET /backend/web/phpinfo.php HTTP/1.1" 404 32188 "-" "Mozilla/5.0 (iPhone; CPU iPhone OS 17_5 like Mac OS X) AppleWebKit/605.1.15 (KHTML, like Gecko) Version/17.5 Mobile/15E148 Safari/605.1.15"
159.223.211.139 - - [01/Jul/2026:20:13:50 -0400] "GET /backup.php HTTP/1.1" 404 32188 "-" "Mozilla/5.0 (Windows NT 10.0; Win64; x64) AppleWebKit/537.36 (KHTML, like Gecko) Chrome/126.0.0.0 Safari/537.36"
107.13.46.68 - - [01/Jul/2026:20:13:51 -0400] "POST /wp-admin/edit-tags.php?taxonomy=model&post_type=literature-item HTTP/1.1" 302 558 "http://drivebackmachine.net/wp-admin/edit-tags.php?taxonomy=model&post_type=literature-item" "Mozilla/5.0 (Windows NT 10.0; Win64; x64) AppleWebKit/537.36 (KHTML, like Gecko) Chrome/149.0.0.0 Safari/537.36"
107.13.46.68 - - [01/Jul/2026:20:13:51 -0400] "GET /wp-admin/edit-tags.php?taxonomy=model&post_type=literature-item&message=6 HTTP/1.1" 200 18788 "http://drivebackmachine.net/wp-admin/edit-tags.php?taxonomy=model&post_type=literature-item" "Mozilla/5.0 (Windows NT 10.0; Win64; x64) AppleWebKit/537.36 (KHTML, like Gecko) Chrome/149.0.0.0 Safari/537.36"
159.223.211.139 - - [01/Jul/2026:20:13:52 -0400] "GET /.htaccess.swp HTTP/1.1" 403 493 "-" "Mozilla/5.0 (X11; Linux x86_64; rv:127.0) Gecko/20100101 Firefox/127.0"
159.223.211.139 - - [01/Jul/2026:20:13:52 -0400] "GET /.htaccess.save HTTP/1.1" 403 493 "-" "Mozlila/5.0 (Linux; Android 7.0; SM-G892A Bulid/NRD90M; wv) AppleWebKit/537.36 (KHTML, like Gecko) Version/4.0 Chrome/60.0.3112.107 Moblie Safari/537.36"
159.223.211.139 - - [01/Jul/2026:20:13:52 -0400] "GET /backup_log.csv HTTP/1.1" 404 32188 "-" "Mozilla/5.0 (Macintosh; Intel Mac OS X 10_15_7) AppleWebKit/537.36 (KHTML, like Gecko) Chrome/126.0.0.0 Safari/537.36"
159.223.211.139 - - [01/Jul/2026:20:13:52 -0400] "GET /backup/.env HTTP/1.1" 404 32188 "-" "Mozlila/5.0 (Linux; Android 7.0; SM-G892A Bulid/NRD90M; wv) AppleWebKit/537.36 (KHTML, like Gecko) Version/4.0 Chrome/60.0.3112.107 Moblie Safari/537.36"
159.223.211.139 - - [01/Jul/2026:20:13:52 -0400] "GET /backup/config.php HTTP/1.1" 404 32188 "-" "Mozilla/5.0 (Linux; Android 10; K) AppleWebKit/537.36 (KHTML, like Gecko) Chrome/126.0.0.0 Mobile Safari/537.36"
159.223.211.139 - - [01/Jul/2026:20:13:52 -0400] "GET /backup/env HTTP/1.1" 404 32188 "-" "Mozilla/5.0 (Windows NT 10.0; Win64; x64; rv:127.0) Gecko/20100101 Firefox/127.0"
159.223.211.139 - - [01/Jul/2026:20:13:52 -0400] "GET /.htaccess~ HTTP/1.1" 403 493 "-" "Mozilla/5.0 (Linux; Android 10; K) AppleWebKit/537.36 (KHTML, like Gecko) Chrome/126.0.0.0 Mobile Safari/537.36"
159.223.211.139 - - [01/Jul/2026:20:13:52 -0400] "GET /backup_logs.yml HTTP/1.1" 404 32188 "-" "Mozilla/5.0 (Macintosh; Intel Mac OS X 10_15_7) AppleWebKit/605.1.15 (KHTML, like Gecko) Version/17.5 Safari/605.1.15"
159.223.211.139 - - [01/Jul/2026:20:13:52 -0400] "GET /backup_manager.py HTTP/1.1" 404 32188 "-" "Mozilla/5.0 (Linux; Android 10; K) AppleWebKit/537.36 (KHTML, like Gecko) Chrome/126.0.0.0 Mobile Safari/537.36"
159.223.211.139 - - [01/Jul/2026:20:13:52 -0400] "GET /backup_manager.rb HTTP/1.1" 404 32188 "-" "Mozilla/5.0 (iPhone; CPU iPhone OS 17_5 like Mac OS X) AppleWebKit/605.1.15 (KHTML, like Gecko) Version/17.5 Mobile/15E148 Safari/605.1.15"
159.223.211.139 - - [01/Jul/2026:20:13:53 -0400] "GET /backup_schedule.csv HTTP/1.1" 404 32188 "-" "Mozilla/5.0 (Macintosh; Intel Mac OS X 10_15_7) AppleWebKit/605.1.15 (KHTML, like Gecko) Version/17.5 Safari/605.1.15"
159.223.211.139 - - [01/Jul/2026:20:13:54 -0400] "GET /.htaccess.orig HTTP/1.1" 403 493 "-" "Mozilla/5.0 (X11; Linux x86_64; rv:127.0) Gecko/20100101 Firefox/127.0"
159.223.211.139 - - [01/Jul/2026:20:13:54 -0400] "GET /.htaccess.copy HTTP/1.1" 403 493 "-" "Mozilla/5.0 (Windows NT 10.0; Win64; x64) AppleWebKit/537.36 (KHTML, like Gecko) Chrome/126.0.0.0 Safari/537.36"
159.223.211.139 - - [01/Jul/2026:20:13:54 -0400] "GET /backup_script.py HTTP/1.1" 404 32188 "-" "Mozilla/5.0 (Macintosh; Intel Mac OS X 10.15; rv:127.0) Gecko/20100101 Firefox/127.0"
159.223.211.139 - - [01/Jul/2026:20:13:55 -0400] "GET /beta/.env HTTP/1.1" 404 32188 "-" "Mozilla/5.0 (X11; Linux x86_64; rv:127.0) Gecko/20100101 Firefox/127.0"
107.13.46.68 - - [01/Jul/2026:20:13:55 -0400] "POST /wp-admin/admin-ajax.php HTTP/1.1" 200 1679 "http://drivebackmachine.net/wp-admin/edit-tags.php?taxonomy=model&post_type=literature-item" "Mozilla/5.0 (Windows NT 10.0; Win64; x64) AppleWebKit/537.36 (KHTML, like Gecko) Chrome/149.0.0.0 Safari/537.36"
159.223.211.139 - - [01/Jul/2026:20:13:56 -0400] "GET /backups/.env HTTP/1.1" 404 32188 "-" "Mozilla/5.0 (Linux; Android 10; K) AppleWebKit/537.36 (KHTML, like Gecko) Chrome/126.0.0.0 Mobile Safari/537.36"
159.223.211.139 - - [01/Jul/2026:20:13:56 -0400] "GET /bitbucket-pipelines.yml HTTP/1.1" 404 32188 "-" "Mozilla/5.0 (Linux; Android 10; K) AppleWebKit/537.36 (KHTML, like Gecko) Chrome/126.0.0.0 Mobile Safari/537.36"
159.223.211.139 - - [01/Jul/2026:20:13:56 -0400] "GET /blob/.env HTTP/1.1" 404 32188 "-" "Mozilla/5.0 (iPhone; CPU iPhone OS 17_5 like Mac OS X) AppleWebKit/605.1.15 (KHTML, like Gecko) Version/17.5 Mobile/15E148 Safari/605.1.15"
159.223.211.139 - - [01/Jul/2026:20:13:57 -0400] "GET /boot/.env HTTP/1.1" 404 32188 "-" "Mozilla/5.0 (Macintosh; Intel Mac OS X 10.15; rv:127.0) Gecko/20100101 Firefox/127.0"
159.223.211.139 - - [01/Jul/2026:20:13:57 -0400] "GET /.htaccess.tmp HTTP/1.1" 403 493 "-" "Mozilla/5.0 (iPhone; CPU iPhone OS 17_5 like Mac OS X) AppleWebKit/605.1.15 (KHTML, like Gecko) Version/17.5 Mobile/15E148 Safari/605.1.15"
::1 - - [01/Jul/2026:20:13:57 -0400] "OPTIONS * HTTP/1.0" 200 126 "-" "Apache/2.4.58 (Ubuntu) OpenSSL/3.0.13 (internal dummy connection)"
159.223.211.139 - - [01/Jul/2026:20:13:57 -0400] "GET /boot/access.log HTTP/1.1" 404 32188 "-" "Mozilla/5.0 (Macintosh; Intel Mac OS X 10_15_7) AppleWebKit/537.36 (KHTML, like Gecko) Chrome/126.0.0.0 Safari/537.36"
159.223.211.139 - - [01/Jul/2026:20:13:57 -0400] "GET /.htaccess.dev HTTP/1.1" 403 493 "-" "Mozilla/5.0 (Macintosh; Intel Mac OS X 10_15_7) AppleWebKit/537.36 (KHTML, like Gecko) Chrome/126.0.0.0 Safari/537.36"
159.223.211.139 - - [01/Jul/2026:20:13:57 -0400] "GET /blog/.env HTTP/1.1" 404 32188 "-" "Mozilla/5.0 (iPhone; CPU iPhone OS 17_5 like Mac OS X) AppleWebKit/605.1.15 (KHTML, like Gecko) Version/17.5 Mobile/15E148 Safari/605.1.15"
159.223.211.139 - - [01/Jul/2026:20:13:57 -0400] "GET /blue/.env HTTP/1.1" 404 32188 "-" "Mozilla/5.0 (iPhone; CPU iPhone OS 17_5 like Mac OS X) AppleWebKit/605.1.15 (KHTML, like Gecko) Version/17.5 Mobile/15E148 Safari/605.1.15"
159.223.211.139 - - [01/Jul/2026:20:13:57 -0400] "GET /boot/secrets.yaml HTTP/1.1" 404 32188 "-" "Mozilla/5.0 (Windows NT 10.0; Win64; x64; rv:127.0) Gecko/20100101 Firefox/127.0"
159.223.211.139 - - [01/Jul/2026:20:13:58 -0400] "GET /boot/error.log HTTP/1.1" 404 32189 "-" "Mozilla/5.0 (X11; Linux x86_64; rv:127.0) Gecko/20100101 Firefox/127.0"
159.223.211.139 - - [01/Jul/2026:20:13:58 -0400] "GET /boot/config.json HTTP/1.1" 404 32189 "-" "Mozilla/5.0 (Linux; Android 10; K) AppleWebKit/537.36 (KHTML, like Gecko) Chrome/126.0.0.0 Mobile Safari/537.36"
159.223.211.139 - - [01/Jul/2026:20:13:58 -0400] "GET /.htaccess.dist HTTP/1.1" 403 493 "-" "Mozilla/5.0 (Windows NT 10.0; Win64; x64) AppleWebKit/537.36 (KHTML, like Gecko) Chrome/126.0.0.0 Safari/537.36 Edg/126.0.0.0"
::1 - - [01/Jul/2026:20:13:58 -0400] "OPTIONS * HTTP/1.0" 200 126 "-" "Apache/2.4.58 (Ubuntu) OpenSSL/3.0.13 (internal dummy connection)"
159.223.211.139 - - [01/Jul/2026:20:13:58 -0400] "GET /boot/tmp.log HTTP/1.1" 404 32188 "-" "Mozilla/5.0 (Windows NT 10.0; Win64; x64) AppleWebKit/537.36 (KHTML, like Gecko) Chrome/126.0.0.0 Safari/537.36 Edg/126.0.0.0"
159.223.211.139 - - [01/Jul/2026:20:13:58 -0400] "GET /web.config.bak HTTP/1.1" 404 32188 "-" "Mozilla/5.0 (iPhone; CPU iPhone OS 17_5 like Mac OS X) AppleWebKit/605.1.15 (KHTML, like Gecko) Version/17.5 Mobile/15E148 Safari/605.1.15"
159.223.211.139 - - [01/Jul/2026:20:13:58 -0400] "GET /bootstrap/.env HTTP/1.1" 404 32188 "-" "Mozilla/5.0 (X11; Linux x86_64) AppleWebKit/537.36 (KHTML, like Gecko) Chrome/126.0.0.0 Safari/537.36"
159.223.211.139 - - [01/Jul/2026:20:13:58 -0400] "GET /web.config.backup HTTP/1.1" 404 32189 "-" "Mozilla/5.0 (iPhone; CPU iPhone OS 17_5 like Mac OS X) AppleWebKit/605.1.15 (KHTML, like Gecko) Version/17.5 Mobile/15E148 Safari/605.1.15"
159.223.211.139 - - [01/Jul/2026:20:13:58 -0400] "GET /bank/.env HTTP/1.1" 404 32189 "-" "Mozlila/5.0 (Linux; Android 7.0; SM-G892A Bulid/NRD90M; wv) AppleWebKit/537.36 (KHTML, like Gecko) Version/4.0 Chrome/60.0.3112.107 Moblie Safari/537.36"
159.223.211.139 - - [01/Jul/2026:20:13:58 -0400] "GET /build.php HTTP/1.1" 404 32188 "-" "Mozilla/5.0 (iPhone; CPU iPhone OS 17_5 like Mac OS X) AppleWebKit/605.1.15 (KHTML, like Gecko) Version/17.5 Mobile/15E148 Safari/605.1.15"
159.223.211.139 - - [01/Jul/2026:20:13:58 -0400] "GET /bots/.env HTTP/1.1" 404 32188 "-" "Mozilla/5.0 (Windows NT 10.0; Win64; x64) AppleWebKit/537.36 (KHTML, like Gecko) Chrome/126.0.0.0 Safari/537.36 Edg/126.0.0.0"
107.13.46.68 - - [01/Jul/2026:20:13:59 -0400] "POST /wp-admin/admin-ajax.php HTTP/1.1" 200 1681 "http://drivebackmachine.net/wp-admin/edit-tags.php?taxonomy=model&post_type=literature-item" "Mozilla/5.0 (Windows NT 10.0; Win64; x64) AppleWebKit/537.36 (KHTML, like Gecko) Chrome/149.0.0.0 Safari/537.36"
159.223.211.139 - - [01/Jul/2026:20:13:59 -0400] "GET /build/config/config.yml HTTP/1.1" 404 32188 "-" "Mozilla/5.0 (X11; Linux x86_64) AppleWebKit/537.36 (KHTML, like Gecko) Chrome/126.0.0.0 Safari/537.36"
159.223.211.139 - - [01/Jul/2026:20:13:59 -0400] "GET /build/.env HTTP/1.1" 404 32188 "-" "Mozilla/5.0 (iPhone; CPU iPhone OS 17_5 like Mac OS X) AppleWebKit/605.1.15 (KHTML, like Gecko) Version/17.5 Mobile/15E148 Safari/605.1.15"
159.223.211.139 - - [01/Jul/2026:20:13:59 -0400] "GET /bundle/settings.json HTTP/1.1" 404 32188 "-" "Mozilla/5.0 (Macintosh; Intel Mac OS X 10_15_7) AppleWebKit/605.1.15 (KHTML, like Gecko) Version/17.5 Safari/605.1.15"
159.223.211.139 - - [01/Jul/2026:20:13:59 -0400] "GET /cache.json HTTP/1.1" 404 32188 "-" "Mozilla/5.0 (X11; Linux x86_64; rv:127.0) Gecko/20100101 Firefox/127.0"
159.223.211.139 - - [01/Jul/2026:20:13:59 -0400] "GET /web.config.old HTTP/1.1" 404 32188 "-" "Mozilla/5.0 (Windows NT 10.0; Win64; x64) AppleWebKit/537.36 (KHTML, like Gecko) Chrome/126.0.0.0 Safari/537.36 Edg/126.0.0.0"
159.223.211.139 - - [01/Jul/2026:20:14:00 -0400] "GET /cache.php HTTP/1.1" 404 32188 "-" "Mozilla/5.0 (iPhone; CPU iPhone OS 17_5 like Mac OS X) AppleWebKit/605.1.15 (KHTML, like Gecko) Version/17.5 Mobile/15E148 Safari/605.1.15"
159.223.211.139 - - [01/Jul/2026:20:14:00 -0400] "GET /web.config.save HTTP/1.1" 404 32189 "-" "Mozilla/5.0 (Linux; Android 10; K) AppleWebKit/537.36 (KHTML, like Gecko) Chrome/126.0.0.0 Mobile Safari/537.36"
159.223.211.139 - - [01/Jul/2026:20:14:01 -0400] "GET /cache/secrets.json HTTP/1.1" 404 32188 "-" "Mozilla/5.0 (Macintosh; Intel Mac OS X 10.15; rv:127.0) Gecko/20100101 Firefox/127.0"
159.223.211.139 - - [01/Jul/2026:20:14:02 -0400] "GET /cache/.env HTTP/1.1" 404 32188 "-" "Mozilla/5.0 (Linux; Android 10; K) AppleWebKit/537.36 (KHTML, like Gecko) Chrome/126.0.0.0 Mobile Safari/537.36"
107.13.46.68 - - [01/Jul/2026:20:14:03 -0400] "GET /wp-admin/edit.php?post_type=literature-item HTTP/1.1" 200 14076 "http://drivebackmachine.net/wp-admin/edit-tags.php?taxonomy=model&post_type=literature-item" "Mozilla/5.0 (Windows NT 10.0; Win64; x64) AppleWebKit/537.36 (KHTML, like Gecko) Chrome/149.0.0.0 Safari/537.36"
107.13.46.68 - - [01/Jul/2026:20:14:03 -0400] "POST /wp-admin/admin-ajax.php HTTP/1.1" 200 652 "http://drivebackmachine.net/wp-admin/edit.php?post_type=literature-item" "Mozilla/5.0 (Windows NT 10.0; Win64; x64) AppleWebKit/537.36 (KHTML, like Gecko) Chrome/149.0.0.0 Safari/537.36"
159.223.211.139 - - [01/Jul/2026:20:14:03 -0400] "GET /cdn/.env HTTP/1.1" 404 32188 "-" "Mozilla/5.0 (Macintosh; Intel Mac OS X 10.15; rv:127.0) Gecko/20100101 Firefox/127.0"
159.223.211.139 - - [01/Jul/2026:20:14:03 -0400] "GET /careers/.env HTTP/1.1" 404 32188 "-" "Mozilla/5.0 (Windows NT 10.0; Win64; x64) AppleWebKit/537.36 (KHTML, like Gecko) Chrome/126.0.0.0 Safari/537.36"
159.223.211.139 - - [01/Jul/2026:20:14:03 -0400] "GET /cdw-backend/.env HTTP/1.1" 404 32188 "-" "Mozilla/5.0 (Windows NT 10.0; Win64; x64) AppleWebKit/537.36 (KHTML, like Gecko) Chrome/126.0.0.0 Safari/537.36 Edg/126.0.0.0"
159.223.211.139 - - [01/Jul/2026:20:14:03 -0400] "GET /web.config.swp HTTP/1.1" 404 32188 "-" "Mozilla/5.0 (Windows NT 10.0; Win64; x64) AppleWebKit/537.36 (KHTML, like Gecko) Chrome/126.0.0.0 Safari/537.36"
159.223.211.139 - - [01/Jul/2026:20:14:04 -0400] "GET /ciConfig.js HTTP/1.1" 404 32188 "-" "Mozilla/5.0 (Windows NT 10.0; Win64; x64) AppleWebKit/537.36 (KHTML, like Gecko) Chrome/126.0.0.0 Safari/537.36"
159.223.211.139 - - [01/Jul/2026:20:14:04 -0400] "GET /web.config~ HTTP/1.1" 404 32188 "-" "Mozilla/5.0 (iPhone; CPU iPhone OS 17_5 like Mac OS X) AppleWebKit/605.1.15 (KHTML, like Gecko) Version/17.5 Mobile/15E148 Safari/605.1.15"
159.223.211.139 - - [01/Jul/2026:20:14:04 -0400] "GET /client/mobile/ HTTP/1.1" 404 32188 "-" "Mozilla/5.0 (X11; Linux x86_64) AppleWebKit/537.36 (KHTML, like Gecko) Chrome/126.0.0.0 Safari/537.36"
159.223.211.139 - - [01/Jul/2026:20:14:04 -0400] "GET /web.config.copy HTTP/1.1" 404 32188 "-" "Mozilla/5.0 (Windows NT 10.0; Win64; x64) AppleWebKit/537.36 (KHTML, like Gecko) Chrome/126.0.0.0 Safari/537.36"
107.13.46.68 - - [01/Jul/2026:20:14:04 -0400] "GET /wp-admin/post.php?post=24&action=edit HTTP/1.1" 200 72693 "http://drivebackmachine.net/wp-admin/edit.php?post_type=literature-item" "Mozilla/5.0 (Windows NT 10.0; Win64; x64) AppleWebKit/537.36 (KHTML, like Gecko) Chrome/149.0.0.0 Safari/537.36"
::1 - - [01/Jul/2026:20:14:05 -0400] "OPTIONS * HTTP/1.0" 200 126 "-" "Apache/2.4.58 (Ubuntu) OpenSSL/3.0.13 (internal dummy connection)"
159.223.211.139 - - [01/Jul/2026:20:14:05 -0400] "GET /community/.env HTTP/1.1" 404 32188 "-" "Mozilla/5.0 (Linux; Android 10; K) AppleWebKit/537.36 (KHTML, like Gecko) Chrome/126.0.0.0 Mobile Safari/537.36"
159.223.211.139 - - [01/Jul/2026:20:14:05 -0400] "GET /cms/.env HTTP/1.1" 404 32188 "-" "Mozilla/5.0 (Macintosh; Intel Mac OS X 10_15_7) AppleWebKit/537.36 (KHTML, like Gecko) Chrome/126.0.0.0 Safari/537.36"
107.13.46.68 - - [01/Jul/2026:20:14:05 -0400] "OPTIONS /wp-json/wp/v2/settings?_locale=user HTTP/1.1" 200 6058 "http://drivebackmachine.net/wp-admin/post.php?post=24&action=edit" "Mozilla/5.0 (Windows NT 10.0; Win64; x64) AppleWebKit/537.36 (KHTML, like Gecko) Chrome/149.0.0.0 Safari/537.36"
159.223.211.139 - - [01/Jul/2026:20:14:05 -0400] "GET /cli_secrets.yml HTTP/1.1" 404 32188 "-" "Mozilla/5.0 (iPhone; CPU iPhone OS 17_5 like Mac OS X) AppleWebKit/605.1.15 (KHTML, like Gecko) Version/17.5 Mobile/15E148 Safari/605.1.15"
107.13.46.68 - - [01/Jul/2026:20:14:05 -0400] "GET /wp-json/wp/v2/templates/lookup?slug=front-page&_locale=user HTTP/1.1" 200 658 "http://drivebackmachine.net/wp-admin/post.php?post=24&action=edit" "Mozilla/5.0 (Windows NT 10.0; Win64; x64) AppleWebKit/537.36 (KHTML, like Gecko) Chrome/149.0.0.0 Safari/537.36"
107.13.46.68 - - [01/Jul/2026:20:14:05 -0400] "GET /wp-json/wp/v2/blocks?context=edit&per_page=100&page=1&_locale=user HTTP/1.1" 200 700 "http://drivebackmachine.net/wp-admin/post.php?post=24&action=edit" "Mozilla/5.0 (Windows NT 10.0; Win64; x64) AppleWebKit/537.36 (KHTML, like Gecko) Chrome/149.0.0.0 Safari/537.36"
107.13.46.68 - - [01/Jul/2026:20:14:05 -0400] "GET /wp-json/wp/v2/taxonomies?context=edit&per_page=100&_locale=user HTTP/1.1" 200 14838 "http://drivebackmachine.net/wp-admin/post.php?post=24&action=edit" "Mozilla/5.0 (Windows NT 10.0; Win64; x64) AppleWebKit/537.36 (KHTML, like Gecko) Chrome/149.0.0.0 Safari/537.36"
107.13.46.68 - - [01/Jul/2026:20:14:05 -0400] "OPTIONS /wp-json/wp/v2/literature-item?_locale=user HTTP/1.1" 200 16837 "http://drivebackmachine.net/wp-admin/post.php?post=24&action=edit" "Mozilla/5.0 (Windows NT 10.0; Win64; x64) AppleWebKit/537.36 (KHTML, like Gecko) Chrome/149.0.0.0 Safari/537.36"
107.13.46.68 - - [01/Jul/2026:20:14:05 -0400] "GET /wp-json/wp/v2/media/26?context=view&_locale=user HTTP/1.1" 200 6023 "http://drivebackmachine.net/wp-admin/post.php?post=24&action=edit" "Mozilla/5.0 (Windows NT 10.0; Win64; x64) AppleWebKit/537.36 (KHTML, like Gecko) Chrome/149.0.0.0 Safari/537.36"
