[Wed Dec 03 08:09:45.286279 2025] [cgi:error] [pid 2679276] [client 193.142.147.209:28252] AH02811: script not found or unable to stat: /usr/lib/cgi-bin/luci, referer: http://107.13.46.68:80/cgi-bin/luci/;stok=/locale
[Wed Dec 03 10:11:08.563281 2025] [cgi:error] [pid 2768947] [client 193.142.147.209:45278] AH02811: script not found or unable to stat: /usr/lib/cgi-bin/luci, referer: http://107.13.46.68:80/cgi-bin/luci/;stok=/locale
[Wed Dec 03 11:39:46.303912 2025] [cgi:error] [pid 2741077] [client 193.142.147.209:13048] AH02811: script not found or unable to stat: /usr/lib/cgi-bin/luci, referer: http://107.13.46.68:80/cgi-bin/luci/;stok=/locale
[Wed Dec 03 13:51:58.491289 2025] [php:error] [pid 2768935] [client 159.203.29.245:49308] script '/var/www/html/alive.php' not found or unable to stat
[Wed Dec 03 14:27:09.159048 2025] [cgi:error] [pid 2792371] [client 193.142.147.209:55070] AH02811: script not found or unable to stat: /usr/lib/cgi-bin/luci, referer: http://107.13.46.68:80/cgi-bin/luci/;stok=/locale
[Wed Dec 03 14:40:59.187921 2025] [core:error] [pid 2792772] [client 75.119.159.238:56266] AH10244: invalid URI path (/cgi-bin/.%2e/.%2e/.%2e/.%2e/.%2e/.%2e/.%2e/.%2e/.%2e/.%2e/bin/sh)
[Wed Dec 03 15:47:28.827134 2025] [cgi:error] [pid 2768935] [client 193.142.147.209:25930] AH02811: script not found or unable to stat: /usr/lib/cgi-bin/luci, referer: http://107.13.46.68:80/cgi-bin/luci/;stok=/locale
[Wed Dec 03 17:23:13.513153 2025] [cgi:error] [pid 2679276] [client 193.142.147.209:21690] AH02811: script not found or unable to stat: /usr/lib/cgi-bin/luci, referer: http://107.13.46.68:80/cgi-bin/luci/;stok=/locale
[Wed Dec 03 19:31:18.695541 2025] [cgi:error] [pid 2802963] [client 193.142.147.209:59774] AH02811: script not found or unable to stat: /usr/lib/cgi-bin/luci, referer: http://107.13.46.68:80/cgi-bin/luci/;stok=/locale
[Wed Dec 03 21:38:45.992145 2025] [core:error] [pid 2802965] [client 154.219.107.8:38504] AH10244: invalid URI path (/cgi-bin/.%2e/.%2e/.%2e/.%2e/.%2e/.%2e/.%2e/.%2e/.%2e/.%2e/bin/sh)
[Wed Dec 03 22:29:22.278977 2025] [cgi:error] [pid 2747933] [client 193.142.147.209:33570] AH02811: script not found or unable to stat: /usr/lib/cgi-bin/luci, referer: http://107.13.46.68:80/cgi-bin/luci/;stok=/locale
[Wed Dec 03 23:02:28.558615 2025] [php:error] [pid 2802965] [client 45.142.193.171:38488] script '/var/www/html/index.php' not found or unable to stat
[Wed Dec 03 23:02:28.839192 2025] [php:error] [pid 2802965] [client 45.142.193.171:38488] script '/var/www/html/index.php' not found or unable to stat
[Wed Dec 03 23:02:28.978795 2025] [php:error] [pid 2802965] [client 45.142.193.171:38488] script '/var/www/html/index.php' not found or unable to stat
[Thu Dec 04 00:07:28.688494 2025] [cgi:error] [pid 2811095] [client 193.142.147.209:35790] AH02811: script not found or unable to stat: /usr/lib/cgi-bin/luci, referer: http://107.13.46.68:80/cgi-bin/luci/;stok=/locale
[Thu Dec 04 01:29:14.121249 2025] [php:error] [pid 2792371] [client 159.65.132.114:58006] script '/var/www/html/alive.php' not found or unable to stat
[Thu Dec 04 02:21:35.883819 2025] [cgi:error] [pid 2816547] [client 193.142.147.209:5548] AH02811: script not found or unable to stat: /usr/lib/cgi-bin/luci, referer: http://107.13.46.68:80/cgi-bin/luci/;stok=/locale
[Thu Dec 04 03:27:28.890278 2025] [php:error] [pid 2816549] [client 167.71.90.72:57198] script '/var/www/html/alive.php' not found or unable to stat
[Thu Dec 04 03:50:54.259371 2025] [cgi:error] [pid 2811095] [client 193.142.147.209:6608] AH02811: script not found or unable to stat: /usr/lib/cgi-bin/luci, referer: http://107.13.46.68:80/cgi-bin/luci/;stok=/locale
[Thu Dec 04 05:26:07.253069 2025] [cgi:error] [pid 2826366] [client 193.142.147.209:18592] AH02811: script not found or unable to stat: /usr/lib/cgi-bin/luci, referer: http://107.13.46.68:80/cgi-bin/luci/;stok=/locale
[Thu Dec 04 07:09:34.187360 2025] [cgi:error] [pid 2831238] [client 193.142.147.209:14970] AH02811: script not found or unable to stat: /usr/lib/cgi-bin/luci, referer: http://107.13.46.68:80/cgi-bin/luci/;stok=/locale
[Thu Dec 04 09:00:44.815676 2025] [cgi:error] [pid 2833016] [client 193.142.147.209:4946] AH02811: script not found or unable to stat: /usr/lib/cgi-bin/luci, referer: http://107.13.46.68:80/cgi-bin/luci/;stok=/locale
[Thu Dec 04 10:47:42.154804 2025] [cgi:error] [pid 2831240] [client 193.142.147.209:48530] AH02811: script not found or unable to stat: /usr/lib/cgi-bin/luci, referer: http://107.13.46.68:80/cgi-bin/luci/;stok=/locale
[Thu Dec 04 11:05:37.334148 2025] [php:error] [pid 2833003] [client 35.216.140.3:54114] script '/var/www/html/info.php' not found or unable to stat
[Thu Dec 04 11:05:38.638355 2025] [authz_core:error] [pid 2831236] [client 35.216.140.3:54140] AH01630: client denied by server configuration: /var/www/html/server-status
[Thu Dec 04 12:23:57.246322 2025] [cgi:error] [pid 2831240] [client 193.142.147.209:45562] AH02811: script not found or unable to stat: /usr/lib/cgi-bin/luci, referer: http://107.13.46.68:80/cgi-bin/luci/;stok=/locale
[Thu Dec 04 13:45:38.108607 2025] [cgi:error] [pid 2826366] [client 193.142.147.209:24276] AH02811: script not found or unable to stat: /usr/lib/cgi-bin/luci, referer: http://107.13.46.68:80/cgi-bin/luci/;stok=/locale
[Thu Dec 04 15:52:35.749377 2025] [cgi:error] [pid 2848319] [client 193.142.147.209:54814] AH02811: script not found or unable to stat: /usr/lib/cgi-bin/luci, referer: http://107.13.46.68:80/cgi-bin/luci/;stok=/locale
[Thu Dec 04 16:41:10.098680 2025] [core:error] [pid 2848460] [client 196.188.63.85:44706] AH10244: invalid URI path (/cgi-bin/.%2e/.%2e/.%2e/.%2e/.%2e/.%2e/.%2e/.%2e/.%2e/.%2e/bin/sh)
[Thu Dec 04 17:30:51.944228 2025] [cgi:error] [pid 2848337] [client 193.142.147.209:56104] AH02811: script not found or unable to stat: /usr/lib/cgi-bin/luci, referer: http://107.13.46.68:80/cgi-bin/luci/;stok=/locale
[Thu Dec 04 19:02:59.444172 2025] [php:error] [pid 2858828] [client 172.234.207.202:38160] script '/var/www/html/login.php' not found or unable to stat
[Thu Dec 04 19:03:00.163909 2025] [cgi:error] [pid 2854994] [client 172.234.207.202:38312] AH02811: script not found or unable to stat: /usr/lib/cgi-bin/info.cgi
[Thu Dec 04 19:03:00.834481 2025] [cgi:error] [pid 2854996] [client 172.234.207.202:38532] AH02811: script not found or unable to stat: /usr/lib/cgi-bin/param.cgi
[Thu Dec 04 19:03:02.119835 2025] [cgi:error] [pid 2858830] [client 172.234.207.202:38862] AH02811: script not found or unable to stat: /usr/lib/cgi-bin/authLogin.cgi
[Thu Dec 04 19:03:02.731084 2025] [cgi:error] [pid 2858828] [client 172.234.207.202:39022] AH02811: script not found or unable to stat: /usr/lib/cgi-bin/luci
[Thu Dec 04 19:03:03.918731 2025] [cgi:error] [pid 2858828] [client 172.234.207.202:39294] AH02811: script not found or unable to stat: /usr/lib/cgi-bin/meteobridge.cgi
[Thu Dec 04 20:35:49.385122 2025] [cgi:error] [pid 2854997] [client 193.142.147.209:4774] AH02811: script not found or unable to stat: /usr/lib/cgi-bin/luci, referer: http://107.13.46.68:80/cgi-bin/luci/;stok=/locale
[Thu Dec 04 20:40:06.252714 2025] [core:error] [pid 2848337] [client 144.31.19.70:60590] AH10244: invalid URI path (/cgi-bin/.%2e/.%2e/.%2e/.%2e/.%2e/.%2e/.%2e/.%2e/.%2e/.%2e/bin/sh)
[Thu Dec 04 22:29:09.360509 2025] [cgi:error] [pid 2848337] [client 193.142.147.209:53924] AH02811: script not found or unable to stat: /usr/lib/cgi-bin/luci, referer: http://107.13.46.68:80/cgi-bin/luci/;stok=/locale
[Fri Dec 05 00:05:45.448865 2025] [cgi:error] [pid 2858829] [client 193.142.147.209:18556] AH02811: script not found or unable to stat: /usr/lib/cgi-bin/luci, referer: http://107.13.46.68:80/cgi-bin/luci/;stok=/locale
[Fri Dec 05 01:51:32.677545 2025] [cgi:error] [pid 2858827] [client 193.142.147.209:15004] AH02811: script not found or unable to stat: /usr/lib/cgi-bin/luci, referer: http://107.13.46.68:80/cgi-bin/luci/;stok=/locale
[Fri Dec 05 02:48:01.717200 2025] [core:error] [pid 2858827] [client 190.124.153.17:13411] AH10244: invalid URI path (/cgi-bin/.%2e/.%2e/.%2e/.%2e/.%2e/.%2e/.%2e/.%2e/.%2e/.%2e/bin/sh)
[Fri Dec 05 03:28:00.641480 2025] [cgi:error] [pid 2848337] [client 193.142.147.209:32978] AH02811: script not found or unable to stat: /usr/lib/cgi-bin/luci, referer: http://107.13.46.68:80/cgi-bin/luci/;stok=/locale
[Fri Dec 05 05:32:51.471335 2025] [cgi:error] [pid 2858827] [client 193.142.147.209:60182] AH02811: script not found or unable to stat: /usr/lib/cgi-bin/luci, referer: http://107.13.46.68:80/cgi-bin/luci/;stok=/locale
[Fri Dec 05 06:56:24.482168 2025] [cgi:error] [pid 2858829] [client 193.142.147.209:4082] AH02811: script not found or unable to stat: /usr/lib/cgi-bin/luci, referer: http://107.13.46.68:80/cgi-bin/luci/;stok=/locale
[Fri Dec 05 07:18:32.944065 2025] [php:error] [pid 2858829] [client 173.224.125.59:45470] script '/var/www/html/index.php' not found or unable to stat
[Fri Dec 05 07:18:33.059554 2025] [php:error] [pid 2858829] [client 173.224.125.59:45470] script '/var/www/html/index.php' not found or unable to stat
[Fri Dec 05 07:18:33.121491 2025] [php:error] [pid 2858829] [client 173.224.125.59:45470] script '/var/www/html/index.php' not found or unable to stat
[Fri Dec 05 07:29:21.330237 2025] [core:error] [pid 2872277] [client 103.210.21.20:49696] AH10244: invalid URI path (/cgi-bin/.%2e/.%2e/.%2e/.%2e/.%2e/.%2e/.%2e/.%2e/.%2e/.%2e/bin/sh)
[Fri Dec 05 08:51:39.528225 2025] [cgi:error] [pid 2833016] [client 193.142.147.209:37806] AH02811: script not found or unable to stat: /usr/lib/cgi-bin/luci, referer: http://107.13.46.68:80/cgi-bin/luci/;stok=/locale
[Fri Dec 05 10:20:31.397949 2025] [cgi:error] [pid 2833016] [client 193.142.147.209:42336] AH02811: script not found or unable to stat: /usr/lib/cgi-bin/luci, referer: http://107.13.46.68:80/cgi-bin/luci/;stok=/locale
[Fri Dec 05 11:59:23.251225 2025] [cgi:error] [pid 2872277] [client 193.142.147.209:36448] AH02811: script not found or unable to stat: /usr/lib/cgi-bin/luci, referer: http://107.13.46.68:80/cgi-bin/luci/;stok=/locale
[Fri Dec 05 13:20:12.247166 2025] [php:error] [pid 2902188] [client 172.192.18.188:9970] script '/var/www/html/oauth.php' not found or unable to stat
[Fri Dec 05 13:20:12.593548 2025] [php:error] [pid 2902188] [client 172.192.18.188:9970] script '/var/www/html/lock360.php' not found or unable to stat
[Fri Dec 05 13:20:13.306199 2025] [php:error] [pid 2902188] [client 172.192.18.188:9970] script '/var/www/html/xl.php' not found or unable to stat
[Fri Dec 05 13:20:15.078274 2025] [php:error] [pid 2902188] [client 172.192.18.188:9970] script '/var/www/html/sh.php' not found or unable to stat
[Fri Dec 05 13:20:15.428562 2025] [php:error] [pid 2902188] [client 172.192.18.188:9970] script '/var/www/html/1xleet.php' not found or unable to stat
[Fri Dec 05 13:20:15.784907 2025] [php:error] [pid 2902188] [client 172.192.18.188:9970] script '/var/www/html/xml.php' not found or unable to stat
[Fri Dec 05 13:20:16.145544 2025] [php:error] [pid 2902188] [client 172.192.18.188:9970] script '/var/www/html/images.php' not found or unable to stat
[Fri Dec 05 13:20:16.857740 2025] [php:error] [pid 2902188] [client 172.192.18.188:9970] script '/var/www/html/xl2023.php' not found or unable to stat
[Fri Dec 05 13:20:17.205742 2025] [php:error] [pid 2902188] [client 172.192.18.188:9970] script '/usr/lib/cgi-bin/wp-login.php' not found or unable to stat
[Fri Dec 05 13:20:17.552451 2025] [php:error] [pid 2902188] [client 172.192.18.188:9970] script '/var/www/html/3index.php' not found or unable to stat
[Fri Dec 05 13:20:17.903713 2025] [php:error] [pid 2902188] [client 172.192.18.188:9970] script '/var/www/html/berlin.php' not found or unable to stat
[Fri Dec 05 13:20:18.608111 2025] [php:error] [pid 2902188] [client 172.192.18.188:9970] script '/var/www/html/permissions.php' not found or unable to stat
[Fri Dec 05 13:20:20.026075 2025] [php:error] [pid 2902188] [client 172.192.18.188:9970] script '/var/www/html/admin_logs.php' not found or unable to stat
[Fri Dec 05 13:20:20.379333 2025] [php:error] [pid 2902188] [client 172.192.18.188:9970] script '/var/www/html/s_ne.php' not found or unable to stat
[Fri Dec 05 13:20:20.732534 2025] [php:error] [pid 2902188] [client 172.192.18.188:9970] script '/var/www/html/sx.php' not found or unable to stat
[Fri Dec 05 13:20:21.818275 2025] [php:error] [pid 2902188] [client 172.192.18.188:9970] script '/var/www/html/jquery.php' not found or unable to stat
[Fri Dec 05 13:20:22.172490 2025] [php:error] [pid 2902188] [client 172.192.18.188:9970] script '/var/www/html/wp-head.php' not found or unable to stat
[Fri Dec 05 13:20:22.530306 2025] [php:error] [pid 2902188] [client 172.192.18.188:9970] script '/var/www/html/kaza.php' not found or unable to stat
[Fri Dec 05 13:20:22.884671 2025] [php:error] [pid 2902188] [client 172.192.18.188:9970] script '/var/www/html/wsd.php' not found or unable to stat
[Fri Dec 05 13:20:23.228215 2025] [php:error] [pid 2902188] [client 172.192.18.188:9970] script '/var/www/html/gifclass4.php' not found or unable to stat
[Fri Dec 05 13:20:23.577284 2025] [php:error] [pid 2902188] [client 172.192.18.188:9970] script '/var/www/html/info.php' not found or unable to stat
[Fri Dec 05 13:20:23.928833 2025] [php:error] [pid 2902188] [client 172.192.18.188:9970] script '/var/www/html/333.php' not found or unable to stat
[Fri Dec 05 13:20:24.295189 2025] [php:error] [pid 2902188] [client 172.192.18.188:9970] script '/var/www/html/cfile.php' not found or unable to stat
[Fri Dec 05 13:20:24.655727 2025] [php:error] [pid 2902188] [client 172.192.18.188:9970] script '/var/www/html/bless3.php' not found or unable to stat
[Fri Dec 05 13:20:25.007491 2025] [php:error] [pid 2902188] [client 172.192.18.188:9970] script '/var/www/html/bless.php' not found or unable to stat
[Fri Dec 05 13:20:25.353383 2025] [php:error] [pid 2902188] [client 172.192.18.188:9970] script '/var/www/html/doti.php' not found or unable to stat
[Fri Dec 05 13:20:25.705771 2025] [php:error] [pid 2902188] [client 172.192.18.188:9970] script '/var/www/html/031.php' not found or unable to stat
[Fri Dec 05 13:20:26.056140 2025] [php:error] [pid 2902188] [client 172.192.18.188:9970] script '/var/www/html/wfile.php' not found or unable to stat
[Fri Dec 05 13:20:26.403357 2025] [php:error] [pid 2902188] [client 172.192.18.188:9970] script '/var/www/html/lala.php' not found or unable to stat
[Fri Dec 05 13:20:26.754449 2025] [php:error] [pid 2902188] [client 172.192.18.188:9970] script '/var/www/html/gmo.php' not found or unable to stat
[Fri Dec 05 13:20:27.107974 2025] [php:error] [pid 2902188] [client 172.192.18.188:9970] script '/var/www/html/he.php' not found or unable to stat
[Fri Dec 05 13:20:27.463331 2025] [php:error] [pid 2902188] [client 172.192.18.188:9970] script '/var/www/html/plss3.php' not found or unable to stat
[Fri Dec 05 13:20:27.815433 2025] [php:error] [pid 2902188] [client 172.192.18.188:9970] script '/var/www/html/ton.php' not found or unable to stat
[Fri Dec 05 13:20:28.167499 2025] [php:error] [pid 2902188] [client 172.192.18.188:9970] script '/var/www/html/nfile.php' not found or unable to stat
[Fri Dec 05 13:20:28.517362 2025] [php:error] [pid 2902188] [client 172.192.18.188:9970] script '/var/www/html/ffile.php' not found or unable to stat
[Fri Dec 05 13:20:28.866837 2025] [php:error] [pid 2902188] [client 172.192.18.188:9970] script '/var/www/html/file18.php' not found or unable to stat
[Fri Dec 05 13:20:29.213373 2025] [php:error] [pid 2902188] [client 172.192.18.188:9970] script '/var/www/html/file21.php' not found or unable to stat
[Fri Dec 05 13:20:29.564791 2025] [php:error] [pid 2902188] [client 172.192.18.188:9970] script '/var/www/html/yellow.php' not found or unable to stat
[Fri Dec 05 13:20:29.912658 2025] [php:error] [pid 2902188] [client 172.192.18.188:9970] script '/var/www/html/file1.php' not found or unable to stat
[Fri Dec 05 13:20:30.266642 2025] [php:error] [pid 2902188] [client 172.192.18.188:9970] script '/var/www/html/geck.php' not found or unable to stat
[Fri Dec 05 13:20:30.629957 2025] [php:error] [pid 2902188] [client 172.192.18.188:9970] script '/var/www/html/file4.php' not found or unable to stat
[Fri Dec 05 13:20:30.975135 2025] [php:error] [pid 2902188] [client 172.192.18.188:9970] script '/var/www/html/file88.php' not found or unable to stat
[Fri Dec 05 13:20:31.341648 2025] [php:error] [pid 2902188] [client 172.192.18.188:9970] script '/var/www/html/111.php' not found or unable to stat
[Fri Dec 05 13:20:31.692691 2025] [php:error] [pid 2902188] [client 172.192.18.188:9970] script '/var/www/html/size.php' not found or unable to stat
[Fri Dec 05 13:20:32.053886 2025] [php:error] [pid 2902188] [client 172.192.18.188:9970] script '/var/www/html/bolt.php' not found or unable to stat
[Fri Dec 05 13:20:32.407412 2025] [php:error] [pid 2902188] [client 172.192.18.188:9970] script '/var/www/html/file8.php' not found or unable to stat
[Fri Dec 05 13:20:32.768352 2025] [php:error] [pid 2902188] [client 172.192.18.188:9970] script '/var/www/html/file2.php' not found or unable to stat
[Fri Dec 05 13:20:33.116604 2025] [php:error] [pid 2902188] [client 172.192.18.188:9970] script '/var/www/html/vee.php' not found or unable to stat
[Fri Dec 05 13:20:33.492470 2025] [php:error] [pid 2902188] [client 172.192.18.188:9970] script '/var/www/html/a2.php' not found or unable to stat
[Fri Dec 05 13:20:33.843659 2025] [php:error] [pid 2902188] [client 172.192.18.188:9970] script '/var/www/html/mlex.php' not found or unable to stat
[Fri Dec 05 13:20:34.197429 2025] [php:error] [pid 2902188] [client 172.192.18.188:9970] script '/var/www/html/030.php' not found or unable to stat
[Fri Dec 05 13:20:34.549643 2025] [php:error] [pid 2902188] [client 172.192.18.188:9970] script '/var/www/html/haa.php' not found or unable to stat
[Fri Dec 05 13:20:34.907878 2025] [php:error] [pid 2902188] [client 172.192.18.188:9970] script '/var/www/html/xsox.php' not found or unable to stat
[Fri Dec 05 13:20:35.277781 2025] [php:error] [pid 2902188] [client 172.192.18.188:9970] script '/var/www/html/classgoto24.php' not found or unable to stat
[Fri Dec 05 13:20:35.641831 2025] [php:error] [pid 2902188] [client 172.192.18.188:9970] script '/var/www/html/inde.php' not found or unable to stat
[Fri Dec 05 13:20:35.987332 2025] [php:error] [pid 2902188] [client 172.192.18.188:9970] script '/var/www/html/akk.php' not found or unable to stat
[Fri Dec 05 13:20:36.347347 2025] [php:error] [pid 2902188] [client 172.192.18.188:9970] script '/var/www/html/alpa.php' not found or unable to stat
[Fri Dec 05 13:20:36.707729 2025] [php:error] [pid 2902188] [client 172.192.18.188:9970] script '/var/www/html/finny.php' not found or unable to stat
[Fri Dec 05 13:20:37.058123 2025] [php:error] [pid 2902188] [client 172.192.18.188:9970] script '/var/www/html/file15.php' not found or unable to stat
[Fri Dec 05 13:20:37.406332 2025] [php:error] [pid 2902188] [client 172.192.18.188:9970] script '/var/www/html/0x0x.php' not found or unable to stat
[Fri Dec 05 13:20:37.758502 2025] [php:error] [pid 2902188] [client 172.192.18.188:9970] script '/var/www/html/2clas.php' not found or unable to stat
[Fri Dec 05 13:20:38.107150 2025] [php:error] [pid 2902188] [client 172.192.18.188:9970] script '/var/www/html/file9.php' not found or unable to stat
[Fri Dec 05 13:20:38.458631 2025] [php:error] [pid 2902188] [client 172.192.18.188:9970] script '/var/www/html/aaa.php' not found or unable to stat
[Fri Dec 05 13:20:38.827543 2025] [php:error] [pid 2902188] [client 172.192.18.188:9970] script '/var/www/html/ilex.php' not found or unable to stat
[Fri Dec 05 13:20:39.207955 2025] [php:error] [pid 2902188] [client 172.192.18.188:9970] script '/var/www/html/tor.php' not found or unable to stat
[Fri Dec 05 13:20:39.560934 2025] [php:error] [pid 2902188] [client 172.192.18.188:9970] script '/var/www/html/klex.php' not found or unable to stat
[Fri Dec 05 13:20:39.913166 2025] [php:error] [pid 2902188] [client 172.192.18.188:9970] script '/var/www/html/bge.php' not found or unable to stat
[Fri Dec 05 13:20:40.265777 2025] [php:error] [pid 2902188] [client 172.192.18.188:9970] script '/var/www/html/ifm.php' not found or unable to stat
[Fri Dec 05 13:20:40.611147 2025] [php:error] [pid 2902188] [client 172.192.18.188:9970] script '/var/www/html/thxt.php' not found or unable to stat
[Fri Dec 05 13:20:40.958584 2025] [php:error] [pid 2902188] [client 172.192.18.188:9970] script '/var/www/html/kairolin.php' not found or unable to stat
[Fri Dec 05 13:20:41.307885 2025] [php:error] [pid 2902188] [client 172.192.18.188:9970] script '/var/www/html/siln.php' not found or unable to stat
[Fri Dec 05 13:20:42.376047 2025] [php:error] [pid 2902188] [client 172.192.18.188:9970] script '/var/www/html/mah.php' not found or unable to stat
[Fri Dec 05 13:20:43.787506 2025] [php:error] [pid 2902188] [client 172.192.18.188:9970] script '/var/www/html/inputs.php' not found or unable to stat
[Fri Dec 05 13:20:44.141713 2025] [php:error] [pid 2902188] [client 172.192.18.188:9970] script '/var/www/html/default.php' not found or unable to stat
[Fri Dec 05 13:20:44.487923 2025] [php:error] [pid 2902188] [client 172.192.18.188:9970] script '/var/www/html/fm.php' not found or unable to stat
[Fri Dec 05 13:20:44.836543 2025] [php:error] [pid 2902188] [client 172.192.18.188:9970] script '/var/www/html/fm.php' not found or unable to stat
[Fri Dec 05 13:20:45.185474 2025] [php:error] [pid 2902188] [client 172.192.18.188:9970] script '/var/www/html/about.php' not found or unable to stat
[Fri Dec 05 13:20:45.530855 2025] [php:error] [pid 2902188] [client 172.192.18.188:9970] script '/var/www/html/file.php' not found or unable to stat
[Fri Dec 05 13:20:46.611648 2025] [php:error] [pid 2902188] [client 172.192.18.188:9970] script '/var/www/html/.fk.php' not found or unable to stat
[Fri Dec 05 13:46:54.393615 2025] [cgi:error] [pid 2872277] [client 193.142.147.209:51942] AH02811: script not found or unable to stat: /usr/lib/cgi-bin/luci, referer: http://107.13.46.68:80/cgi-bin/luci/;stok=/locale
[Fri Dec 05 14:28:28.177048 2025] [core:error] [pid 2858827] [client 60.168.109.66:33386] AH10244: invalid URI path (/cgi-bin/.%2e/.%2e/.%2e/.%2e/.%2e/.%2e/.%2e/.%2e/.%2e/.%2e/bin/sh)
[Fri Dec 05 15:29:47.705594 2025] [cgi:error] [pid 2848452] [client 193.142.147.209:26442] AH02811: script not found or unable to stat: /usr/lib/cgi-bin/luci, referer: http://107.13.46.68:80/cgi-bin/luci/;stok=/locale
[Fri Dec 05 17:01:52.788422 2025] [cgi:error] [pid 2848469] [client 193.142.147.209:23626] AH02811: script not found or unable to stat: /usr/lib/cgi-bin/luci, referer: http://107.13.46.68:80/cgi-bin/luci/;stok=/locale
[Fri Dec 05 19:07:09.911599 2025] [cgi:error] [pid 2858831] [client 193.142.147.209:29986] AH02811: script not found or unable to stat: /usr/lib/cgi-bin/luci, referer: http://107.13.46.68:80/cgi-bin/luci/;stok=/locale
[Fri Dec 05 19:24:05.432847 2025] [authz_core:error] [pid 2854994] [client 147.182.200.94:47674] AH01630: client denied by server configuration: /var/www/html/server-status
[Fri Dec 05 19:24:15.451321 2025] [php:error] [pid 2858831] [client 147.182.200.94:36436] script '/var/www/html/info.php' not found or unable to stat
[Fri Dec 05 20:27:07.155559 2025] [core:error] [pid 2854994] [client 156.245.248.226:52134] AH10244: invalid URI path (/cgi-bin/.%2e/.%2e/.%2e/.%2e/.%2e/.%2e/.%2e/.%2e/.%2e/.%2e/bin/sh)
[Fri Dec 05 20:47:12.667176 2025] [cgi:error] [pid 2902188] [client 193.142.147.209:43940] AH02811: script not found or unable to stat: /usr/lib/cgi-bin/luci, referer: http://107.13.46.68:80/cgi-bin/luci/;stok=/locale
[Fri Dec 05 22:34:42.513802 2025] [cgi:error] [pid 2848452] [client 193.142.147.209:15286] AH02811: script not found or unable to stat: /usr/lib/cgi-bin/luci, referer: http://107.13.46.68:80/cgi-bin/luci/;stok=/locale
[Fri Dec 05 23:23:15.698960 2025] [cgi:error] [pid 2902188] [client 193.142.147.209:7852] AH02811: script not found or unable to stat: /usr/lib/cgi-bin/luci, referer: http://107.13.46.68:80/cgi-bin/luci/;stok=/locale
[Sat Dec 06 01:07:57.641054 2025] [cgi:error] [pid 2854997] [client 193.142.147.209:15544] AH02811: script not found or unable to stat: /usr/lib/cgi-bin/luci, referer: http://107.13.46.68:80/cgi-bin/luci/;stok=/locale
[Sat Dec 06 02:03:53.238538 2025] [php:error] [pid 2848337] [client 101.36.104.242:39278] script '/var/www/html/index.php' not found or unable to stat
[Sat Dec 06 02:03:54.287914 2025] [php:error] [pid 2848337] [client 101.36.104.242:39278] script '/var/www/html/index.php' not found or unable to stat
[Sat Dec 06 02:03:54.874698 2025] [php:error] [pid 2848337] [client 101.36.104.242:39278] script '/var/www/html/index.php' not found or unable to stat
[Sat Dec 06 03:07:14.888876 2025] [cgi:error] [pid 2848337] [client 193.142.147.209:6690] AH02811: script not found or unable to stat: /usr/lib/cgi-bin/luci, referer: http://107.13.46.68:80/cgi-bin/luci/;stok=/locale
[Sat Dec 06 04:38:37.125501 2025] [cgi:error] [pid 2858829] [client 193.142.147.209:6438] AH02811: script not found or unable to stat: /usr/lib/cgi-bin/luci, referer: http://107.13.46.68:80/cgi-bin/luci/;stok=/locale
[Sat Dec 06 05:32:03.385823 2025] [core:error] [pid 2944225] [client 43.247.132.232:52000] AH10244: invalid URI path (/cgi-bin/.%2e/.%2e/.%2e/.%2e/.%2e/.%2e/.%2e/.%2e/.%2e/.%2e/bin/sh)
[Sat Dec 06 06:39:57.722633 2025] [cgi:error] [pid 2848337] [client 193.142.147.209:56218] AH02811: script not found or unable to stat: /usr/lib/cgi-bin/luci, referer: http://107.13.46.68:80/cgi-bin/luci/;stok=/locale
[Sat Dec 06 08:22:43.612117 2025] [cgi:error] [pid 2944225] [client 193.142.147.209:7178] AH02811: script not found or unable to stat: /usr/lib/cgi-bin/luci, referer: http://107.13.46.68:80/cgi-bin/luci/;stok=/locale
[Sat Dec 06 08:38:11.252668 2025] [php:error] [pid 2944237] [client 139.59.127.28:57480] script '/var/www/html/alive.php' not found or unable to stat
[Sat Dec 06 10:13:16.226537 2025] [cgi:error] [pid 2944232] [client 193.142.147.209:47632] AH02811: script not found or unable to stat: /usr/lib/cgi-bin/luci, referer: http://107.13.46.68:80/cgi-bin/luci/;stok=/locale
[Sat Dec 06 11:47:26.775151 2025] [cgi:error] [pid 2848337] [client 193.142.147.209:7854] AH02811: script not found or unable to stat: /usr/lib/cgi-bin/luci, referer: http://107.13.46.68:80/cgi-bin/luci/;stok=/locale
[Sat Dec 06 12:11:23.057446 2025] [cgi:error] [pid 2848337] [client 209.38.201.147:35744] AH02811: script not found or unable to stat: /usr/lib/cgi-bin/authLogin.cgi, referer: http://107.13.46.68:80/cgi-bin/authLogin.cgi
[Sat Dec 06 13:27:23.169437 2025] [cgi:error] [pid 2848337] [client 193.142.147.209:22856] AH02811: script not found or unable to stat: /usr/lib/cgi-bin/luci, referer: http://107.13.46.68:80/cgi-bin/luci/;stok=/locale
[Sat Dec 06 15:13:48.920542 2025] [cgi:error] [pid 2961354] [client 193.142.147.209:57540] AH02811: script not found or unable to stat: /usr/lib/cgi-bin/luci, referer: http://107.13.46.68:80/cgi-bin/luci/;stok=/locale
[Sat Dec 06 16:21:44.232017 2025] [php:error] [pid 2941685] [client 78.153.140.179:58750] script '/var/www/html/app_dev.php' not found or unable to stat
[Sat Dec 06 17:10:46.961074 2025] [cgi:error] [pid 2938521] [client 193.142.147.209:43672] AH02811: script not found or unable to stat: /usr/lib/cgi-bin/luci, referer: http://107.13.46.68:80/cgi-bin/luci/;stok=/locale
[Sat Dec 06 18:36:17.533558 2025] [php:error] [pid 2941685] [client 194.180.49.172:37830] script '/var/www/html/phpinfo.php' not found or unable to stat
[Sat Dec 06 18:36:18.449143 2025] [php:error] [pid 2938521] [client 194.180.49.172:37838] script '/var/www/html/info.php' not found or unable to stat
[Sat Dec 06 18:36:18.884461 2025] [php:error] [pid 2944232] [client 194.180.49.172:31492] script '/var/www/html/index.php' not found or unable to stat
[Sat Dec 06 18:36:19.871068 2025] [php:error] [pid 2848337] [client 194.180.49.172:31504] script '/var/www/html/app_dev.php' not found or unable to stat
[Sat Dec 06 18:36:20.286236 2025] [php:error] [pid 2961353] [client 194.180.49.172:31506] script '/var/www/html/test.php' not found or unable to stat
[Sat Dec 06 19:57:15.926286 2025] [cgi:error] [pid 2848337] [client 193.142.147.209:7886] AH02811: script not found or unable to stat: /usr/lib/cgi-bin/luci, referer: http://107.13.46.68:80/cgi-bin/luci/;stok=/locale
[Sat Dec 06 21:46:44.056489 2025] [core:error] [pid 2944238] [client 149.102.148.136:44074] AH10244: invalid URI path (/cgi-bin/.%2e/.%2e/.%2e/.%2e/.%2e/.%2e/.%2e/.%2e/.%2e/.%2e/bin/sh)
[Sat Dec 06 22:25:15.657359 2025] [cgi:error] [pid 2938521] [client 193.142.147.209:31910] AH02811: script not found or unable to stat: /usr/lib/cgi-bin/luci, referer: http://107.13.46.68:80/cgi-bin/luci/;stok=/locale
[Sun Dec 07 01:00:20.464314 2025] [cgi:error] [pid 2961353] [client 193.142.147.209:39048] AH02811: script not found or unable to stat: /usr/lib/cgi-bin/luci, referer: http://107.13.46.68:80/cgi-bin/luci/;stok=/locale
[Sun Dec 07 02:15:20.354992 2025] [core:error] [pid 2944225] [client 167.179.81.184:33904] AH10244: invalid URI path (/cgi-bin/.%2e/.%2e/.%2e/.%2e/.%2e/.%2e/.%2e/.%2e/.%2e/.%2e/bin/sh)
[Sun Dec 07 03:04:48.878827 2025] [cgi:error] [pid 2961352] [client 193.142.147.209:43460] AH02811: script not found or unable to stat: /usr/lib/cgi-bin/luci, referer: http://107.13.46.68:80/cgi-bin/luci/;stok=/locale
[Sun Dec 07 05:30:32.135311 2025] [cgi:error] [pid 2998033] [client 193.142.147.209:2120] AH02811: script not found or unable to stat: /usr/lib/cgi-bin/luci, referer: http://107.13.46.68:80/cgi-bin/luci/;stok=/locale
[Sun Dec 07 07:36:49.764259 2025] [cgi:error] [pid 2991659] [client 193.142.147.209:39336] AH02811: script not found or unable to stat: /usr/lib/cgi-bin/luci, referer: http://107.13.46.68:80/cgi-bin/luci/;stok=/locale
[Sun Dec 07 09:53:08.036690 2025] [cgi:error] [pid 2961353] [client 91.224.92.109:60550] AH02811: script not found or unable to stat: /usr/lib/cgi-bin/luci, referer: http://107.13.46.68:80/cgi-bin/luci/;stok=/locale
[Sun Dec 07 09:57:44.660341 2025] [cgi:error] [pid 2961352] [client 87.120.191.100:50084] AH02811: script not found or unable to stat: /usr/lib/cgi-bin/luci, referer: http://107.13.46.68:80/cgi-bin/luci/;stok=/locale
[Sun Dec 07 10:04:39.818112 2025] [cgi:error] [pid 2961354] [client 193.142.147.209:38602] AH02811: script not found or unable to stat: /usr/lib/cgi-bin/luci, referer: http://107.13.46.68:80/cgi-bin/luci/;stok=/locale
[Sun Dec 07 10:11:04.699399 2025] [cgi:error] [pid 3010431] [client 87.120.191.100:48732] AH02811: script not found or unable to stat: /usr/lib/cgi-bin/luci
[Sun Dec 07 10:16:08.512679 2025] [cgi:error] [pid 2998029] [client 204.76.203.8:43234] AH02811: script not found or unable to stat: /usr/lib/cgi-bin/luci, referer: http://107.13.46.68:80/cgi-bin/luci/;stok=/locale
[Sun Dec 07 10:18:24.726773 2025] [cgi:error] [pid 2961354] [client 204.76.203.8:35160] AH02811: script not found or unable to stat: /usr/lib/cgi-bin/luci
[Sun Dec 07 10:27:36.453137 2025] [php:error] [pid 2998032] [client 78.153.140.177:50486] script '/var/www/html/app_dev.php' not found or unable to stat
[Sun Dec 07 10:40:48.905562 2025] [cgi:error] [pid 2998033] [client 87.120.191.100:50152] AH02811: script not found or unable to stat: /usr/lib/cgi-bin/luci, referer: http://107.13.46.68:80/cgi-bin/luci/;stok=/locale
[Sun Dec 07 11:20:43.093796 2025] [cgi:error] [pid 2991670] [client 87.120.191.100:46378] AH02811: script not found or unable to stat: /usr/lib/cgi-bin/luci, referer: http://107.13.46.68:80/cgi-bin/luci/;stok=/locale
[Sun Dec 07 11:30:52.548852 2025] [php:error] [pid 3010431] [client 216.108.237.50:58752] script '/var/www/html/index.php' not found or unable to stat
[Sun Dec 07 11:30:54.257869 2025] [php:error] [pid 3010431] [client 216.108.237.50:58752] script '/var/www/html/index.php' not found or unable to stat
[Sun Dec 07 11:30:55.131115 2025] [php:error] [pid 3010431] [client 216.108.237.50:58752] script '/var/www/html/index.php' not found or unable to stat
[Sun Dec 07 11:32:22.043877 2025] [cgi:error] [pid 2961354] [client 87.120.191.100:42128] AH02811: script not found or unable to stat: /usr/lib/cgi-bin/luci
[Sun Dec 07 11:55:25.593779 2025] [cgi:error] [pid 2991670] [client 193.142.147.209:38732] AH02811: script not found or unable to stat: /usr/lib/cgi-bin/luci, referer: http://107.13.46.68:80/cgi-bin/luci/;stok=/locale
[Sun Dec 07 12:16:20.524546 2025] [cgi:error] [pid 2961354] [client 87.120.191.100:32850] AH02811: script not found or unable to stat: /usr/lib/cgi-bin/luci, referer: http://107.13.46.68:80/cgi-bin/luci/;stok=/locale
[Sun Dec 07 12:32:15.976282 2025] [cgi:error] [pid 2944232] [client 87.120.191.100:39420] AH02811: script not found or unable to stat: /usr/lib/cgi-bin/luci
[Sun Dec 07 13:18:54.174729 2025] [cgi:error] [pid 2998033] [client 87.120.191.100:50748] AH02811: script not found or unable to stat: /usr/lib/cgi-bin/luci
[Sun Dec 07 14:22:35.659037 2025] [cgi:error] [pid 2961352] [client 193.142.147.209:18398] AH02811: script not found or unable to stat: /usr/lib/cgi-bin/luci, referer: http://107.13.46.68:80/cgi-bin/luci/;stok=/locale
[Sun Dec 07 15:11:27.682941 2025] [cgi:error] [pid 3010431] [client 149.50.96.133:44884] AH02811: script not found or unable to stat: /usr/lib/cgi-bin/luci
[Sun Dec 07 16:28:35.359892 2025] [cgi:error] [pid 2961353] [client 193.142.147.209:3514] AH02811: script not found or unable to stat: /usr/lib/cgi-bin/luci, referer: http://107.13.46.68:80/cgi-bin/luci/;stok=/locale
[Sun Dec 07 16:55:47.763802 2025] [cgi:error] [pid 3025321] [client 91.224.92.109:47580] AH02811: script not found or unable to stat: /usr/lib/cgi-bin/luci, referer: http://107.13.46.68:80/cgi-bin/luci/;stok=/locale
[Sun Dec 07 19:14:21.410603 2025] [cgi:error] [pid 2961353] [client 193.142.147.209:39532] AH02811: script not found or unable to stat: /usr/lib/cgi-bin/luci, referer: http://107.13.46.68:80/cgi-bin/luci/;stok=/locale
[Sun Dec 07 20:24:56.383257 2025] [php:error] [pid 2998032] [client 52.178.189.80:6253] script '/var/www/html/file.php' not found or unable to stat
[Sun Dec 07 20:24:56.575790 2025] [php:error] [pid 2998032] [client 52.178.189.80:6253] script '/var/www/html/blurbs18.php' not found or unable to stat
[Sun Dec 07 20:24:56.773437 2025] [php:error] [pid 2998032] [client 52.178.189.80:6253] script '/var/www/html/file48.php' not found or unable to stat
[Sun Dec 07 20:24:56.973589 2025] [php:error] [pid 2998032] [client 52.178.189.80:6253] script '/var/www/html/ghh.php' not found or unable to stat
[Sun Dec 07 20:24:57.164293 2025] [php:error] [pid 2998032] [client 52.178.189.80:6253] script '/var/www/html/bb5.php' not found or unable to stat
[Sun Dec 07 20:24:57.370679 2025] [php:error] [pid 2998032] [client 52.178.189.80:6253] script '/var/www/html/ce.php' not found or unable to stat
[Sun Dec 07 20:24:57.565407 2025] [php:error] [pid 2998032] [client 52.178.189.80:6253] script '/var/www/html/sdm.php' not found or unable to stat
[Sun Dec 07 20:24:57.764989 2025] [php:error] [pid 2998032] [client 52.178.189.80:6253] script '/var/www/html/por.php' not found or unable to stat
[Sun Dec 07 20:24:57.955977 2025] [php:error] [pid 2998032] [client 52.178.189.80:6253] script '/var/www/html/nux.php' not found or unable to stat
[Sun Dec 07 20:24:58.142967 2025] [php:error] [pid 2998032] [client 52.178.189.80:6253] script '/var/www/html/IRI.php' not found or unable to stat
[Sun Dec 07 20:24:58.338885 2025] [php:error] [pid 2998032] [client 52.178.189.80:6253] script '/var/www/html/file7.php' not found or unable to stat
[Sun Dec 07 20:24:58.533852 2025] [php:error] [pid 2998032] [client 52.178.189.80:6253] script '/var/www/html/85ohni.php' not found or unable to stat
[Sun Dec 07 20:24:58.726827 2025] [php:error] [pid 2998032] [client 52.178.189.80:6253] script '/var/www/html/an.php' not found or unable to stat
[Sun Dec 07 20:24:58.913535 2025] [php:error] [pid 2998032] [client 52.178.189.80:6253] script '/var/www/html/gel4y.php' not found or unable to stat
[Sun Dec 07 20:24:59.104526 2025] [php:error] [pid 2998032] [client 52.178.189.80:6253] script '/var/www/html/tyasd.php' not found or unable to stat
[Sun Dec 07 20:24:59.305753 2025] [php:error] [pid 2998032] [client 52.178.189.80:6253] script '/var/www/html/wp-set.php' not found or unable to stat
[Sun Dec 07 20:24:59.511407 2025] [php:error] [pid 2998032] [client 52.178.189.80:6253] script '/var/www/html/AMW.php' not found or unable to stat
[Sun Dec 07 20:24:59.708031 2025] [php:error] [pid 2998032] [client 52.178.189.80:6253] script '/var/www/html/file15.php' not found or unable to stat
[Sun Dec 07 20:24:59.893993 2025] [php:error] [pid 2998032] [client 52.178.189.80:6253] script '/var/www/html/waba.php' not found or unable to stat
[Sun Dec 07 20:25:00.083817 2025] [php:error] [pid 2998032] [client 52.178.189.80:6253] script '/var/www/html/styll.php' not found or unable to stat
[Sun Dec 07 20:25:00.288211 2025] [php:error] [pid 2998032] [client 52.178.189.80:6253] script '/var/www/html/gtc.php' not found or unable to stat
[Sun Dec 07 20:25:00.485018 2025] [php:error] [pid 2998032] [client 52.178.189.80:6253] script '/var/www/html/cheko.php' not found or unable to stat
[Sun Dec 07 20:25:00.679378 2025] [php:error] [pid 2998032] [client 52.178.189.80:6253] script '/var/www/html/xindex.php' not found or unable to stat
[Sun Dec 07 20:25:00.891483 2025] [php:error] [pid 2998032] [client 52.178.189.80:6253] script '/var/www/html/priv8.php' not found or unable to stat
[Sun Dec 07 20:25:01.095153 2025] [php:error] [pid 2998032] [client 52.178.189.80:6253] script '/var/www/html/we.php' not found or unable to stat
[Sun Dec 07 20:25:01.285644 2025] [php:error] [pid 2998032] [client 52.178.189.80:6253] script '/var/www/html/mds.php' not found or unable to stat
[Sun Dec 07 20:25:01.479769 2025] [php:error] [pid 2998032] [client 52.178.189.80:6253] script '/var/www/html/t1.php' not found or unable to stat
[Sun Dec 07 20:25:01.683489 2025] [php:error] [pid 2998032] [client 52.178.189.80:6253] script '/var/www/html/sfcl.php' not found or unable to stat
[Sun Dec 07 20:25:01.873167 2025] [php:error] [pid 2998032] [client 52.178.189.80:6253] script '/var/www/html/oysdxc.php' not found or unable to stat
[Sun Dec 07 20:25:02.271041 2025] [php:error] [pid 2998032] [client 52.178.189.80:6253] script '/var/www/html/flap.php' not found or unable to stat
[Sun Dec 07 20:25:02.460964 2025] [php:error] [pid 2998032] [client 52.178.189.80:6253] script '/var/www/html/ycc.php' not found or unable to stat
[Sun Dec 07 20:25:02.858733 2025] [php:error] [pid 2998032] [client 52.178.189.80:6253] script '/var/www/html/11.php' not found or unable to stat
[Sun Dec 07 21:03:33.444168 2025] [cgi:error] [pid 2998032] [client 193.142.147.209:18514] AH02811: script not found or unable to stat: /usr/lib/cgi-bin/luci, referer: http://107.13.46.68:80/cgi-bin/luci/;stok=/locale
[Sun Dec 07 23:39:46.408393 2025] [cgi:error] [pid 3039616] [client 193.142.147.209:3230] AH02811: script not found or unable to stat: /usr/lib/cgi-bin/luci, referer: http://107.13.46.68:80/cgi-bin/luci/;stok=/locale
[Mon Dec 08 01:49:56.585098 2025] [cgi:error] [pid 3045748] [client 193.142.147.209:16588] AH02811: script not found or unable to stat: /usr/lib/cgi-bin/luci, referer: http://107.13.46.68:80/cgi-bin/luci/;stok=/locale
[Mon Dec 08 01:58:14.879737 2025] [core:error] [pid 3045733] [client 47.250.208.152:37004] AH10244: invalid URI path (/cgi-bin/.%2e/.%2e/.%2e/.%2e/.%2e/.%2e/.%2e/.%2e/.%2e/.%2e/bin/sh)
[Mon Dec 08 04:20:27.526036 2025] [cgi:error] [pid 3045750] [client 193.142.147.209:40702] AH02811: script not found or unable to stat: /usr/lib/cgi-bin/luci, referer: http://107.13.46.68:80/cgi-bin/luci/;stok=/locale
[Mon Dec 08 06:45:32.415205 2025] [cgi:error] [pid 3039616] [client 193.142.147.209:42894] AH02811: script not found or unable to stat: /usr/lib/cgi-bin/luci, referer: http://107.13.46.68:80/cgi-bin/luci/;stok=/locale
[Mon Dec 08 08:56:26.358904 2025] [cgi:error] [pid 3010431] [client 193.142.147.209:37360] AH02811: script not found or unable to stat: /usr/lib/cgi-bin/luci, referer: http://107.13.46.68:80/cgi-bin/luci/;stok=/locale
[Mon Dec 08 11:15:22.827678 2025] [cgi:error] [pid 3039869] [client 193.142.147.209:26136] AH02811: script not found or unable to stat: /usr/lib/cgi-bin/luci, referer: http://107.13.46.68:80/cgi-bin/luci/;stok=/locale
[Mon Dec 08 13:15:23.932622 2025] [cgi:error] [pid 3039869] [client 193.142.147.209:22366] AH02811: script not found or unable to stat: /usr/lib/cgi-bin/luci, referer: http://107.13.46.68:80/cgi-bin/luci/;stok=/locale
[Mon Dec 08 14:13:11.294893 2025] [php:error] [pid 3072000] [client 78.153.140.178:41066] script '/var/www/html/app_dev.php' not found or unable to stat
[Mon Dec 08 15:48:47.088011 2025] [cgi:error] [pid 3025322] [client 193.142.147.209:55794] AH02811: script not found or unable to stat: /usr/lib/cgi-bin/luci, referer: http://107.13.46.68:80/cgi-bin/luci/;stok=/locale
[Mon Dec 08 16:17:35.954850 2025] [ssl:error] [pid 3072082] [client 44.220.185.40:36168] AH02042: rejecting client initiated renegotiation
[Mon Dec 08 16:56:09.736073 2025] [ssl:error] [pid 3072007] [client 98.80.4.101:47696] AH02042: rejecting client initiated renegotiation
[Mon Dec 08 18:06:51.631512 2025] [cgi:error] [pid 3087912] [client 193.142.147.209:44188] AH02811: script not found or unable to stat: /usr/lib/cgi-bin/luci, referer: http://107.13.46.68:80/cgi-bin/luci/;stok=/locale
[Mon Dec 08 18:47:29.949869 2025] [core:error] [pid 3089951] [client 80.190.82.185:43556] AH10244: invalid URI path (/cgi-bin/.%2e/.%2e/.%2e/.%2e/.%2e/.%2e/.%2e/.%2e/.%2e/.%2e/bin/sh)
[Mon Dec 08 20:14:55.822798 2025] [cgi:error] [pid 3045748] [client 193.142.147.209:12450] AH02811: script not found or unable to stat: /usr/lib/cgi-bin/luci, referer: http://107.13.46.68:80/cgi-bin/luci/;stok=/locale
[Mon Dec 08 22:42:23.582568 2025] [cgi:error] [pid 3095066] [client 193.142.147.209:10950] AH02811: script not found or unable to stat: /usr/lib/cgi-bin/luci, referer: http://107.13.46.68:80/cgi-bin/luci/;stok=/locale
[Mon Dec 08 23:51:49.214705 2025] [php:error] [pid 3096574] [client 188.239.19.106:40688] script '/var/www/html/index.php' not found or unable to stat
[Mon Dec 08 23:51:49.760632 2025] [php:error] [pid 3096574] [client 188.239.19.106:40688] script '/var/www/html/index.php' not found or unable to stat
[Mon Dec 08 23:51:50.049675 2025] [php:error] [pid 3096574] [client 188.239.19.106:40688] script '/var/www/html/index.php' not found or unable to stat
[Tue Dec 09 00:57:47.940046 2025] [cgi:error] [pid 3096574] [client 193.142.147.209:29084] AH02811: script not found or unable to stat: /usr/lib/cgi-bin/luci, referer: http://107.13.46.68:80/cgi-bin/luci/;stok=/locale
[Tue Dec 09 01:48:45.383629 2025] [php:error] [pid 3095066] [client 212.56.45.4:47900] script '/var/www/html/index.php' not found or unable to stat
[Tue Dec 09 01:48:45.532855 2025] [php:error] [pid 3095066] [client 212.56.45.4:47900] script '/var/www/html/index.php' not found or unable to stat
[Tue Dec 09 01:48:45.624676 2025] [php:error] [pid 3095066] [client 212.56.45.4:47900] script '/var/www/html/index.php' not found or unable to stat
[Tue Dec 09 03:05:16.536466 2025] [cgi:error] [pid 3103791] [client 193.142.147.209:39110] AH02811: script not found or unable to stat: /usr/lib/cgi-bin/luci, referer: http://107.13.46.68:80/cgi-bin/luci/;stok=/locale
[Tue Dec 09 05:40:38.110124 2025] [cgi:error] [pid 3089934] [client 193.142.147.209:33120] AH02811: script not found or unable to stat: /usr/lib/cgi-bin/luci, referer: http://107.13.46.68:80/cgi-bin/luci/;stok=/locale
[Tue Dec 09 06:45:28.407196 2025] [php:error] [pid 3103815] [client 40.74.141.90:56484] script '/var/www/html/footer.php' not found or unable to stat
[Tue Dec 09 06:45:28.793981 2025] [php:error] [pid 3103815] [client 40.74.141.90:56484] script '/var/www/html/wp-2019.php' not found or unable to stat
[Tue Dec 09 06:45:29.197603 2025] [php:error] [pid 3103815] [client 40.74.141.90:56484] script '/var/www/html/abe.php' not found or unable to stat
[Tue Dec 09 06:45:29.585793 2025] [php:error] [pid 3103815] [client 40.74.141.90:56484] script '/var/www/html/chosen.php' not found or unable to stat
[Tue Dec 09 06:45:29.978657 2025] [php:error] [pid 3103815] [client 40.74.141.90:56484] script '/var/www/html/goods.php' not found or unable to stat
[Tue Dec 09 06:45:30.503421 2025] [php:error] [pid 3103815] [client 40.74.141.90:56484] script '/var/www/html/index1.php' not found or unable to stat
[Tue Dec 09 06:45:30.935156 2025] [php:error] [pid 3103815] [client 40.74.141.90:56484] script '/var/www/html/lock6.php' not found or unable to stat
[Tue Dec 09 06:45:31.932171 2025] [php:error] [pid 3103815] [client 40.74.141.90:56484] script '/var/www/html/news.php' not found or unable to stat
[Tue Dec 09 06:45:32.432495 2025] [php:error] [pid 3103815] [client 40.74.141.90:56484] script '/var/www/html/bs1.php' not found or unable to stat
[Tue Dec 09 06:45:33.209248 2025] [php:error] [pid 3103815] [client 40.74.141.90:56484] script '/var/www/html/themes.php' not found or unable to stat
[Tue Dec 09 06:45:34.187183 2025] [php:error] [pid 3103815] [client 40.74.141.90:56484] script '/var/www/html/404.php' not found or unable to stat
[Tue Dec 09 06:45:35.282175 2025] [php:error] [pid 3103815] [client 40.74.141.90:56484] script '/var/www/html/wp-mail.php' not found or unable to stat
[Tue Dec 09 06:45:35.660315 2025] [php:error] [pid 3103815] [client 40.74.141.90:56484] script '/var/www/html/1.php' not found or unable to stat
[Tue Dec 09 06:45:36.071142 2025] [php:error] [pid 3103815] [client 40.74.141.90:56484] script '/var/www/html/ok.php' not found or unable to stat
[Tue Dec 09 06:45:36.845049 2025] [php:error] [pid 3103815] [client 40.74.141.90:56484] script '/var/www/html/default.php' not found or unable to stat
[Tue Dec 09 06:45:37.247920 2025] [php:error] [pid 3103815] [client 40.74.141.90:56484] script '/var/www/html/m.php' not found or unable to stat
[Tue Dec 09 06:45:38.276120 2025] [php:error] [pid 3103815] [client 40.74.141.90:56484] script '/var/www/html/alfa-rex.php' not found or unable to stat
[Tue Dec 09 06:45:38.678203 2025] [php:error] [pid 3103815] [client 40.74.141.90:56484] script '/var/www/html/dropdown.php' not found or unable to stat
[Tue Dec 09 06:45:39.450173 2025] [php:error] [pid 3103815] [client 40.74.141.90:56484] script '/var/www/html/lv.php' not found or unable to stat
[Tue Dec 09 06:45:39.873654 2025] [php:error] [pid 3103815] [client 40.74.141.90:56484] script '/var/www/html/hoot.php' not found or unable to stat
[Tue Dec 09 06:45:40.303727 2025] [php:error] [pid 3103815] [client 40.74.141.90:56484] script '/var/www/html/fm.php' not found or unable to stat
[Tue Dec 09 06:45:40.714597 2025] [php:error] [pid 3103815] [client 40.74.141.90:56484] script '/var/www/html/post.php' not found or unable to stat
[Tue Dec 09 06:45:41.122315 2025] [php:error] [pid 3103815] [client 40.74.141.90:56484] script '/var/www/html/db.php' not found or unable to stat
[Tue Dec 09 06:45:41.514876 2025] [php:error] [pid 3103815] [client 40.74.141.90:56484] script '/var/www/html/file4.php' not found or unable to stat
[Tue Dec 09 06:45:41.928385 2025] [php:error] [pid 3103815] [client 40.74.141.90:56484] script '/var/www/html/z.php' not found or unable to stat
[Tue Dec 09 06:45:42.310888 2025] [php:error] [pid 3103815] [client 40.74.141.90:56484] script '/var/www/html/mah.php' not found or unable to stat
[Tue Dec 09 06:45:43.141629 2025] [php:error] [pid 3103815] [client 40.74.141.90:56484] script '/var/www/html/geju.php' not found or unable to stat
[Tue Dec 09 06:45:43.516014 2025] [php:error] [pid 3103815] [client 40.74.141.90:56484] script '/var/www/html/ahax.php' not found or unable to stat
[Tue Dec 09 06:45:43.928931 2025] [php:error] [pid 3103815] [client 40.74.141.90:56484] script '/var/www/html/bless.php' not found or unable to stat
[Tue Dec 09 06:45:44.331895 2025] [php:error] [pid 3103815] [client 40.74.141.90:56484] script '/var/www/html/alfa.php' not found or unable to stat
[Tue Dec 09 06:45:44.715306 2025] [php:error] [pid 3103815] [client 40.74.141.90:56484] script '/var/www/html/contact.php' not found or unable to stat
[Tue Dec 09 06:45:45.427802 2025] [php:error] [pid 3103815] [client 40.74.141.90:56484] script '/var/www/html/item.php' not found or unable to stat
[Tue Dec 09 06:45:45.826696 2025] [php:error] [pid 3103815] [client 40.74.141.90:56484] script '/var/www/html/lufix.php' not found or unable to stat
[Tue Dec 09 06:45:46.201815 2025] [php:error] [pid 3103815] [client 40.74.141.90:56484] script '/var/www/html/buy.php' not found or unable to stat
[Tue Dec 09 06:45:46.867853 2025] [php:error] [pid 3103815] [client 40.74.141.90:56484] script '/var/www/html/cloud.php' not found or unable to stat
[Tue Dec 09 06:45:47.259191 2025] [php:error] [pid 3103815] [client 40.74.141.90:56484] script '/var/www/html/shell20211028.php' not found or unable to stat
[Tue Dec 09 06:45:47.642299 2025] [php:error] [pid 3103815] [client 40.74.141.90:56484] script '/var/www/html/lock.php' not found or unable to stat
[Tue Dec 09 06:45:48.026009 2025] [php:error] [pid 3103815] [client 40.74.141.90:56484] script '/var/www/html/manager.php' not found or unable to stat
[Tue Dec 09 06:45:48.407792 2025] [php:error] [pid 3103815] [client 40.74.141.90:56484] script '/var/www/html/ws.php' not found or unable to stat
[Tue Dec 09 06:45:49.502085 2025] [php:error] [pid 3103815] [client 40.74.141.90:56484] script '/var/www/html/gmo.php' not found or unable to stat
[Tue Dec 09 06:45:49.888563 2025] [php:error] [pid 3103815] [client 40.74.141.90:56484] script '/var/www/html/gel4y.php' not found or unable to stat
[Tue Dec 09 06:45:50.501967 2025] [php:error] [pid 3103815] [client 40.74.141.90:56484] script '/var/www/html/admin.php' not found or unable to stat
